000
CXUS56 KSGX 011045
CF6CRQ
PRELIMINARY LOCAL CLIMATOLOGICAL DATA (WS FORM: F-6)
STATION: CARLSBAD PALOMAR AIRPORT CA
MONTH: SEPTEMBER
YEAR: 2021
LATITUDE: 33 7 N
LONGITUDE: 117 17 W
TEMPERATURE IN F: :PCPN: SNOW: WIND :SUNSHINE: SKY :PK WND
================================================================================
1 2 3 4 5 6A 6B 7 8 9 10 11 12 13 14 15 16 17 18
12Z AVG MX 2MIN
DY MAX MIN AVG DEP HDD CDD WTR SNW DPTH SPD SPD DIR MIN PSBL S-S WX SPD DR
================================================================================
1 73 66 70 -1 0 5 0.00 M M 5.3 13 250 M M 10 19 250
2 74 67 71 0 0 6 0.00 M M 3.7 13 260 M M 7 17 240
3 72 64 68 -3 0 3 0.00 M M 3.3 12 260 M M 8 18 15 300
4 77 61 69 -2 0 4 0.00 M M 3.2 12 260 M M 3 128 16 260
5 80 65 73 3 0 8 0.00 M M 5.1 10 220 M M 1 18 14 250
6 74 67 71 1 0 6 0.00 M M 3.9 13 210 M M 5 18 16 220
7 76 67 72 2 0 7 0.00 M M 3.2 10 250 M M 3 18 14 240
8 77 67 72 2 0 7 0.00 M M 3.5 12 230 M M 3 18 16 250
9 81 67 74 4 0 9 0.01 M M 4.0 10 250 M M 1 138 14 270
10 78 67 73 3 0 8 0.00 M M 3.7 12 250 M M 1 18 14 240
11 81 66 74 4 0 9 0.00 M M 3.5 12 270 M M 0 17 260
12 75 65 70 0 0 5 0.00 M M 3.2 12 260 M M 0 15 280
13 73 62 68 -2 0 3 0.00 M M 3.5 12 240 M M 4 18 16 250
14 72 62 67 -3 0 2 0.00 M M 4.6 12 230 M M 6 18 15 250
15 72 63 68 -2 0 3 0.00 M M 3.6 12 250 M M 6 8 20 270
16 71 64 68 -2 0 3 0.00 M M 4.1 14 240 M M 8 18 240
17 70 64 67 -3 0 2 0.00 M M 3.7 12 250 M M 5 19 240
18 71 62 67 -3 0 2 0.00 M M 3.5 12 260 M M 4 15 260
19 69 61 65 -4 0 0 0.00 M M 4.0 12 260 M M 3 16 240
20 72 59 66 -3 0 1 0.00 M M 3.1 12 260 M M 0 15 260
21 84 62 73 4 0 8 0.00 M M 2.1 10 260 M M 0 14 250
22 84 66 75 6 0 10 0.00 M M 3.9 12 280 M M 0 16 280
23 73 65 69 0 0 4 0.00 M M 3.3 10 250 M M 1 17 240
24 69 64 67 -2 0 2 0.10 M M 3.4 16 240 M M 6 138 19 250
25 70 63 67 -2 0 2 0.00 M M 3.5 12 250 M M 7 1 18 260
26 67 63 65 -4 0 0 0.00 M M 3.3 10 250 M M 10 1 13 250
27 66 62 64 -4 1 0 T M M 3.2 10 250 M M 10 1 13 250
28 70 63 67 -1 0 2 0.00 M M 5.2 13 240 M M 10 17 240
29 71 62 67 -1 0 2 0.00 M M 4.2 12 260 M M 3 17 240
30 74 56 65 -3 0 0 0.00 M M 3.4 10 260 M M 0 15 280
================================================================================
SM 2216 1912 1 123 0.11 M 111.2 M 125
================================================================================
AV 73.9 63.7 3.7 FASTST M M 4 MAX(MPH)
MISC ----> 16 240 20 270
================================================================================
NOTES:
# LAST OF SEVERAL OCCURRENCES
COLUMN 17 PEAK WIND IN M.P.H.
PRELIMINARY LOCAL CLIMATOLOGICAL DATA (WS FORM: F-6) , PAGE 2
STATION: CARLSBAD PALOMAR AIRPORT CA
MONTH: SEPTEMBER
YEAR: 2021
LATITUDE: 33 7 N
LONGITUDE: 117 17 W
[TEMPERATURE DATA] [PRECIPITATION DATA] SYMBOLS USED IN COLUMN 16
AVERAGE MONTHLY: 68.8 TOTAL FOR MONTH: 0.11 1 = FOG OR MIST
DPTR FM NORMAL: -0.8 DPTR FM NORMAL: 0.00 2 = FOG REDUCING VISIBILITY
HIGHEST: 84 ON 22,21 GRTST 24HR 0.10 ON 24-24 TO 1/4 MILE OR LESS
LOWEST: 56 ON 30 3 = THUNDER
SNOW, ICE PELLETS, HAIL 4 = ICE PELLETS
TOTAL MONTH: M 5 = HAIL
GRTST 24HR M ON M 6 = FREEZING RAIN OR DRIZZLE
GRTST DEPTH: M ON M 7 = DUSTSTORM OR SANDSTORM:
VSBY 1/2 MILE OR LESS
8 = SMOKE OR HAZE
[NO. OF DAYS WITH] [WEATHER - DAYS WITH] 9 = BLOWING SNOW
X = TORNADO
MAX 32 OR BELOW: 0 0.01 INCH OR MORE: 2
MAX 90 OR ABOVE: 0 0.10 INCH OR MORE: 1
MIN 32 OR BELOW: 0 0.50 INCH OR MORE: 0
MIN 0 OR BELOW: 0 1.00 INCH OR MORE: 0
[HDD (BASE 65) ]
TOTAL THIS MO. 1 CLEAR (SCALE 0-3) 12
DPTR FM NORMAL -2 PTCLDY (SCALE 4-7) 13
TOTAL FM JUL 1 1 CLOUDY (SCALE 8-10) 5
DPTR FM NORMAL -1
[CDD (BASE 65) ]
TOTAL THIS MO. 123
DPTR FM NORMAL -19 [PRESSURE DATA]
TOTAL FM JAN 1 471 HIGHEST SLP 30.07 ON 18
DPTR FM NORMAL -40 LOWEST SLP 29.77 ON 8
[REMARKS]
#FINAL-09-21#