329
CXUS56 KSGX 011145
CF6CRQ
PRELIMINARY LOCAL CLIMATOLOGICAL DATA (WS FORM: F-6)
STATION: CARLSBAD PALOMAR AIRPORT CA
MONTH: FEBRUARY
YEAR: 2021
LATITUDE: 33 7 N
LONGITUDE: 117 17 W
TEMPERATURE IN F: :PCPN: SNOW: WIND :SUNSHINE: SKY :PK WND
================================================================================
1 2 3 4 5 6A 6B 7 8 9 10 11 12 13 14 15 16 17 18
12Z AVG MX 2MIN
DY MAX MIN AVG DEP HDD CDD WTR SNW DPTH SPD SPD DIR MIN PSBL S-S WX SPD DR
================================================================================
1 71 55 63 7 2 0 T M M 2.1 9 160 M M 4 11 160
2 63 53 58 2 7 0 0.00 M M 2.2 10 260 M M 5 12 13 260
3 58 47 53 -3 12 0 0.00 M M 3.0 10 260 M M 6 128 14 250
4 61 51 56 0 9 0 0.00 M M 4.3 12 210 M M 5 1 14 250
5 63 46 55 -1 10 0 0.00 M M 2.0 10 250 M M 0 1 14 260
6 66 46 56 0 9 0 0.00 M M 2.1 9 250 M M 1 128 11 270
7 63 44 54 -2 11 0 0.00 M M 2.9 10 250 M M 3 128 13 260
8 58 47 53 -3 12 0 0.00 M M 3.9 12 260 M M 7 128 15 230
9 59 52 56 0 9 0 0.00 M M 3.6 12 260 M M 8 15 240
10 60 50 55 -1 10 0 0.00 M M 2.5 13 260 M M 6 22 260
11 64 48 56 0 9 0 0.00 M M 3.2 14 260 M M 3 18 17 290
12 62 50 56 0 9 0 0.08 M M 6.1 20 250 M M 6 1 23 250
13 60 48 54 -2 11 0 T M M 6.1 14 220 M M 4 17 220
14 61 48 55 -1 10 0 0.00 M M 3.8 14 250 M M 1 18 240
15 61 48 55 -1 10 0 0.00 M M 6.0 13 210 M M 3 15 220
16 60 51 56 0 9 0 0.06 M M 5.2 12 260 M M 4 18 15 270
17 63 48 56 0 9 0 0.00 M M 4.1 14 270 M M 3 19 260
18 71 46 59 3 6 0 0.00 M M 3.3 14 260 M M 0 20 260
19 64 46 55 -1 10 0 0.00 M M 3.0 10 240 M M 0 14 240
20 61 45 53 -3 12 0 0.00 M M 4.7 13 250 M M 3 17 250
21 77 46 62 6 3 0 0.00 M M 4.2 12 90 M M 0 16 90
22 76 49 63 7 2 0 0.00 M M 3.1 12 260 M M 0 15 250
23 71 49 60 4 5 0 0.00 M M 3.4 12 250 M M 0 16 280
24 70 47 59 3 6 0 0.00 M M 4.4 14 220 M M 1 18 17 220
25 73 48 61 5 4 0 0.00 M M 4.5 14 20 M M 0 1 23 10
26 68 48 58 2 7 0 0.00 M M 4.1 12 250 M M 0 15 260
27 61 46 54 -2 11 0 0.00 M M 4.3 12 250 M M 2 15 240
28 76 49 63 7 2 0 0.00 M M 4.7 13 260 M M 0 17 260
================================================================================
SM 1821 1351 226 0 0.14 M 106.8 M 75
================================================================================
AV 65.0 48.3 3.8 FASTST M M 3 MAX(MPH)
MISC ----> 20 250 # 23 250
================================================================================
NOTES:
# LAST OF SEVERAL OCCURRENCES
COLUMN 17 PEAK WIND IN M.P.H.
PRELIMINARY LOCAL CLIMATOLOGICAL DATA (WS FORM: F-6) , PAGE 2
STATION: CARLSBAD PALOMAR AIRPORT CA
MONTH: FEBRUARY
YEAR: 2021
LATITUDE: 33 7 N
LONGITUDE: 117 17 W
[TEMPERATURE DATA] [PRECIPITATION DATA] SYMBOLS USED IN COLUMN 16
AVERAGE MONTHLY: 56.6 TOTAL FOR MONTH: 0.14 1 = FOG OR MIST
DPTR FM NORMAL: 0.8 DPTR FM NORMAL: -2.30 2 = FOG REDUCING VISIBILITY
HIGHEST: 77 ON 21 GRTST 24HR 0.08 ON 12-12 TO 1/4 MILE OR LESS
LOWEST: 44 ON 7 3 = THUNDER
SNOW, ICE PELLETS, HAIL 4 = ICE PELLETS
TOTAL MONTH: M 5 = HAIL
GRTST 24HR M ON M 6 = FREEZING RAIN OR DRIZZLE
GRTST DEPTH: M ON M 7 = DUSTSTORM OR SANDSTORM:
VSBY 1/2 MILE OR LESS
8 = SMOKE OR HAZE
[NO. OF DAYS WITH] [WEATHER - DAYS WITH] 9 = BLOWING SNOW
X = TORNADO
MAX 32 OR BELOW: 0 0.01 INCH OR MORE: 2
MAX 90 OR ABOVE: 0 0.10 INCH OR MORE: 0
MIN 32 OR BELOW: 0 0.50 INCH OR MORE: 0
MIN 0 OR BELOW: 0 1.00 INCH OR MORE: 0
[HDD (BASE 65) ]
TOTAL THIS MO. 226 CLEAR (SCALE 0-3) 17
DPTR FM NORMAL -32 PTCLDY (SCALE 4-7) 10
TOTAL FM JUL 1 883 CLOUDY (SCALE 8-10) 1
DPTR FM NORMAL -207
[CDD (BASE 65) ]
TOTAL THIS MO. 0
DPTR FM NORMAL -2 [PRESSURE DATA]
TOTAL FM JAN 1 17 HIGHEST SLP 30.31 ON 18
DPTR FM NORMAL 13 LOWEST SLP 29.83 ON 13
[REMARKS]
#FINAL-02-21#