946
CXUS56 KSGX 011145
CF6CRQ
PRELIMINARY LOCAL CLIMATOLOGICAL DATA (WS FORM: F-6)
STATION: CARLSBAD PALOMAR AIRPORT CA
MONTH: DECEMBER
YEAR: 2020
LATITUDE: 33 7 N
LONGITUDE: 117 17 W
TEMPERATURE IN F: :PCPN: SNOW: WIND :SUNSHINE: SKY :PK WND
================================================================================
1 2 3 4 5 6A 6B 7 8 9 10 11 12 13 14 15 16 17 18
12Z AVG MX 2MIN
DY MAX MIN AVG DEP HDD CDD WTR SNW DPTH SPD SPD DIR MIN PSBL S-S WX SPD DR
================================================================================
1 70 49 60 4 5 0 0.00 0.0 0 2.4 9 230 M M 0 12 260
2 74 47 61 5 4 0 0.00 0.0 0 3.5 15 70 M M 0 22 60
3 73 50 62 6 3 0 0.00 0.0 0 10.8 30 100 M M 0 41 90
4 72 44 58 2 7 0 0.00 0.0 0 3.5 10 260 M M 0 13 250
5 69 47 58 2 7 0 0.00 0.0 0 2.4 8 260 M M 0 10 250
6 68 45 57 1 8 0 0.00 0.0 0 3.0 10 70 M M 0 128 13 70
7 70 48 59 3 6 0 0.00 0.0 0 2.1 10 250 M M 0 13 240
8 84 57 71 16 0 6 0.00 0.0 0 7.5 20 90 M M 0 27 90
9 72 50 61 6 4 0 0.00 0.0 0 4.0 12 240 M M 0 15 230
10 62 48 55 0 10 0 0.00 M M 5.7 15 230 M M 5 22 220
11 61 48 55 0 10 0 0.00 M M 3.5 12 260 M M 1 16 250
12 60 47 54 -1 11 0 0.00 M M 3.5 10 150 M M 5 8 12 130
13 68 46 57 2 8 0 0.00 M M 3.1 12 260 M M 0 15 260
14 62 49 56 1 9 0 0.00 M M 3.5 14 230 M M 3 17 230
15 69 45 57 2 8 0 0.00 M M 4.0 13 260 M M 0 15 260
16 66 45 56 1 9 0 0.00 M M 2.5 10 260 M M 0 13 250
17 61 46 54 -1 11 0 0.00 M M 3.4 12 240 M M 3 16 240
18 67 49 58 3 7 0 0.00 M M 3.6 10 260 M M 0 16 290
19 71 46 59 4 6 0 0.00 M M 2.7 12 250 M M 0 14 240
20 72 48 60 5 5 0 0.00 M M 2.0 9 260 M M 0 13 260
21 76 52 64 9 1 0 0.00 M M 2.8 8 250 M M 0 10 240
22 63 46 55 0 10 0 0.00 M M 3.6 9 220 M M 2 8 12 220
23 65 44 55 0 10 0 0.00 M M 3.0 9 80 M M 2 18 11 80
24 67 53 60 5 5 0 T M M 2.8 13 60 M M 2 22 30
25 68 50 59 4 6 0 0.00 M M 2.4 10 260 M M 0 13 270
26 64 46 55 0 10 0 0.00 M M 2.4 10 260 M M 2 1 15 290
27 61 50 56 1 9 0 0.01 M M 4.0 13 210 M M 7 1 14 210
28 59 50 55 0 10 0 0.74 M M 8.3 18 240 M M 8 18 24 240
29 63 46 55 0 10 0 0.04 M M 3.6 12 260 M M 2 1 14 260
30 64 42 53 -2 12 0 0.00 M M 1.9 12 260 M M 0 14 260
31 63 43 53 -2 12 0 0.00 M M 4.8 14 150 M M 2 17 280
================================================================================
SM 2084 1476 233 6 0.79 0.0 116.3 M 44
================================================================================
AV 67.2 47.6 3.8 FASTST M M 1 MAX(MPH)
MISC ----> 30 100 41 90
================================================================================
NOTES:
# LAST OF SEVERAL OCCURRENCES
COLUMN 17 PEAK WIND IN M.P.H.
PRELIMINARY LOCAL CLIMATOLOGICAL DATA (WS FORM: F-6) , PAGE 2
STATION: CARLSBAD PALOMAR AIRPORT CA
MONTH: DECEMBER
YEAR: 2020
LATITUDE: 33 7 N
LONGITUDE: 117 17 W
[TEMPERATURE DATA] [PRECIPITATION DATA] SYMBOLS USED IN COLUMN 16
AVERAGE MONTHLY: 57.4 TOTAL FOR MONTH: 0.79 1 = FOG OR MIST
DPTR FM NORMAL: 2.2 DPTR FM NORMAL: -0.92 2 = FOG REDUCING VISIBILITY
HIGHEST: 84 ON 8 GRTST 24HR 0.78 ON 28-29 TO 1/4 MILE OR LESS
LOWEST: 42 ON 30 3 = THUNDER
SNOW, ICE PELLETS, HAIL 4 = ICE PELLETS
TOTAL MONTH: 0.0 INCH 5 = HAIL
GRTST 24HR 0.0 6 = FREEZING RAIN OR DRIZZLE
GRTST DEPTH: 0 7 = DUSTSTORM OR SANDSTORM:
VSBY 1/2 MILE OR LESS
8 = SMOKE OR HAZE
[NO. OF DAYS WITH] [WEATHER - DAYS WITH] 9 = BLOWING SNOW
X = TORNADO
MAX 32 OR BELOW: 0 0.01 INCH OR MORE: 3
MAX 90 OR ABOVE: 0 0.10 INCH OR MORE: 1
MIN 32 OR BELOW: 0 0.50 INCH OR MORE: 1
MIN 0 OR BELOW: 0 1.00 INCH OR MORE: 0
[HDD (BASE 65) ]
TOTAL THIS MO. 233 CLEAR (SCALE 0-3) 25
DPTR FM NORMAL -73 PTCLDY (SCALE 4-7) 6
TOTAL FM JUL 1 394 CLOUDY (SCALE 8-10) 0
DPTR FM NORMAL -137
[CDD (BASE 65) ]
TOTAL THIS MO. 6
DPTR FM NORMAL 5 [PRESSURE DATA]
TOTAL FM JAN 1 912 HIGHEST SLP 30.28 ON 19
DPTR FM NORMAL 426 LOWEST SLP 29.86 ON 28
[REMARKS]
#FINAL-12-20#