000
CXUS51 KRLX 022052
CF6CRW
PRELIMINARY LOCAL CLIMATOLOGICAL DATA (WS FORM: F-6)
STATION: CHARLESTON WV
MONTH: FEBRUARY
YEAR: 2021
LATITUDE: 38 22 N
LONGITUDE: 81 36 W
TEMPERATURE IN F: :PCPN: SNOW: WIND :SUNSHINE: SKY :PK WND
================================================================================
1 2 3 4 5 6A 6B 7 8 9 10 11 12 13 14 15 16 17 18
12Z AVG MX 2MIN
DY MAX MIN AVG DEP HDD CDD WTR SNW DPTH SPD SPD DIR MIN PSBL S-S WX SPD DR
================================================================================
1 39 27 33 -2 32 0 0.24 1.2 0 7.4 15 260 M M 10 1 22 250
2 32 24 28 -8 37 0 0.08 1.6 1 9.3 22 320 M M 9 1 30 300
3 36 22 29 -7 36 0 0.00 0.0 2 6.9 16 260 M M 4 23 250
4 46 17 32 -4 33 0 0.01 0.0 1 3.2 16 190 M M 6 4 26 180
5 45 34 40 4 25 0 0.09 0.0 0 9.4 22 250 M M 7 1 30 260
6 45 30 38 2 27 0 0.00 0.0 0 5.1 15 260 M M 5 21 250
7 35 22 29 -7 36 0 0.04 T T 5.0 14 290 M M 7 1 20 310
8 48 17 33 -3 32 0 0.00 0.0 0 2.4 10 190 M M 1 14 200
9 39 30 35 -1 30 0 T T 0 2.5 9 330 M M 9 4 12 330
10 35 30 33 -4 32 0 0.36 T 0 4.0 10 60 M M 10 14 13 360
11 32 26 29 -8 36 0 0.47 1.6 1 5.8 13 50 M M 10 146 18 50
12 31 28 30 -7 35 0 T T 1 3.3 10 30 M M 10 126 14 30
13 32 29 31 -6 34 0 0.02 0.0 1 1.7 8 300 M M 10 126 12 290
14 30 26 28 -9 37 0 0.02 0.0 T 5.0 10 330 M M 10 126 13 360
15 33 28 31 -7 34 0 0.22 0.0 T 5.8 16 250 M M 10 16 20 240
16 34 18 26 -12 39 0 0.08 1.1 T 9.3 20 260 M M 10 16 29 270
17 28 17 23 -15 42 0 T T 1 4.8 12 80 M M 9 1 16 90
18 35 26 31 -7 34 0 0.28 2.3 2 2.5 6 80 M M 10 126 11 80
19 31 23 27 -11 38 0 0.02 0.8 2 6.8 13 230 M M 10 156 19 270
20 29 13 21 -18 44 0 0.02 1.0 3 5.6 15 280 M M 8 18 20 270
21 43 10 27 -12 38 0 0.00 0.0 2 3.0 14 220 M M 5 18 220
22 45 32 39 0 26 0 0.22 0.0 T 8.1 21 240 M M 9 1 33 240
23 56 33 45 6 20 0 0.00 0.0 0 9.3 24 310 M M 3 38 300
24 71 28 50 10 15 0 0.04 0.0 0 7.6 25 240 M M 5 36 220
25 52 37 45 5 20 0 T 0.0 0 4.4 13 320 M M 5 19 340
26 53 30 42 2 23 0 0.12 0.0 0 6.5 17 140 M M 9 1 22 150
27 59 43 51 11 14 0 0.20 0.0 0 4.4 13 130 M M 10 1 19 150
28 63 50 57 16 8 0 2.23 0.0 0 4.8 20 190 M M 10 13 26 200
================================================================================
SM 1157 750 857 0 4.76 9.6 153.9 M 221
================================================================================
AV 41.3 26.8 5.5 FASTST M M 8 MAX(MPH)
MISC ----> 25 240 38 300
================================================================================
NOTES:
# LAST OF SEVERAL OCCURRENCES
COLUMN 17 PEAK WIND IN M.P.H.
PRELIMINARY LOCAL CLIMATOLOGICAL DATA (WS FORM: F-6) , PAGE 2
STATION: CHARLESTON WV
MONTH: FEBRUARY
YEAR: 2021
LATITUDE: 38 22 N
LONGITUDE: 81 36 W
[TEMPERATURE DATA] [PRECIPITATION DATA] SYMBOLS USED IN COLUMN 16
AVERAGE MONTHLY: 34.1 TOTAL FOR MONTH: 4.76 1 = FOG OR MIST
DPTR FM NORMAL: -3.6 DPTR FM NORMAL: 1.57 2 = FOG REDUCING VISIBILITY
HIGHEST: 71 ON 24 GRTST 24HR 2.23 ON 28-28 TO 1/4 MILE OR LESS
LOWEST: 10 ON 21 3 = THUNDER
SNOW, ICE PELLETS, HAIL 4 = ICE PELLETS
TOTAL MONTH: 9.6 INCHES 5 = HAIL
GRTST 24HR 2.3 ON 18-18 6 = FREEZING RAIN OR DRIZZLE
GRTST DEPTH: 3 ON 20 7 = DUSTSTORM OR SANDSTORM:
VSBY 1/2 MILE OR LESS
8 = SMOKE OR HAZE
[NO. OF DAYS WITH] [WEATHER - DAYS WITH] 9 = BLOWING SNOW
X = TORNADO
MAX 32 OR BELOW: 8 0.01 INCH OR MORE: 19
MAX 90 OR ABOVE: 0 0.10 INCH OR MORE: 9
MIN 32 OR BELOW: 23 0.50 INCH OR MORE: 1
MIN 0 OR BELOW: 0 1.00 INCH OR MORE: 1
[HDD (BASE 65) ]
TOTAL THIS MO. 857 CLEAR (SCALE 0-3) 2
DPTR FM NORMAL 91 PTCLDY (SCALE 4-7) 9
TOTAL FM JUL 1 3346 CLOUDY (SCALE 8-10) 17
DPTR FM NORMAL -108
[CDD (BASE 65) ]
TOTAL THIS MO. 0
DPTR FM NORMAL 0 [PRESSURE DATA]
TOTAL FM JAN 1 0 HIGHEST SLP 30.53 ON 21
DPTR FM NORMAL 0 LOWEST SLP 29.54 ON 15
[REMARKS]
#FINAL-02-21#