000
CXUS52 KFFC 011110
CF6CSG
PRELIMINARY LOCAL CLIMATOLOGICAL DATA (WS FORM: F-6)
STATION: COLUMBUS
MONTH: FEBRUARY
YEAR: 2020
LATITUDE: 32 31 N
LONGITUDE: 84 56 W
TEMPERATURE IN F: :PCPN: SNOW: WIND :SUNSHINE: SKY :PK WND
================================================================================
1 2 3 4 5 6A 6B 7 8 9 10 11 12 13 14 15 16 17 18
12Z AVG MX 2MIN
DY MAX MIN AVG DEP HDD CDD WTR SNW DPTH SPD SPD DIR MIN PSBL S-S WX SPD DR
================================================================================
1 52 42 47 -1 18 0 T 0.0 0 4.4 10 330 M M 9 1 13 330
2 66 34 50 1 15 0 0.00 0.0 0 5.6 17 290 M M 0 8 21 260
3 75 37 56 7 9 0 0.00 0.0 0 3.7 13 190 M M 0 8 16 170
4 73 49 61 12 4 0 T 0.0 0 5.8 17 250 M M 3 22 230
5 71 61 66 17 0 1 1.40 0.0 0 8.0 17 130 M M 9 13 22 150
6 75 50 63 14 2 0 2.15 0.0 0 11.9 30 250 M M 8 13 40 220
7 50 36 43 -6 22 0 0.08 M 0 10.4 26 320 M M 6 1 42 310
8 54 31 43 -7 22 0 0.03 M 0 4.0 10 340 M M 5 128 13 330
9 63 36 50 0 15 0 0.00 0.0 0 7.6 14 140 M M 4 12 19 130
10 71 46 59 9 6 0 0.20 M 0 6.8 21 320 M M 5 1 25 210
11 80 61 71 21 0 6 0.05 0.0 0 7.4 20 310 M M 8 18 26 240
12 79 60 70 20 0 5 0.00 0.0 0 6.4 21 210 M M 8 1 27 200
13 72 48 60 9 5 0 0.60 M 0 11.4 23 280 M M 8 1 31 280
14 60 39 50 -1 15 0 0.00 0.0 0 7.8 15 350 M M 0 22 40
15 62 32 47 -4 18 0 0.00 0.0 0 4.3 15 110 M M 0 20 90
16 51 45 48 -3 17 0 0.19 M 0 6.1 16 150 M M 9 1 20 160
17 58 49 54 2 11 0 0.01 M 0 6.2 12 90 M M 10 1 14 70
18 68 55 62 10 3 0 2.08 0.0 0 4.6 21 360 M M 9 13 29 350
19 63 55 59 7 6 0 0.62 0.0 0 3.8 15 10 M M 10 1 21 10
20 55 43 49 -3 16 0 1.18 0.0 0 9.7 18 80 M M 10 1 25 80
21 49 35 42 -10 23 0 T 0.0 0 6.4 15 30 M M 8 1 20 20
22 58 29 44 -9 21 0 0.00 0.0 0 1.8 12 90 M M 0 8 14 80
23 58 32 45 -8 20 0 0.00 0.0 0 1.1 7 320 M M 5 8 9 240
24 59 47 53 0 12 0 1.26 0.0 0 5.3 13 120 M M 10 18 16 120
25 69 58 64 11 1 0 0.05 0.0 0 5.2 13 200 M M 6 1 16 210
26 58 42 50 -4 15 0 T M 0 7.5 24 340 M M 3 35 340
27 53 37 45 -9 20 0 0.00 0.0 0 9.4 21 340 M M 2 29 330
28 60 29 45 -9 20 0 0.00 0.0 0 5.8 24 270 M M 2 30 280
29 64 39 52 -2 13 0 0.00 0.0 0 7.5 24 310 M M 0 8 33 310
================================================================================
SM 1826 1257 349 12 9.90 0.0 185.9 M 157
================================================================================
AV 63.0 43.3 6.4 FASTST M M 5 MAX(MPH)
MISC ----> # 30 250 # 42 310
================================================================================
NOTES:
# LAST OF SEVERAL OCCURRENCES
COLUMN 17 PEAK WIND IN M.P.H.
PRELIMINARY LOCAL CLIMATOLOGICAL DATA (WS FORM: F-6) , PAGE 2
STATION: COLUMBUS
MONTH: FEBRUARY
YEAR: 2020
LATITUDE: 32 31 N
LONGITUDE: 84 56 W
[TEMPERATURE DATA] [PRECIPITATION DATA] SYMBOLS USED IN COLUMN 16
AVERAGE MONTHLY: 53.2 TOTAL FOR MONTH: 9.90 1 = FOG OR MIST
DPTR FM NORMAL: 2.1 DPTR FM NORMAL: 5.46 2 = FOG REDUCING VISIBILITY
HIGHEST: 80 ON 11 GRTST 24HR 2.15 ON 6- 6 TO 1/4 MILE OR LESS
LOWEST: 29 ON 28,22 3 = THUNDER
SNOW, ICE PELLETS, HAIL 4 = ICE PELLETS
TOTAL MONTH: 0.0 INCH 5 = HAIL
GRTST 24HR 0.0 6 = FREEZING RAIN OR DRIZZLE
GRTST DEPTH: 0 7 = DUSTSTORM OR SANDSTORM:
VSBY 1/2 MILE OR LESS
8 = SMOKE OR HAZE
[NO. OF DAYS WITH] [WEATHER - DAYS WITH] 9 = BLOWING SNOW
X = TORNADO
MAX 32 OR BELOW: 0 0.01 INCH OR MORE: 14
MAX 90 OR ABOVE: 0 0.10 INCH OR MORE: 9
MIN 32 OR BELOW: 5 0.50 INCH OR MORE: 7
MIN 0 OR BELOW: 0 1.00 INCH OR MORE: 5
[HDD (BASE 65) ]
TOTAL THIS MO. 349 CLEAR (SCALE 0-3) 8
DPTR FM NORMAL -45 PTCLDY (SCALE 4-7) 12
TOTAL FM JUL 1 1413 CLOUDY (SCALE 8-10) 9
DPTR FM NORMAL -375
[CDD (BASE 65) ]
TOTAL THIS MO. 12
DPTR FM NORMAL 9 [PRESSURE DATA]
TOTAL FM JAN 1 23 HIGHEST SLP 30.53 ON 22
DPTR FM NORMAL 19 LOWEST SLP 29.37 ON 6
[REMARKS]
#FINAL-02-20#