000
CXUS54 KOUN 010700
CF6CSM
PRELIMINARY LOCAL CLIMATOLOGICAL DATA (WS FORM: F-6)
STATION: CLINTON
MONTH: JULY
YEAR: 2020
LATITUDE: 35 20 N
LONGITUDE: 99 12 W
TEMPERATURE IN F: :PCPN: SNOW: WIND :SUNSHINE: SKY :PK WND
================================================================================
1 2 3 4 5 6A 6B 7 8 9 10 11 12 13 14 15 16 17 18
12Z AVG MX 2MIN
DY MAX MIN AVG DEP HDD CDD WTR SNW DPTH SPD SPD DIR MIN PSBL S-S WX SPD DR
================================================================================
1 100 74 87 6 0 22 0.00 0.0 0 13.5 25 150 M M 0 38 30 150
2 98 73 86 5 0 21 0.00 0.0 0 13.7 23 160 M M 0 18 28 150
3 98 69 84 2 0 19 0.00 0.0 0 8.1 22 30 M M 0 3 25 40
4 95 73 84 2 0 19 0.00 0.0 0 8.7 20 80 M M 1 3 25 350
5 85 70 78 -4 0 13 0.11 0.0 0 8.1 29 290 M M 5 13 35 290
6 92 70 81 -1 0 16 T 0.0 0 7.8 23 100 M M 3 29 110
7 90 67 79 -3 0 14 0.00 0.0 0 7.5 17 120 M M 1 128 23 110
8 98 71 85 3 0 20 0.00 0.0 0 15.3 25 160 M M 0 1 31 150
9 102 76 89 6 0 24 0.00 0.0 0 19.9 32 160 M M 0 40 160
10 95 70 83 0 0 18 0.03 0.0 0 17.8 32 170 M M 1 42 30
11 106 75 91 8 0 26 T 0.0 0 15.6 23 70 M M 0 3 35 80
12 96 73 85 2 0 20 T 0.0 0 13.4 28 140 M M 0 3 34 140
13 100 71 86 3 0 21 T 0.0 0 15.3 22 110 M M 0 3 31 110
14 109 79 94 11 0 29 0.00 0.0 0 19.2 29 150 M M 0 34 150
15 96 76 86 3 0 21 0.00 0.0 0 12.3 29 330 M M 0 36 330
16 96 69 83 -1 0 18 T 0.0 0 10.8 35 300 M M 0 3 43 310
17 104 74 89 5 0 24 0.00 0.0 0 14.1 29 160 M M 0 34 140
18 100 74 87 3 0 22 0.00 0.0 0 19.0 29 150 M M 0 35 160
19 98 73 86 2 0 21 0.00 0.0 0 15.6 25 160 M M 0 33 140
20 99 72 86 2 0 21 1.13 0.0 0 11.7 39 280 M M 3 3 54 180
21 80 70 75 -9 0 10 1.08 0.0 0 8.8 20 110 M M 3 13 24 110
22 90 71 81 -3 0 16 0.00 0.0 0 7.7 17 140 M M 1 21 140
23 90 73 82 -2 0 17 0.00 0.0 0 11.5 22 130 M M 1 28 120
24 93 73 83 -1 0 18 0.00 0.0 0 12.3 22 170 M M 1 26 170
25 93 73 83 -1 0 18 0.00 0.0 0 11.4 20 140 M M 2 24 160
26 93 72 83 -1 0 18 0.00 0.0 0 12.1 20 160 M M 1 26 160
27 90 73 82 -2 0 17 0.02 0.0 0 9.5 22 50 M M 2 138 26 50
28 86 72 79 -5 0 14 0.01 0.0 0 8.2 18 200 M M 6 13 21 200
29 95 71 83 -1 0 18 0.10 0.0 0 9.2 20 170 M M 3 13 24 160
30 95 69 82 -2 0 17 0.07 0.0 0 12.1 25 310 M M 0 13 31 310
31 88 64 76 -8 0 11 0.00 0.0 0 12.4 22 330 M M 1 29 10
================================================================================
SM 2950 2230 0 583 2.55 0.0 382.6 M 35
================================================================================
AV 95.2 71.9 12.3 FASTST M M 1 MAX(MPH)
MISC ----> # 39 280 # 54 180
================================================================================
NOTES:
# LAST OF SEVERAL OCCURRENCES
COLUMN 17 PEAK WIND IN M.P.H.
PRELIMINARY LOCAL CLIMATOLOGICAL DATA (WS FORM: F-6) , PAGE 2
STATION: CLINTON
MONTH: JULY
YEAR: 2020
LATITUDE: 35 20 N
LONGITUDE: 99 12 W
[TEMPERATURE DATA] [PRECIPITATION DATA] SYMBOLS USED IN COLUMN 16
AVERAGE MONTHLY: 83.6 TOTAL FOR MONTH: 2.55 1 = FOG OR MIST
DPTR FM NORMAL: 0.5 DPTR FM NORMAL: 0.59 2 = FOG REDUCING VISIBILITY
HIGHEST: 109 ON 14 GRTST 24HR 1.13 ON 20-20 TO 1/4 MILE OR LESS
LOWEST: 64 ON 31 3 = THUNDER
SNOW, ICE PELLETS, HAIL 4 = ICE PELLETS
TOTAL MONTH: 0.0 INCH 5 = HAIL
GRTST 24HR 0.0 6 = FREEZING RAIN OR DRIZZLE
GRTST DEPTH: 0 7 = DUSTSTORM OR SANDSTORM:
VSBY 1/2 MILE OR LESS
8 = SMOKE OR HAZE
[NO. OF DAYS WITH] [WEATHER - DAYS WITH] 9 = BLOWING SNOW
X = TORNADO
MAX 32 OR BELOW: 0 0.01 INCH OR MORE: 8
MAX 90 OR ABOVE: 27 0.10 INCH OR MORE: 4
MIN 32 OR BELOW: 0 0.50 INCH OR MORE: 2
MIN 0 OR BELOW: 0 1.00 INCH OR MORE: 2
[HDD (BASE 65) ]
TOTAL THIS MO. 0 CLEAR (SCALE 0-3) 28
DPTR FM NORMAL 0 PTCLDY (SCALE 4-7) 3
TOTAL FM JUL 1 0 CLOUDY (SCALE 8-10) 0
DPTR FM NORMAL 0
[CDD (BASE 65) ]
TOTAL THIS MO. 583
DPTR FM NORMAL 24 [PRESSURE DATA]
TOTAL FM JAN 1 1230 HIGHEST SLP M ON M
DPTR FM NORMAL 91 LOWEST SLP 29.70 ON 1
[REMARKS]
#FINAL-07-20#