000
CXUS53 KUNR 011031
CF6CUT
PRELIMINARY LOCAL CLIMATOLOGICAL DATA (WS FORM: F-6)
STATION: CUSTER COUNTY AIRPORT SD
MONTH: FEBRUARY
YEAR: 2024
LATITUDE: 43 43 N
LONGITUDE: 103 37 W
TEMPERATURE IN F: :PCPN: SNOW: WIND :SUNSHINE: SKY :PK WND
================================================================================
1 2 3 4 5 6A 6B 7 8 9 10 11 12 13 14 15 16 17 18
12Z AVG MX 2MIN
DY MAX MIN AVG DEP HDD CDD WTR SNW DPTH SPD SPD DIR MIN PSBL S-S WX SPD DR
================================================================================
1 55 27 41 17 24 0 0.00 M M 4.7 16 260 M M 0 22 270
2 50 26 38 14 27 0 0.00 M M 3.4 13 120 M M 5 20 120
3 38 32 35 11 30 0 0.45 M M 3.9 18 100 M M 10 12 28 100
4 39 30 35 11 30 0 0.06 M M 4.6 14 260 M M 6 12 25 270
5 49 27 38 14 27 0 0.00 M M 11.3 22 250 M M 0 39 230
6 56 32 44 20 21 0 0.00 M M 4.5 16 270 M M 1 24 260
7 52 32 42 18 23 0 0.00 M M 5.1 18 280 M M 5 28 270
8 32 25 29 5 36 0 0.00 M M 11.5 31 280 M M 4 1 48 260
9 39 17 28 4 37 0 0.00 M M 3.6 15 290 M M 2 12 23 300
10 23 12 18 -6 47 0 0.07 M M 4.3 10 250 M M 8 1 16 260
11 39 12 26 2 39 0 0.00 M M 5.5 16 280 M M 3 26 330
12 40 28 34 10 31 0 T M M 5.5 15 280 M M 9 24 300
13 42 22 32 8 33 0 0.02 M M 6.2 15 260 M M 5 1 25 250
14 27 18 23 -1 42 0 0.15 M M 5.7 14 50 M M 10 1268 18 60
15 20 11 16 -9 49 0 0.18 M M 5.2 15 50 M M 10 18 22 60
16 15 -3 6 -19 59 0 0.02 M M 5.0 14 270 M M 7 18 20 240
17 35 -3 16 -9 49 0 0.00 M M 7.2 16 270 M M 0 23 280
18 44 14 29 4 36 0 0.00 M M 9.1 18 250 M M 1 31 250
19 45 29 37 12 28 0 0.00 M M 9.7 21 290 M M 1 32 300
20 51 29 40 14 25 0 0.00 M M 6.1 16 260 M M 1 25 260
21 48 29 39 13 26 0 T M M 3.9 10 350 M M 3 M M
22 45 26 36 10 29 0 0.00 M M 8.6 20 270 M M 0 30 250
23 44 27 36 10 29 0 0.00 M M 10.7 21 280 M M 0 34 270
24 49 25 37 10 28 0 0.00 M M 9.2 25 270 M M 1 37 260
25 53 25 39 12 26 0 0.00 M M 8.6 21 280 M M 1 34 320
26 55 31 43 16 22 0 0.00 M M 12.5 30 270 M M 0 40 260
27 31 1 16 -12 49 0 0.25 M M 5.0 12 350 M M 8 128 20 360
28 39 2 21 -7 44 0 0.00 M M 10.5 22 260 M M 0 33 270
29 53 29 41 13 24 0 0.00 M M 12.1 22 270 M M 0 34 240
================================================================================
SM 1208 612 970 0 1.20 M 203.2 M 101
================================================================================
AV 41.7 21.1 7.0 FASTST M M 3 MAX(MPH)
MISC ----> 31 280 48 260
================================================================================
NOTES:
# LAST OF SEVERAL OCCURRENCES
COLUMN 17 PEAK WIND IN M.P.H.
PRELIMINARY LOCAL CLIMATOLOGICAL DATA (WS FORM: F-6) , PAGE 2
STATION: CUSTER COUNTY AIRPORT SD
MONTH: FEBRUARY
YEAR: 2024
LATITUDE: 43 43 N
LONGITUDE: 103 37 W
[TEMPERATURE DATA] [PRECIPITATION DATA] SYMBOLS USED IN COLUMN 16
AVERAGE MONTHLY: 31.4 TOTAL FOR MONTH: 1.20 1 = FOG OR MIST
DPTR FM NORMAL: 6.3 DPTR FM NORMAL: 0.61 2 = FOG REDUCING VISIBILITY
HIGHEST: 56 ON 6 GRTST 24HR 0.45 ON 3- 3 TO 1/4 MILE OR LESS
LOWEST: -3 ON 17,16 3 = THUNDER
SNOW, ICE PELLETS, HAIL 4 = ICE PELLETS
TOTAL MONTH: M 5 = HAIL
GRTST 24HR M ON M 6 = FREEZING RAIN OR DRIZZLE
GRTST DEPTH: M ON M 7 = DUSTSTORM OR SANDSTORM:
VSBY 1/2 MILE OR LESS
8 = SMOKE OR HAZE
[NO. OF DAYS WITH] [WEATHER - DAYS WITH] 9 = BLOWING SNOW
X = TORNADO
MAX 32 OR BELOW: 6 0.01 INCH OR MORE: 8
MAX 90 OR ABOVE: 0 0.10 INCH OR MORE: 4
MIN 32 OR BELOW: 29 0.50 INCH OR MORE: 0
MIN 0 OR BELOW: 2 1.00 INCH OR MORE: 0
[HDD (BASE 65) ]
TOTAL THIS MO. 970 CLEAR (SCALE 0-3) 17
DPTR FM NORMAL -147 PTCLDY (SCALE 4-7) 6
TOTAL FM JUL 1 5118 CLOUDY (SCALE 8-10) 6
DPTR FM NORMAL -620
[CDD (BASE 65) ]
TOTAL THIS MO. 0
DPTR FM NORMAL 0 [PRESSURE DATA]
TOTAL FM JAN 1 0 HIGHEST SLP 30.48 ON 17
DPTR FM NORMAL 0 LOWEST SLP 29.24 ON 7
[REMARKS]
#FINAL-02-24#