000
CXUS51 KILN 010544
CF6CVG
PRELIMINARY LOCAL CLIMATOLOGICAL DATA (WS FORM: F-6)
STATION: CINCINNATI OH
MONTH: JULY
YEAR: 2022
LATITUDE: 39 2 N
LONGITUDE: 84 40 W
TEMPERATURE IN F: :PCPN: SNOW: WIND :SUNSHINE: SKY :PK WND
================================================================================
1 2 3 4 5 6A 6B 7 8 9 10 11 12 13 14 15 16 17 18
12Z AVG MX 2MIN
DY MAX MIN AVG DEP HDD CDD WTR SNW DPTH SPD SPD DIR MIN PSBL S-S WX SPD DR
================================================================================
1 92 73 83 8 0 18 0.00 0.0 0 8.0 16 220 M M 6 25 340
2 87 70 79 3 0 14 0.27 0.0 0 6.1 20 310 M M 8 138 22 310
3 90 71 81 5 0 16 T 0.0 0 5.7 13 150 M M 5 8 18 170
4 91 69 80 4 0 15 0.00 0.0 0 6.7 16 150 M M 4 18 20 130
5 94 75 85 9 0 20 T 0.0 0 9.2 22 30 M M 5 138 25 30
6 95 72 84 8 0 19 0.57 0.0 0 6.6 41 280 M M 8 138 58 280
7 87 73 80 4 0 15 T 0.0 0 5.4 13 140 M M 9 1 14 140
8 80 72 76 0 0 11 0.31 0.0 0 5.4 15 160 M M 9 1 17 170
9 81 69 75 -1 0 10 0.32 0.0 0 9.6 18 70 M M 9 1 22 70
10 88 62 75 -1 0 10 0.00 0.0 0 6.7 14 40 M M 2 18 10
11 88 65 77 1 0 12 0.00 0.0 0 5.7 15 200 M M 4 1 20 180
12 88 73 81 5 0 16 0.00 0.0 0 9.8 21 310 M M 4 29 280
13 87 63 75 -1 0 10 T 0.0 0 5.7 15 340 M M 3 20 280
14 87 68 78 2 0 13 0.00 0.0 0 7.2 17 310 M M 3 22 330
15 88 68 78 2 0 13 T 0.0 0 5.9 14 280 M M 6 20 280
16 91 71 81 5 0 16 T 0.0 0 7.6 17 220 M M 7 25 230
17 78 72 75 -1 0 10 1.21 0.0 0 8.1 18 190 M M 10 13 29 190
18 84 69 77 1 0 12 0.27 0.0 0 4.8 13 350 M M 8 1 16 360
19 88 67 78 2 0 13 0.00 0.0 0 5.5 13 230 M M 2 1 16 190
20 92 73 83 7 0 18 0.00 0.0 0 10.1 18 190 M M 3 18 24 240
21 89 69 79 3 0 14 0.00 0.0 0 8.1 18 280 M M 2 1 24 300
22 92 69 81 5 0 16 0.00 0.0 0 6.9 18 270 M M 2 18 24 230
23 89 70 80 4 0 15 0.01 0.0 0 7.3 33 320 M M 6 18 46 310
24 91 75 83 7 0 18 0.08 0.0 0 10.1 18 220 M M 7 1 24 220
25 83 73 78 2 0 13 T 0.0 0 6.2 13 340 M M 9 18 16 330
26 80 70 75 -1 0 10 0.11 0.0 0 4.4 10 180 M M 8 1 13 270
27 82 71 77 1 0 12 0.91 0.0 0 7.2 17 240 M M 7 13 24 310
28 88 71 80 4 0 15 T 0.0 0 6.6 16 280 M M 8 19 230
29 83 64 74 -2 0 9 T 0.0 0 7.9 18 270 M M 6 23 280
30 84 59 72 -4 0 7 0.00 0.0 0 3.3 10 200 M M 6 14 330
31 77 66 72 -4 0 7 0.42 0.0 0 5.7 12 140 M M 8 1 15 140
================================================================================
SM 2694 2152 0 417 4.48 0.0 213.5 M 184
================================================================================
AV 86.9 69.4 6.9 FASTST M M 6 MAX(MPH)
MISC ----> 41 280 58 280
================================================================================
NOTES:
# LAST OF SEVERAL OCCURRENCES
COLUMN 17 PEAK WIND IN M.P.H.
PRELIMINARY LOCAL CLIMATOLOGICAL DATA (WS FORM: F-6) , PAGE 2
STATION: CINCINNATI OH
MONTH: JULY
YEAR: 2022
LATITUDE: 39 2 N
LONGITUDE: 84 40 W
[TEMPERATURE DATA] [PRECIPITATION DATA] SYMBOLS USED IN COLUMN 16
AVERAGE MONTHLY: 78.2 TOTAL FOR MONTH: 4.48 1 = FOG OR MIST
DPTR FM NORMAL: 2.3 DPTR FM NORMAL: 0.65 2 = FOG REDUCING VISIBILITY
HIGHEST: 95 ON 6 GRTST 24HR 1.42 ON 17-18 TO 1/4 MILE OR LESS
LOWEST: 59 ON 30 3 = THUNDER
SNOW, ICE PELLETS, HAIL 4 = ICE PELLETS
TOTAL MONTH: 0.0 INCH 5 = HAIL
GRTST 24HR 0.0 6 = FREEZING RAIN OR DRIZZLE
GRTST DEPTH: 0 7 = DUSTSTORM OR SANDSTORM:
VSBY 1/2 MILE OR LESS
8 = SMOKE OR HAZE
[NO. OF DAYS WITH] [WEATHER - DAYS WITH] 9 = BLOWING SNOW
X = TORNADO
MAX 32 OR BELOW: 0 0.01 INCH OR MORE: 11
MAX 90 OR ABOVE: 9 0.10 INCH OR MORE: 9
MIN 32 OR BELOW: 0 0.50 INCH OR MORE: 3
MIN 0 OR BELOW: 0 1.00 INCH OR MORE: 1
[HDD (BASE 65) ]
TOTAL THIS MO. 0 CLEAR (SCALE 0-3) 5
DPTR FM NORMAL -1 PTCLDY (SCALE 4-7) 20
TOTAL FM JUL 1 0 CLOUDY (SCALE 8-10) 6
DPTR FM NORMAL 0
[CDD (BASE 65) ]
TOTAL THIS MO. 417
DPTR FM NORMAL 77 [PRESSURE DATA]
TOTAL FM JAN 1 844 HIGHEST SLP 30.22 ON 30
DPTR FM NORMAL 162 LOWEST SLP 29.64 ON 20
[REMARKS]
#FINAL-07-22#