000
CXUS54 KHGX 011410
CF6CXO
PRELIMINARY LOCAL CLIMATOLOGICAL DATA (WS FORM: F-6)
STATION: CONROE
MONTH: OCTOBER
YEAR: 2023
LATITUDE: 30 21 N
LONGITUDE: 95 25 W
TEMPERATURE IN F: :PCPN: SNOW: WIND :SUNSHINE: SKY :PK WND
================================================================================
1 2 3 4 5 6A 6B 7 8 9 10 11 12 13 14 15 16 17 18
12Z AVG MX 2MIN
DY MAX MIN AVG DEP HDD CDD WTR SNW DPTH SPD SPD DIR MIN PSBL S-S WX SPD DR
================================================================================
1 93 65 79 5 0 14 0.00 0.0 0 4.3 16 80 M M 1 25 70
2 92 67 80 6 0 15 0.00 0.0 0 3.7 14 80 M M 0 21 120
3 77 65 71 -3 0 6 1.27 0.0 0 5.2 14 70 M M 8 138 23 80
4 83 75 79 6 0 14 0.87 0.0 0 7.0 20 170 M M 9 138 27 180
5 77 67 72 -1 0 7 0.47 0.0 0 4.0 21 10 M M 6 13 35 10
6 85 64 75 3 0 10 0.00 0.0 0 5.1 15 70 M M 0 22 20
7 75 54 65 -7 0 0 0.00 0.0 0 6.4 14 10 M M 0 22 20
8 76 48 62 -10 3 0 0.00 0.0 0 2.0 9 130 M M 0 13 90
9 82 50 66 -6 0 1 0.00 0.0 0 3.5 13 170 M M 0 21 210
10 80 59 70 -1 0 5 T 0.0 0 2.9 13 190 M M 4 16 190
11 71 58 65 -6 0 0 0.30 0.0 0 3.9 10 90 M M 6 1 17 120
12 80 57 69 -1 0 4 0.00 0.0 0 5.9 12 140 M M 3 1 17 150
13 88 63 76 6 0 11 0.00 0.0 0 5.2 12 360 M M 5 20 10
14 74 51 63 -7 2 0 0.00 0.0 0 7.3 16 330 M M 0 25 10
15 70 47 59 -10 6 0 0.00 0.0 0 9.2 23 330 M M 0 32 350
16 69 44 57 -12 8 0 0.00 0.0 0 6.5 17 330 M M 0 28 350
17 73 40 57 -12 8 0 0.00 0.0 0 1.8 10 180 M M 0 14 170
18 81 45 63 -5 2 0 0.00 0.0 0 5.3 17 180 M M 0 1 28 180
19 85 55 70 2 0 5 0.00 0.0 0 2.5 14 240 M M 1 20 240
20 89 52 71 3 0 6 0.00 0.0 0 2.7 13 230 M M 0 18 230
21 89 50 70 3 0 5 0.00 0.0 0 1.2 8 180 M M 0 12 210
22 87 62 75 8 0 10 0.00 0.0 0 4.0 14 150 M M 2 12 22 130
23 86 70 78 12 0 13 0.05 0.0 0 7.8 20 130 M M 6 1 29 150
24 86 71 79 13 0 14 0.00 0.0 0 11.5 23 180 M M 4 1 35 130
25 86 71 79 13 0 14 0.00 0.0 0 10.7 22 150 M M 8 1 30 150
26 85 71 78 13 0 13 2.18 0.0 0 7.4 23 340 M M 10 13 31 340
27 84 72 78 13 0 13 0.01 0.0 0 4.9 10 150 M M 7 1 15 140
28 86 73 80 15 0 15 T 0.0 0 7.5 15 160 M M 7 1 22 150
29 84 49 67 3 0 2 0.00 0.0 0 9.2 20 340 M M 7 12 30 350
30 49 44 47 -17 18 0 0.31 0.0 0 10.7 21 340 M M 10 1 33 340
31 60 37 49 -15 16 0 T 0.0 0 7.2 16 350 M M 5 25 350
================================================================================
SM 2482 1796 63 197 5.46 0.0 176.5 M 109
================================================================================
AV 80.1 57.9 5.7 FASTST M M 4 MAX(MPH)
MISC ----> # 23 330 # 35 10
================================================================================
NOTES:
# LAST OF SEVERAL OCCURRENCES
COLUMN 17 PEAK WIND IN M.P.H.
PRELIMINARY LOCAL CLIMATOLOGICAL DATA (WS FORM: F-6) , PAGE 2
STATION: CONROE
MONTH: OCTOBER
YEAR: 2023
LATITUDE: 30 21 N
LONGITUDE: 95 25 W
[TEMPERATURE DATA] [PRECIPITATION DATA] SYMBOLS USED IN COLUMN 16
AVERAGE MONTHLY: 69.0 TOTAL FOR MONTH: 5.46 1 = FOG OR MIST
DPTR FM NORMAL: 0.1 DPTR FM NORMAL: -0.06 2 = FOG REDUCING VISIBILITY
HIGHEST: 93 ON 1 GRTST 24HR 2.18 ON 26-26 TO 1/4 MILE OR LESS
LOWEST: 37 ON 31 3 = THUNDER
SNOW, ICE PELLETS, HAIL 4 = ICE PELLETS
TOTAL MONTH: 0.0 INCH 5 = HAIL
GRTST 24HR 0.0 6 = FREEZING RAIN OR DRIZZLE
GRTST DEPTH: 0 7 = DUSTSTORM OR SANDSTORM:
VSBY 1/2 MILE OR LESS
8 = SMOKE OR HAZE
[NO. OF DAYS WITH] [WEATHER - DAYS WITH] 9 = BLOWING SNOW
X = TORNADO
MAX 32 OR BELOW: 0 0.01 INCH OR MORE: 8
MAX 90 OR ABOVE: 2 0.10 INCH OR MORE: 6
MIN 32 OR BELOW: 0 0.50 INCH OR MORE: 3
MIN 0 OR BELOW: 0 1.00 INCH OR MORE: 2
[HDD (BASE 65) ]
TOTAL THIS MO. 63 CLEAR (SCALE 0-3) 15
DPTR FM NORMAL 13 PTCLDY (SCALE 4-7) 12
TOTAL FM JUL 1 63 CLOUDY (SCALE 8-10) 4
DPTR FM NORMAL 13
[CDD (BASE 65) ]
TOTAL THIS MO. 197
DPTR FM NORMAL 25 [PRESSURE DATA]
TOTAL FM JAN 1 3350 HIGHEST SLP 30.40 ON 31
DPTR FM NORMAL 688 LOWEST SLP 29.67 ON 11
[REMARKS]
#FINAL-10-23#