000
CXUS55 KCYS 111945
CF6CYS
PRELIMINARY LOCAL CLIMATOLOGICAL DATA (WS FORM: F-6)...CORRECTED
STATION: CHEYENNE WYOMING AIRPORT
MONTH: NOVEMBER
YEAR: 2021
LATITUDE: 41 9 N
LONGITUDE: 104 49 W
TEMPERATURE IN F: :PCPN: SNOW: WIND :SUNSHINE: SKY :PK WND
================================================================================
1 2 3 4 5 6A 6B 7 8 9 10 11 12 13 14 15 16 17 18
12Z AVG MX 2MIN
DY MAX MIN AVG DEP HDD CDD WTR SNW DPTH SPD SPD DIR MIN PSBL S-S WX SPD DR
================================================================================
1 32 27 30 -11 35 0 0.14 1.2 1 8.6 15 200 M M 10 16 20 360
2 45 30 38 -3 27 0 0.07 0.0 T 7.5 21 210 M M 8 16 25 210
3 56 34 45 5 20 0 0.00 0.0 0 7.7 15 310 M M 2 20 310
4 63 31 47 7 18 0 0.00 0.0 0 8.1 16 200 M M 0 8 21 210
5 66 38 52 12 13 0 0.00 0.0 0 10.5 29 280 M M 0 36 280
6 69 36 53 14 12 0 0.00 0.0 0 6.6 18 190 M M 0 24 190
7 71 38 55 16 10 0 0.00 0.0 0 9.2 25 260 M M 0 38 260
8 48 31 40 1 25 0 0.00 0.0 0 7.3 14 180 M M 2 1 19 190
9 58 27 43 5 22 0 0.00 0.0 0 8.0 20 290 M M 2 29 300
10 47 34 41 3 24 0 0.00 0.0 0 18.6 35 290 M M 2 55 290
11 48 29 39 1 26 0 T T 0 18.5 36 280 M M 5 56 320
12 52 23 38 1 27 0 0.00 0.0 0 15.0 32 320 M M 3 50 310
13 60 33 47 10 18 0 0.00 0.0 0 19.9 39 280 M M 2 54 300
14 63 30 47 10 18 0 0.00 0.0 0 21.2 41 280 M M 1 55 270
15 66 53 60 24 5 0 0.00 0.0 0 19.6 39 270 M M 0 56 290
16 61 28 45 9 20 0 0.00 0.0 0 17.7 44 260 M M 1 59 270
17 34 12 23 -13 42 0 0.00 0.0 0 10.8 25 330 M M 2 37 330
18 50 13 32 -3 33 0 0.00 0.0 0 10.4 30 260 M M 0 41 250
19 60 42 51 16 14 0 0.00 0.0 0 16.0 31 250 M M 1 46 260
20 46 29 38 4 27 0 T 0.0 0 6.9 15 210 M M 6 8 22 290
21 49 24 37 3 28 0 0.00 0.0 0 10.8 20 210 M M 0 27 230
22 63 34 49 15 16 0 0.00 0.0 0 12.4 31 280 M M 0 39 280
23 62 35 49 15 16 0 0.00 0.0 0 15.7 32 260 M M 0 46 260
24 44 16 30 -3 35 0 0.00 0.0 0 15.5 32 310 M M 2 47 310
25 51 13 32 -1 33 0 0.00 0.0 0 18.6 33 280 M M 0 48 280
26 62 42 52 20 13 0 0.00 0.0 0 18.8 35 280 M M 0 52 270
27 48 24 36 4 29 0 0.00 0.0 0 9.3 23 300 M M 1 34 300
28 61 28 45 13 20 0 0.00 0.0 0 14.2 30 280 M M 0 44 310
29 65 45 55 24 10 0 0.00 0.0 0 17.6 36 280 M M 0 50 280
30 54 29 42 11 23 0 0.00 0.0 0 12.6 26 270 M M 1 35 270
================================================================================
SM 1654 908 659 0 0.21 1.2 393.6 M 51
================================================================================
AV 55.1 30.3 13.1 FASTST M M 2 MAX(MPH)
MISC ----> 44 260 59 270
================================================================================
NOTES:
# LAST OF SEVERAL OCCURRENCES
COLUMN 17 PEAK WIND IN M.P.H.
PRELIMINARY LOCAL CLIMATOLOGICAL DATA (WS FORM: F-6) , PAGE 2
STATION: CHEYENNE WYOMING AIRPORT
MONTH: NOVEMBER
YEAR: 2021
LATITUDE: 41 9 N
LONGITUDE: 104 49 W
[TEMPERATURE DATA] [PRECIPITATION DATA] SYMBOLS USED IN COLUMN 16
AVERAGE MONTHLY: 42.7 TOTAL FOR MONTH: 0.21 1 = FOG OR MIST
DPTR FM NORMAL: 6.6 DPTR FM NORMAL: -0.40 2 = FOG REDUCING VISIBILITY
HIGHEST: 71 ON 7 GRTST 24HR 0.22 ON 31- 1 TO 1/4 MILE OR LESS
LOWEST: 12 ON 17 3 = THUNDER
SNOW, ICE PELLETS, HAIL 4 = ICE PELLETS
TOTAL MONTH: 1.8 INCHES 5 = HAIL
GRTST 24HR 1.2 ON 1- 1 6 = FREEZING RAIN OR DRIZZLE
GRTST DEPTH: 1 ON 1 7 = DUSTSTORM OR SANDSTORM:
VSBY 1/2 MILE OR LESS
8 = SMOKE OR HAZE
[NO. OF DAYS WITH] [WEATHER - DAYS WITH] 9 = BLOWING SNOW
X = TORNADO
MAX 32 OR BELOW: 1 0.01 INCH OR MORE: 2
MAX 90 OR ABOVE: 0 0.10 INCH OR MORE: 1
MIN 32 OR BELOW: 18 0.50 INCH OR MORE: 0
MIN 0 OR BELOW: 0 1.00 INCH OR MORE: 0
[HDD (BASE 65) ]
TOTAL THIS MO. 659 CLEAR (SCALE 0-3) 25
DPTR FM NORMAL -208 PTCLDY (SCALE 4-7) 3
TOTAL FM JUL 1 1250 CLOUDY (SCALE 8-10) 2
DPTR FM NORMAL -438
[CDD (BASE 65) ]
TOTAL THIS MO. 0
DPTR FM NORMAL 0 [PRESSURE DATA]
TOTAL FM JAN 1 603 HIGHEST SLP 30.53 ON 25
DPTR FM NORMAL 206 LOWEST SLP 29.54 ON 16
[REMARKS]
NOVEMBER 15...HIGHEST LOW TEMPERATURE 53 DEGREES (47 DEGREES IN 1896)
NOVEMBER 29...TIED RECORD HIGH65 DEGREES PREVIOUSLY SET IN 1945
MEAN TEMPERATURE 42.7 DEGREES WAS 3RD WARMEST NOVEMBER
#FINAL-11-21#