000
CXUS55 KCYS 011614
CF6CYS
PRELIMINARY LOCAL CLIMATOLOGICAL DATA (WS FORM: F-6)
STATION: CHEYENNE WYOMING AIRPORT
MONTH: OCTOBER
YEAR: 2023
LATITUDE: 41 9 N
LONGITUDE: 104 49 W
TEMPERATURE IN F: :PCPN: SNOW: WIND :SUNSHINE: SKY :PK WND
================================================================================
1 2 3 4 5 6A 6B 7 8 9 10 11 12 13 14 15 16 17 18
12Z AVG MX 2MIN
DY MAX MIN AVG DEP HDD CDD WTR SNW DPTH SPD SPD DIR MIN PSBL S-S WX SPD DR
================================================================================
1 80 46 63 10 2 0 0.00 0.0 0 11.5 23 180 M M 0 31 190
2 77 46 62 10 3 0 0.26 0.0 0 11.3 30 170 M M 3 3 43 170
3 61 42 52 0 13 0 T 0.0 0 14.0 30 270 M M 2 12 41 270
4 63 37 50 -1 15 0 0.00 0.0 0 10.8 24 280 M M 3 33 350
5 61 41 51 0 14 0 0.00 0.0 0 7.6 20 10 M M 6 28 10
6 54 36 45 -5 20 0 0.00 0.0 0 9.5 20 360 M M 5 30 360
7 70 32 51 1 14 0 0.00 0.0 0 6.4 13 360 M M 0 20 30
8 74 41 58 8 7 0 0.00 0.0 0 8.9 18 360 M M 0 25 350
9 75 39 57 8 8 0 0.00 0.0 0 7.4 16 310 M M 0 24 290
10 77 43 60 11 5 0 0.00 0.0 0 7.5 16 280 M M 2 25 290
11 70 44 57 9 8 0 0.36 0.0 0 7.0 26 130 M M 8 13 44 150
12 49 33 41 -7 24 0 0.05 T 0 18.4 32 310 M M 7 1 51 310
13 43 28 36 -11 29 0 T T 0 13.0 25 360 M M 6 1 37 350
14 55 25 40 -7 25 0 0.00 0.0 0 5.6 20 300 M M 0 29 340
15 61 31 46 -1 19 0 0.00 0.0 0 9.0 22 330 M M 0 31 340
16 71 34 53 7 12 0 0.00 0.0 0 6.5 15 340 M M 0 21 330
17 78 40 59 13 6 0 0.00 0.0 0 15.0 31 280 M M 0 41 290
18 67 39 53 7 12 0 0.00 0.0 0 11.7 28 310 M M 0 41 320
19 72 44 58 13 7 0 0.00 0.0 0 12.5 25 330 M M 0 39 320
20 77 44 61 16 4 0 0.00 0.0 0 9.9 24 340 M M 0 41 350
21 71 41 56 12 9 0 0.00 0.0 0 7.0 18 110 M M 0 24 90
22 73 35 54 10 11 0 0.00 0.0 0 6.8 21 280 M M 0 28 260
23 74 39 57 13 8 0 0.00 0.0 0 6.7 15 70 M M 1 21 80
24 66 37 52 9 13 0 0.00 0.0 0 5.0 14 120 M M 1 18 190
25 67 37 52 9 13 0 0.00 0.0 0 7.9 16 190 M M 2 12 23 190
26 43 23 33 -10 32 0 T 0.0 0 9.3 32 330 M M 6 12 47 330
27 36 15 26 -16 39 0 0.00 0.0 0 10.0 24 200 M M 7 18 30 190
28 25 18 22 -20 43 0 0.28 3.2 0 6.1 15 20 M M 9 18 19 20
29 26 8 17 -25 48 0 T 0.2 3 8.5 20 360 M M 6 1 29 360
30 44 8 26 -16 39 0 0.00 0.0 2 11.2 28 330 M M 0 40 320
31 53 17 35 -6 30 0 0.00 0.0 T 10.2 22 340 M M 1 33 290
================================================================================
SM 1913 1043 532 0 0.95 3.4 292.2 M 75
================================================================================
AV 61.7 33.6 9.4 FASTST M M 2 MAX(MPH)
MISC ----> # 32 310 51 310
================================================================================
NOTES:
# LAST OF SEVERAL OCCURRENCES
COLUMN 17 PEAK WIND IN M.P.H.
PRELIMINARY LOCAL CLIMATOLOGICAL DATA (WS FORM: F-6) , PAGE 2
STATION: CHEYENNE WYOMING AIRPORT
MONTH: OCTOBER
YEAR: 2023
LATITUDE: 41 9 N
LONGITUDE: 104 49 W
[TEMPERATURE DATA] [PRECIPITATION DATA] SYMBOLS USED IN COLUMN 16
AVERAGE MONTHLY: 47.7 TOTAL FOR MONTH: 0.95 1 = FOG OR MIST
DPTR FM NORMAL: 1.2 DPTR FM NORMAL: -0.05 2 = FOG REDUCING VISIBILITY
HIGHEST: 80 ON 1 GRTST 24HR 0.36 ON 11-11 TO 1/4 MILE OR LESS
LOWEST: 8 ON 30,29 3 = THUNDER
SNOW, ICE PELLETS, HAIL 4 = ICE PELLETS
TOTAL MONTH: 3.4 INCHES 5 = HAIL
GRTST 24HR 3.2 ON 28-28 6 = FREEZING RAIN OR DRIZZLE
GRTST DEPTH: 3 ON 29 7 = DUSTSTORM OR SANDSTORM:
VSBY 1/2 MILE OR LESS
8 = SMOKE OR HAZE
[NO. OF DAYS WITH] [WEATHER - DAYS WITH] 9 = BLOWING SNOW
X = TORNADO
MAX 32 OR BELOW: 2 0.01 INCH OR MORE: 4
MAX 90 OR ABOVE: 0 0.10 INCH OR MORE: 3
MIN 32 OR BELOW: 10 0.50 INCH OR MORE: 0
MIN 0 OR BELOW: 0 1.00 INCH OR MORE: 0
[HDD (BASE 65) ]
TOTAL THIS MO. 532 CLEAR (SCALE 0-3) 22
DPTR FM NORMAL -42 PTCLDY (SCALE 4-7) 7
TOTAL FM JUL 1 677 CLOUDY (SCALE 8-10) 2
DPTR FM NORMAL -143
[CDD (BASE 65) ]
TOTAL THIS MO. 0
DPTR FM NORMAL 0 [PRESSURE DATA]
TOTAL FM JAN 1 383 HIGHEST SLP 30.61 ON 29
DPTR FM NORMAL -14 LOWEST SLP 29.29 ON 11
[REMARKS]
#FINAL-10-23#
OCTOBER 28... COOP BACKUP USED FOR PRECIPITATION TO BE CONSISTENT WITH SNOWFALL.
OCTOBER 29... COOP BACKUP USED FOR PRECIPITATION TO BE CONSISTENT WITH SNOWFALL.
COOP BACKUP USED FOR SNOW DEPTH FOR THE ENTIRE MONTH.