235
CXUS53 KUNR 011030
CF6D07
PRELIMINARY LOCAL CLIMATOLOGICAL DATA (WS FORM: F-6)
STATION: FAITH SD
MONTH: JANUARY
YEAR: 2021
LATITUDE: 45 1 N
LONGITUDE: 102 1 W
TEMPERATURE IN F: :PCPN: SNOW: WIND :SUNSHINE: SKY :PK WND
================================================================================
1 2 3 4 5 6A 6B 7 8 9 10 11 12 13 14 15 16 17 18
12Z AVG MX 2MIN
DY MAX MIN AVG DEP HDD CDD WTR SNW DPTH SPD SPD DIR MIN PSBL S-S WX SPD DR
================================================================================
1 44 22 33 13 32 0 0.00 M M 9.2 16 290 M M M 21 300
2 46 18 32 12 33 0 0.00 M M 11.5 20 180 M M M 22 180
3 46 24 35 15 30 0 0.00 M M 13.0 31 310 M M M 42 310
4 47 26 37 17 28 0 0.00 M M 12.1 21 300 M M M 28 310
5 39 27 33 13 32 0 0.00 M M 13.7 25 330 M M M 34 330
6 40 21 31 11 34 0 0.00 M M 10.6 23 330 M M M 31 320
7 33 25 29 9 36 0 0.00 M M 6.8 16 180 M M M 20 190
8 32 28 30 10 35 0 0.01 M M 5.0 8 360 M M M 10 20
9 30 27 29 9 36 0 0.02 M M 4.9 10 20 M M M 12 30
10 37 22 30 10 35 0 0.00 M M 10.4 18 200 M M M 23 190
11 50 26 38 18 27 0 0.00 M M 14.2 26 320 M M M 36 340
12 52 30 41 21 24 0 0.00 M M 11.2 20 280 M M M 26 270
13 53 36 45 25 20 0 0.00 M M 18.2 49 300 M M M 63 300
14 37 27 32 12 33 0 0.00 M M 41.2 55 330 M M M 73 330
15 32 18 25 5 40 0 0.00 M M 21.9 47 330 M M M 64 320
16 44 20 32 12 33 0 0.00 M M 17.3 36 320 M M M 46 320
17 40 19 30 10 35 0 0.07 M M 10.4 23 310 M M M 30 310
18 33 19 26 6 39 0 0.03 M M 13.8 30 340 M M M 39 340
19 32 18 25 5 40 0 0.00 M M 16.5 35 320 M M M 44 320
20 42 22 32 12 33 0 0.00 M M 15.6 33 300 M M M 42 300
21 33 13 23 3 42 0 0.00 M M 14.5 30 310 M M M 40 320
22 32 17 25 5 40 0 0.00 M M 8.3 13 150 M M M 19 300
23 34 10 22 2 43 0 0.00 M M 7.5 16 360 M M M 20 360
24 28 7 18 -2 47 0 0.00 M M 12.8 24 170 M M M 32 170
25 22 13 18 -2 47 0 0.00 M M 9.7 14 60 M M M 19 40
26 14 11 13 -7 52 0 0.00 M M 9.4 20 150 M M M 27 150
27 22 8 15 -5 50 0 0.00 M M 12.1 20 150 M M M 25 150
28 30 3 17 -4 48 0 0.00 M M 6.3 12 100 M M M 16 110
29 26 11 19 -2 46 0 0.00 M M 8.1 15 120 M M M 22 120
30 26 16 21 0 44 0 0.00 M M 12.6 22 350 M M M 26 350
31 47 19 33 12 32 0 0.00 M M 9.0 16 170 M M M 22 300
================================================================================
SM 1123 603 1146 0 0.13 M 387.8 M M
================================================================================
AV 36.2 19.5 12.5 FASTST M M M MAX(MPH)
MISC ----> 55 330 73 330
================================================================================
NOTES:
# LAST OF SEVERAL OCCURRENCES
COLUMN 17 PEAK WIND IN M.P.H.
PRELIMINARY LOCAL CLIMATOLOGICAL DATA (WS FORM: F-6) , PAGE 2
STATION: FAITH SD
MONTH: JANUARY
YEAR: 2021
LATITUDE: 45 1 N
LONGITUDE: 102 1 W
[TEMPERATURE DATA] [PRECIPITATION DATA] SYMBOLS USED IN COLUMN 16
AVERAGE MONTHLY: 27.8 TOTAL FOR MONTH: 0.13 1 = FOG OR MIST
DPTR FM NORMAL: 7.5 DPTR FM NORMAL: -0.07 2 = FOG REDUCING VISIBILITY
HIGHEST: 53 ON 13 GRTST 24HR 0.07 ON 17-17 TO 1/4 MILE OR LESS
LOWEST: 3 ON 28 3 = THUNDER
SNOW, ICE PELLETS, HAIL 4 = ICE PELLETS
TOTAL MONTH: M 5 = HAIL
GRTST 24HR M ON M 6 = FREEZING RAIN OR DRIZZLE
GRTST DEPTH: M ON M 7 = DUSTSTORM OR SANDSTORM:
VSBY 1/2 MILE OR LESS
8 = SMOKE OR HAZE
[NO. OF DAYS WITH] [WEATHER - DAYS WITH] 9 = BLOWING SNOW
X = TORNADO
MAX 32 OR BELOW: 12 0.01 INCH OR MORE: 4
MAX 90 OR ABOVE: 0 0.10 INCH OR MORE: 0
MIN 32 OR BELOW: 30 0.50 INCH OR MORE: 0
MIN 0 OR BELOW: 0 1.00 INCH OR MORE: 0
[HDD (BASE 65) ]
TOTAL THIS MO. 1146 CLEAR (SCALE 0-3) 0
DPTR FM NORMAL -240 PTCLDY (SCALE 4-7) 0
TOTAL FM JUL 1 3940 CLOUDY (SCALE 8-10) 31
DPTR FM NORMAL -593
[CDD (BASE 65) ]
TOTAL THIS MO. 0
DPTR FM NORMAL 0 [PRESSURE DATA]
TOTAL FM JAN 1 0 HIGHEST SLP 30.50 ON 9
DPTR FM NORMAL 0 LOWEST SLP 29.52 ON 13
[REMARKS]
#FINAL-01-21#