000
CXUS53 KUNR 010930
CF6D07
PRELIMINARY LOCAL CLIMATOLOGICAL DATA (WS FORM: F-6)
STATION: FAITH SD
MONTH: SEPTEMBER
YEAR: 2023
LATITUDE: 45 1 N
LONGITUDE: 102 1 W
TEMPERATURE IN F: :PCPN: SNOW: WIND :SUNSHINE: SKY :PK WND
================================================================================
1 2 3 4 5 6A 6B 7 8 9 10 11 12 13 14 15 16 17 18
12Z AVG MX 2MIN
DY MAX MIN AVG DEP HDD CDD WTR SNW DPTH SPD SPD DIR MIN PSBL S-S WX SPD DR
================================================================================
1 90 53 72 4 0 7 0.00 M M M 22 70 M M M 30 70
2 98 63 81 13 0 16 0.00 M M 7.2 25 280 M M M 36 240
3 97 68 83 16 0 18 0.00 M M 7.2 24 230 M M M 35 230
4 90 63 77 10 0 12 0.05 M M 10.5 39 300 M M M 50 300
5 66 52 59 -7 6 0 0.96 M M 16.5 35 340 M M M 45 340
6 71 45 58 -8 7 0 0.00 M M 10.7 15 140 M M M 22 140
7 75 52 64 -2 1 0 0.00 M M 9.0 18 150 M M M 26 150
8 79 52 66 1 0 1 0.00 M M 5.8 9 10 M M M M M
9 71 55 63 -2 2 0 M M M M M M M M M M M
10 62 50 56 -9 9 0 0.00 M M M M M M M M M M
11 70 48 59 -5 6 0 0.00 M M M M M M M M M M
12 74 49 62 -2 3 0 0.00 M M 17.1 21 130 M M M 33 120
13 84 50 67 4 0 2 0.00 M M 12.6 22 130 M M M 33 240
14 75 55 65 2 0 0 0.00 M M 10.1 23 300 M M M 31 300
15 73 49 61 -1 4 0 0.00 M M 7.5 20 340 M M M 27 310
16 75 42 59 -3 6 0 0.00 M M 4.8 14 160 M M M 19 130
17 82 46 64 2 1 0 0.00 M M 13.2 20 160 M M M 24 130
18 89 49 69 8 0 4 0.00 M M 7.5 16 260 M M M 22 260
19 86 52 69 8 0 4 0.00 M M 11.5 21 350 M M M 27 330
20 70 45 58 -2 7 0 0.00 M M 9.5 23 80 M M M 28 80
21 76 52 64 4 1 0 0.00 M M 11.2 21 130 M M M 29 80
22 66 53 60 1 5 0 0.31 M M 6.9 17 70 M M M 22 70
23 65 53 59 0 6 0 0.17 M M 9.5 17 330 M M M 22 350
24 68 51 60 2 5 0 0.00 M M 13.3 24 310 M M M 32 320
25 73 49 61 3 4 0 0.00 M M 7.7 12 340 M M M 15 330
26 67 48 58 1 7 0 0.00 M M 12.5 20 140 M M 0 27 140
27 78 50 64 8 1 0 0.00 M M 16.2 23 160 M M M 32 130
28 73 52 63 7 2 0 0.00 M M 13.8 26 350 M M M 36 360
29 71 47 59 4 6 0 0.07 M M 8.8 30 300 M M M 40 290
30 74 51 63 8 2 0 0.00 M M 15.2 29 130 M M M 39 130
================================================================================
SM 2288 1544 91 64 1.56 M 275.8 M 0
================================================================================
AV 76.3 51.5 10.6 FASTST M M 0 MAX(MPH)
MISC ----> 39 300 50 300
================================================================================
NOTES:
# LAST OF SEVERAL OCCURRENCES
COLUMN 17 PEAK WIND IN M.P.H.
PRELIMINARY LOCAL CLIMATOLOGICAL DATA (WS FORM: F-6) , PAGE 2
STATION: FAITH SD
MONTH: SEPTEMBER
YEAR: 2023
LATITUDE: 45 1 N
LONGITUDE: 102 1 W
[TEMPERATURE DATA] [PRECIPITATION DATA] SYMBOLS USED IN COLUMN 16
AVERAGE MONTHLY: 63.9 TOTAL FOR MONTH: 1.56 1 = FOG OR MIST
DPTR FM NORMAL: 2.0 DPTR FM NORMAL: 0.38 2 = FOG REDUCING VISIBILITY
HIGHEST: 98 ON 2 GRTST 24HR 0.96 ON 5- 6 TO 1/4 MILE OR LESS
LOWEST: 42 ON 16 3 = THUNDER
SNOW, ICE PELLETS, HAIL 4 = ICE PELLETS
TOTAL MONTH: M 5 = HAIL
GRTST 24HR M ON M 6 = FREEZING RAIN OR DRIZZLE
GRTST DEPTH: M ON M 7 = DUSTSTORM OR SANDSTORM:
VSBY 1/2 MILE OR LESS
8 = SMOKE OR HAZE
[NO. OF DAYS WITH] [WEATHER - DAYS WITH] 9 = BLOWING SNOW
X = TORNADO
MAX 32 OR BELOW: 0 0.01 INCH OR MORE: 5
MAX 90 OR ABOVE: 4 0.10 INCH OR MORE: 3
MIN 32 OR BELOW: 0 0.50 INCH OR MORE: 1
MIN 0 OR BELOW: 0 1.00 INCH OR MORE: 0
[HDD (BASE 65) ]
TOTAL THIS MO. 91 CLEAR (SCALE 0-3) 1
DPTR FM NORMAL -74 PTCLDY (SCALE 4-7) 0
TOTAL FM JUL 1 113 CLOUDY (SCALE 8-10) 29
DPTR FM NORMAL -83
[CDD (BASE 65) ]
TOTAL THIS MO. 64
DPTR FM NORMAL -8 [PRESSURE DATA]
TOTAL FM JAN 1 664 HIGHEST SLP 30.35 ON 10
DPTR FM NORMAL 12 LOWEST SLP 29.47 ON 4
[REMARKS]
#FINAL-09-23#