471
CXUS54 KFWD 010830
CF6DAL
PRELIMINARY LOCAL CLIMATOLOGICAL DATA (WS FORM: F-6)
STATION: DALLAS LOVE FIELD
MONTH: JANUARY
YEAR: 2021
LATITUDE: 32 50 N
LONGITUDE: 96 51 W
TEMPERATURE IN F: :PCPN: SNOW: WIND :SUNSHINE: SKY :PK WND
================================================================================
1 2 3 4 5 6A 6B 7 8 9 10 11 12 13 14 15 16 17 18
12Z AVG MX 2MIN
DY MAX MIN AVG DEP HDD CDD WTR SNW DPTH SPD SPD DIR MIN PSBL S-S WX SPD DR
================================================================================
1 41 37 39 -7 26 0 0.02 0.0 0 11.7 22 300 M M 10 1 30 300
2 56 36 46 0 19 0 0.00 0.0 0 6.7 16 330 M M 4 21 330
3 67 37 52 6 13 0 0.00 0.0 0 6.1 16 260 M M 1 23 240
4 69 39 54 8 11 0 0.00 0.0 0 2.5 12 330 M M 3 27 230
5 67 36 52 6 13 0 0.00 0.0 0 7.1 16 140 M M 4 27 140
6 62 46 54 8 11 0 T 0.0 0 15.0 28 310 M M 9 1 38 320
7 49 44 47 1 18 0 0.00 0.0 0 14.7 26 330 M M 10 37 330
8 51 37 44 -3 21 0 0.00 0.0 0 7.1 14 330 M M 6 34 50
9 50 30 40 -7 25 0 0.00 0.0 0 3.6 9 40 M M 4 17 60
10 41 34 38 -9 27 0 0.10 T 0 6.5 15 350 M M 10 1 26 10
11 49 33 41 -6 24 0 0.02 0.0 0 4.9 13 360 M M 4 18 22 10
12 53 30 42 -5 23 0 0.00 0.0 0 3.4 13 210 M M 3 1 18 210
13 64 34 49 2 16 0 0.00 0.0 0 6.2 15 180 M M 3 22 170
14 66 41 54 7 11 0 0.00 0.0 0 11.2 29 340 M M 4 44 20
15 55 37 46 -1 19 0 0.00 0.0 0 16.4 37 320 M M 1 49 320
16 59 33 46 -1 19 0 0.00 0.0 0 4.9 14 320 M M 4 20 350
17 61 37 49 2 16 0 0.00 0.0 0 4.3 14 320 M M 4 22 20
18 69 36 53 6 12 0 0.00 0.0 0 7.9 25 180 M M 4 35 160
19 61 50 56 9 9 0 0.01 0.0 0 9.7 17 10 M M 10 28 90
20 51 45 48 1 17 0 0.15 0.0 0 4.1 12 20 M M 10 1 18 30
21 56 47 52 5 13 0 0.08 0.0 0 4.2 15 160 M M 10 1 19 150
22 53 49 51 4 14 0 T 0.0 0 5.8 13 70 M M 9 18 20 50
23 53 48 51 4 14 0 0.13 0.0 0 6.9 13 130 M M 10 18 17 120
24 66 53 60 12 5 0 0.49 0.0 0 6.4 14 150 M M 10 123 22 160
25 70 47 59 11 6 0 0.14 0.0 0 8.2 28 290 M M 4 13 39 300
26 61 38 50 2 15 0 0.00 0.0 0 7.2 16 330 M M 3 25 320
27 52 37 45 -3 20 0 T 0.0 0 9.9 24 320 M M 4 34 350
28 52 31 42 -6 23 0 0.00 0.0 0 4.1 9 140 M M 7 17 70
29 63 40 52 4 13 0 0.00 0.0 0 8.9 18 180 M M 7 27 180
30 77 54 66 18 0 1 0.02 0.0 0 15.4 30 140 M M 7 1378 45 270
31 58 42 50 2 15 0 0.00 0.0 M 15.9 29 330 M M 1 43 320
================================================================================
SM 1802 1238 488 1 1.16 T 246.9 M 180
================================================================================
AV 58.1 39.9 8.0 FASTST M M 6 MAX(MPH)
MISC ----> 37 320 49 320
================================================================================
NOTES:
# LAST OF SEVERAL OCCURRENCES
COLUMN 17 PEAK WIND IN M.P.H.
PRELIMINARY LOCAL CLIMATOLOGICAL DATA (WS FORM: F-6) , PAGE 2
STATION: DALLAS LOVE FIELD
MONTH: JANUARY
YEAR: 2021
LATITUDE: 32 50 N
LONGITUDE: 96 51 W
[TEMPERATURE DATA] [PRECIPITATION DATA] SYMBOLS USED IN COLUMN 16
AVERAGE MONTHLY: 49.0 TOTAL FOR MONTH: 1.16 1 = FOG OR MIST
DPTR FM NORMAL: 2.0 DPTR FM NORMAL: -0.90 2 = FOG REDUCING VISIBILITY
HIGHEST: 77 ON 30 GRTST 24HR 0.49 ON 24-24 TO 1/4 MILE OR LESS
LOWEST: 30 ON 12, 9 3 = THUNDER
SNOW, ICE PELLETS, HAIL 4 = ICE PELLETS
TOTAL MONTH: T 5 = HAIL
GRTST 24HR T ON 10-10 6 = FREEZING RAIN OR DRIZZLE
GRTST DEPTH: 0 7 = DUSTSTORM OR SANDSTORM:
VSBY 1/2 MILE OR LESS
8 = SMOKE OR HAZE
[NO. OF DAYS WITH] [WEATHER - DAYS WITH] 9 = BLOWING SNOW
X = TORNADO
MAX 32 OR BELOW: 0 0.01 INCH OR MORE: 10
MAX 90 OR ABOVE: 0 0.10 INCH OR MORE: 5
MIN 32 OR BELOW: 3 0.50 INCH OR MORE: 0
MIN 0 OR BELOW: 0 1.00 INCH OR MORE: 0
[HDD (BASE 65) ]
TOTAL THIS MO. 488 CLEAR (SCALE 0-3) 6
DPTR FM NORMAL -71 PTCLDY (SCALE 4-7) 15
TOTAL FM JUL 1 1197 CLOUDY (SCALE 8-10) 10
DPTR FM NORMAL -222
[CDD (BASE 65) ]
TOTAL THIS MO. 1
DPTR FM NORMAL -2 [PRESSURE DATA]
TOTAL FM JAN 1 1 HIGHEST SLP 30.63 ON 28
DPTR FM NORMAL -2 LOWEST SLP 29.56 ON 25
[REMARKS]
#FINAL-01-21#