000
CXUS51 KRNK 010832
CF6DAN
PRELIMINARY LOCAL CLIMATOLOGICAL DATA (WS FORM: F-6)
STATION: DANVILLE VA
MONTH: APRIL
YEAR: 2023
LATITUDE: 36 34 N
LONGITUDE: 79 20 W
TEMPERATURE IN F: :PCPN: SNOW: WIND :SUNSHINE: SKY :PK WND
================================================================================
1 2 3 4 5 6A 6B 7 8 9 10 11 12 13 14 15 16 17 18
12Z AVG MX 2MIN
DY MAX MIN AVG DEP HDD CDD WTR SNW DPTH SPD SPD DIR MIN PSBL S-S WX SPD DR
================================================================================
1 77 54 66 12 0 1 0.15 0.0 0 13.7 28 240 M M 5 1 42 230
2 64 36 50 -4 15 0 0.00 0.0 0 5.5 20 320 M M 0 29 320
3 72 36 54 0 11 0 0.00 0.0 0 3.9 17 230 M M 4 23 230
4 83 52 68 13 0 3 0.00 0.0 0 2.9 10 230 M M 3 16 240
5 86 58 72 17 0 7 0.00 0.0 0 6.2 15 230 M M 2 1 23 230
6 86 64 75 20 0 10 0.72 0.0 0 4.9 23 260 M M 4 13 28 260
7 65 43 54 -2 11 0 0.64 0.0 0 8.7 21 40 M M 10 1 28 30
8 47 41 44 -12 21 0 0.27 0.0 0 5.7 15 40 M M 10 21 40
9 61 37 49 -7 16 0 0.00 0.0 0 8.1 18 50 M M 1 23 50
10 64 31 48 -9 17 0 0.00 0.0 0 2.3 15 40 M M 0 23 80
11 76 32 54 -3 11 0 0.00 0.0 0 3.9 15 230 M M 0 19 230
12 81 41 61 4 4 0 0.00 0.0 0 5.3 14 240 M M 0 19 300
13 84 45 65 8 0 0 0.00 0.0 0 3.6 14 230 M M 0 19 230
14 74 52 63 5 2 0 0.65 0.0 0 2.3 22 230 M M 7 13 29 230
15 78 57 68 10 0 3 T 0.0 0 4.3 18 230 M M 6 12 21 230
16 74 52 63 5 2 0 T 0.0 0 4.3 18 280 M M 5 26 280
17 69 47 58 -1 7 0 0.00 0.0 0 9.9 23 240 M M 2 29 330
18 78 36 57 -2 8 0 0.00 0.0 0 7.7 21 250 M M 0 28 240
19 83 45 64 5 1 0 0.00 0.0 0 2.7 15 240 M M 0 19 230
20 86 50 68 9 0 3 0.00 0.0 0 3.3 13 230 M M 0 18 230
21 83 51 67 7 0 2 0.00 0.0 0 5.7 17 240 M M 0 24 230
22 67 46 57 -3 8 0 0.32 0.0 0 2.9 25 250 M M 5 13 30 250
23 69 39 54 -6 11 0 0.00 0.0 0 5.9 17 250 M M 2 24 240
24 64 43 54 -6 11 0 0.00 0.0 0 4.3 15 40 M M 3 19 50
25 64 42 53 -8 12 0 0.00 0.0 0 4.2 14 50 M M 3 17 40
26 66 38 52 -9 13 0 0.00 0.0 0 1.5 7 230 M M 4 10 190
27 66 49 58 -3 7 0 0.53 0.0 0 3.0 8 70 M M 9 1 14 100
28 66 55 61 -1 4 0 1.00 0.0 0 6.0 13 360 M M 10 1 18 90
29 74 49 62 0 3 0 T 0.0 0 1.9 9 230 M M 5 12 13 210
30 64 52 58 -4 7 0 1.12 0.0 0 6.2 23 290 M M 9 12 33 290
================================================================================
SM 2171 1373 202 29 5.40 0.0 150.8 M 109
================================================================================
AV 72.4 45.8 5.0 FASTST M M 4 MAX(MPH)
MISC ----> 28 240 42 230
================================================================================
NOTES:
# LAST OF SEVERAL OCCURRENCES
COLUMN 17 PEAK WIND IN M.P.H.
PRELIMINARY LOCAL CLIMATOLOGICAL DATA (WS FORM: F-6) , PAGE 2
STATION: DANVILLE VA
MONTH: APRIL
YEAR: 2023
LATITUDE: 36 34 N
LONGITUDE: 79 20 W
[TEMPERATURE DATA] [PRECIPITATION DATA] SYMBOLS USED IN COLUMN 16
AVERAGE MONTHLY: 59.1 TOTAL FOR MONTH: 5.40 1 = FOG OR MIST
DPTR FM NORMAL: 1.0 DPTR FM NORMAL: 1.87 2 = FOG REDUCING VISIBILITY
HIGHEST: 86 ON 20, 6 GRTST 24HR 1.51 ON 27-28 TO 1/4 MILE OR LESS
LOWEST: 31 ON 10 3 = THUNDER
SNOW, ICE PELLETS, HAIL 4 = ICE PELLETS
TOTAL MONTH: 0.0 INCH 5 = HAIL
GRTST 24HR 0.0 6 = FREEZING RAIN OR DRIZZLE
GRTST DEPTH: 0 7 = DUSTSTORM OR SANDSTORM:
VSBY 1/2 MILE OR LESS
8 = SMOKE OR HAZE
[NO. OF DAYS WITH] [WEATHER - DAYS WITH] 9 = BLOWING SNOW
X = TORNADO
MAX 32 OR BELOW: 0 0.01 INCH OR MORE: 9
MAX 90 OR ABOVE: 0 0.10 INCH OR MORE: 9
MIN 32 OR BELOW: 2 0.50 INCH OR MORE: 6
MIN 0 OR BELOW: 0 1.00 INCH OR MORE: 2
[HDD (BASE 65) ]
TOTAL THIS MO. 202 CLEAR (SCALE 0-3) 15
DPTR FM NORMAL -36 PTCLDY (SCALE 4-7) 10
TOTAL FM JUL 1 3237 CLOUDY (SCALE 8-10) 5
DPTR FM NORMAL -489
[CDD (BASE 65) ]
TOTAL THIS MO. 29
DPTR FM NORMAL 0 [PRESSURE DATA]
TOTAL FM JAN 1 39 HIGHEST SLP 30.50 ON 10
DPTR FM NORMAL 4 LOWEST SLP 29.22 ON 30
[REMARKS]
#FINAL-04-23#