000
CXUS51 KRNK 010553
CF6DAN
PRELIMINARY LOCAL CLIMATOLOGICAL DATA (WS FORM: F-6)
STATION: DANVILLE VA
MONTH: DECEMBER
YEAR: 2022
LATITUDE: 36 34 N
LONGITUDE: 79 20 W
TEMPERATURE IN F: :PCPN: SNOW: WIND :SUNSHINE: SKY :PK WND
================================================================================
1 2 3 4 5 6A 6B 7 8 9 10 11 12 13 14 15 16 17 18
12Z AVG MX 2MIN
DY MAX MIN AVG DEP HDD CDD WTR SNW DPTH SPD SPD DIR MIN PSBL S-S WX SPD DR
================================================================================
1 50 27 39 -5 26 0 0.00 0.0 0 M M M M M 0 M M
2 54 22 38 -6 27 0 0.00 0.0 0 M M M M M 3 M M
3 60 47 54 11 11 0 0.17 0.0 0 M M M M M 7 1 M M
4 51 28 40 -3 25 0 0.00 0.0 0 M M M M M 0 M M
5 47 25 36 -7 29 0 T 0.0 0 3.7 8 50 M M 3 9 50
6 47 41 44 1 21 0 0.09 0.0 0 0.6 8 330 M M 10 1 11 130
7 61 47 54 12 11 0 T 0.0 0 5.3 13 230 M M 10 1 16 240
8 61 49 55 13 10 0 T 0.0 0 5.0 13 60 M M 9 12 17 60
9 52 44 48 6 17 0 0.06 0.0 0 5.3 13 50 M M 10 1 16 60
10 48 43 46 4 19 0 0.00 0.0 0 3.7 9 50 M M 10 12 60
11 52 38 45 3 20 0 T 0.0 0 1.5 7 280 M M 8 11 250
12 50 30 40 -2 25 0 0.00 0.0 0 2.3 8 60 M M 3 11 60
13 45 28 37 -4 28 0 0.00 0.0 0 1.1 8 60 M M 5 11 40
14 44 27 36 -5 29 0 0.29 0.0 0 2.0 8 50 M M 6 1 10 50
15 39 34 37 -4 28 0 0.55 0.0 0 8.1 15 50 M M 10 1 19 40
16 52 27 40 -1 25 0 0.00 0.0 0 6.2 16 250 M M 1 1 21 230
17 51 26 39 -2 26 0 0.00 0.0 0 4.6 17 240 M M 0 22 240
18 46 21 34 -7 31 0 0.00 0.0 0 M M M M M M M M
19 47 17 32 -8 33 0 0.00 0.0 0 3.4 10 300 M M 1 14 280
20 40 25 33 -7 32 0 0.00 0.0 0 2.1 10 60 M M 4 14 60
21 46 22 34 -6 31 0 T 0.0 0 3.7 12 50 M M 6 15 50
22 42 35 39 -1 26 0 0.91 0.0 0 7.5 17 40 M M 10 1 23 40
23 47 9 28 -12 37 0 0.10 0.0 0 M M M M M M 1 M M
24 30 9 20 -20 45 0 0.00 0.0 0 M M M M M M M M
25 38 6 22 -18 43 0 0.00 0.0 0 M M M M M M M M
26 38 24 31 -9 34 0 0.00 0.0 0 M M M M M M M M
27 50 18 34 -5 31 0 0.00 0.0 0 M M M M M M M M
28 54 19 37 -2 28 0 0.00 0.0 0 2.2 12 240 M M 0 16 230
29 64 24 44 5 21 0 0.00 0.0 0 3.5 13 230 M M 0 17 230
30 68 28 48 9 17 0 0.00 0.0 0 1.2 9 150 M M 3 17 190
31 54 45 50 11 15 0 0.21 0.0 0 1.9 10 260 M M 9 12 13 270
================================================================================
SM 1528 885 801 0 2.38 0.0 74.9 M 128
================================================================================
AV 49.3 28.5 3.6 FASTST M M 5 MAX(MPH)
MISC ----> # 17 240 23 40
================================================================================
NOTES:
# LAST OF SEVERAL OCCURRENCES
COLUMN 17 PEAK WIND IN M.P.H.
PRELIMINARY LOCAL CLIMATOLOGICAL DATA (WS FORM: F-6) , PAGE 2
STATION: DANVILLE VA
MONTH: DECEMBER
YEAR: 2022
LATITUDE: 36 34 N
LONGITUDE: 79 20 W
[TEMPERATURE DATA] [PRECIPITATION DATA] SYMBOLS USED IN COLUMN 16
AVERAGE MONTHLY: 38.9 TOTAL FOR MONTH: 2.38 1 = FOG OR MIST
DPTR FM NORMAL: -2.1 DPTR FM NORMAL: -0.68 2 = FOG REDUCING VISIBILITY
HIGHEST: 68 ON 30 GRTST 24HR 0.91 ON 22-22 TO 1/4 MILE OR LESS
LOWEST: 6 ON 25 3 = THUNDER
SNOW, ICE PELLETS, HAIL 4 = ICE PELLETS
TOTAL MONTH: 0.0 INCH 5 = HAIL
GRTST 24HR 0.0 6 = FREEZING RAIN OR DRIZZLE
GRTST DEPTH: 0 7 = DUSTSTORM OR SANDSTORM:
VSBY 1/2 MILE OR LESS
8 = SMOKE OR HAZE
[NO. OF DAYS WITH] [WEATHER - DAYS WITH] 9 = BLOWING SNOW
X = TORNADO
MAX 32 OR BELOW: 1 0.01 INCH OR MORE: 8
MAX 90 OR ABOVE: 0 0.10 INCH OR MORE: 6
MIN 32 OR BELOW: 21 0.50 INCH OR MORE: 2
MIN 0 OR BELOW: 0 1.00 INCH OR MORE: 0
[HDD (BASE 65) ]
TOTAL THIS MO. 801 CLEAR (SCALE 0-3) 10
DPTR FM NORMAL 58 PTCLDY (SCALE 4-7) 7
TOTAL FM JUL 1 1530 CLOUDY (SCALE 8-10) 14
DPTR FM NORMAL 25
[CDD (BASE 65) ]
TOTAL THIS MO. 0
DPTR FM NORMAL 0 [PRESSURE DATA]
TOTAL FM JAN 1 1478 HIGHEST SLP M ON M
DPTR FM NORMAL 95 LOWEST SLP 29.63 ON 22
[REMARKS]
#FINAL-12-22#
DUE TO SCHEDULED MAINTENANCE AND SEVERAL EQUIPMENT OUTAGES IN
DECEMBER, VARIOUS WEATHER DATA WILL BE MISSING. TEMPERATURE AND
PRECIPITATION FOR DECEMBER 6-8, 18-19, AND 23-27 WILL BE PROVIDED
FROM A BACKUP SITE.