000
CXUS55 KDVN 011000
CF6DBQ
PRELIMINARY LOCAL CLIMATOLOGICAL DATA (WS FORM: F-6)
STATION: DUBUQUE IA
MONTH: AUGUST
YEAR: 2022
LATITUDE: 42 24 N
LONGITUDE: 90 42 W
TEMPERATURE IN F: :PCPN: SNOW: WIND :SUNSHINE: SKY :PK WND
================================================================================
1 2 3 4 5 6A 6B 7 8 9 10 11 12 13 14 15 16 17 18
12Z AVG MX 2MIN
DY MAX MIN AVG DEP HDD CDD WTR SNW DPTH SPD SPD DIR MIN PSBL S-S WX SPD DR
================================================================================
1 83 63 73 2 0 8 0.00 0.0 0 9.1 16 290 M M 2 26 280
2 87 60 74 3 0 9 0.00 0.0 0 12.1 29 180 M M 1 37 180
3 83 70 77 6 0 12 0.08 0.0 0 10.7 24 240 M M 3 3 42 230
4 85 65 75 4 0 10 0.00 0.0 0 8.0 14 20 M M 1 20 20
5 85 63 74 3 0 9 0.00 0.0 0 7.0 14 170 M M 1 1 19 180
6 90 71 81 10 0 16 0.05 0.0 0 9.3 16 180 M M 2 13 22 180
7 79 72 76 5 0 11 2.23 0.0 0 7.2 23 320 M M 8 13 31 320
8 78 63 71 0 0 6 0.98 0.0 0 8.2 21 280 M M 8 13 29 270
9 80 58 69 -2 0 4 0.00 0.0 0 1.6 9 130 M M 2 11 130
10 82 59 71 0 0 6 0.00 0.0 0 4.4 10 250 M M 0 13 290
11 78 63 71 0 0 6 0.00 0.0 0 8.0 13 120 M M 2 18 110
12 68 56 62 -8 3 0 0.01 0.0 0 6.9 15 160 M M 3 21 170
13 82 62 72 2 0 7 0.02 0.0 0 10.5 20 180 M M 5 29 200
14 72 65 69 -1 0 4 0.00 0.0 0 8.9 15 340 M M 10 1 19 340
15 75 60 68 -2 0 3 0.00 0.0 0 5.8 14 60 M M 3 12 18 50
16 80 58 69 -1 0 4 0.00 0.0 0 6.1 15 90 M M 0 1 19 90
17 81 55 68 -2 0 3 0.00 0.0 0 3.2 12 20 M M 1 16 30
18 79 56 68 -2 0 3 0.00 0.0 0 5.7 13 200 M M 1 17 200
19 80 63 72 2 0 7 0.15 0.0 0 12.0 23 230 M M 6 13 27 170
20 73 63 68 -2 0 3 0.72 0.0 0 7.2 16 150 M M 8 13 22 150
21 77 60 69 0 0 4 0.00 0.0 0 6.7 13 40 M M 7 12 17 20
22 81 57 69 0 0 4 0.00 0.0 0 3.2 9 340 M M 3 17 10
23 81 61 71 2 0 6 0.00 0.0 0 2.2 8 230 M M 5 11 270
24 82 58 70 1 0 5 0.18 0.0 0 6.5 15 210 M M 3 138 19 210
25 81 67 74 5 0 9 T 0.0 0 7.6 14 200 M M 6 12 19 300
26 79 64 72 4 0 7 0.00 0.0 0 5.7 9 50 M M 5 13 60
27 80 63 72 4 0 7 T 0.0 0 11.3 17 160 M M 3 1 23 160
28 79 69 74 6 0 9 0.97 0.0 0 11.2 21 230 M M 3 123 26 180
29 81 62 72 4 0 7 T 0.0 0 8.9 18 240 M M 3 1 23 260
30 78 60 69 1 0 4 0.00 0.0 0 10.8 23 320 M M 0 32 320
31 84 56 70 3 0 5 0.00 0.0 0 6.3 15 280 M M 0 19 260
================================================================================
SM 2483 1922 3 198 5.39 0.0 232.3 M 105
================================================================================
AV 80.1 62.0 7.5 FASTST M M 3 MAX(MPH)
MISC ----> 29 180 42 230
================================================================================
NOTES:
# LAST OF SEVERAL OCCURRENCES
COLUMN 17 PEAK WIND IN M.P.H.
PRELIMINARY LOCAL CLIMATOLOGICAL DATA (WS FORM: F-6) , PAGE 2
STATION: DUBUQUE IA
MONTH: AUGUST
YEAR: 2022
LATITUDE: 42 24 N
LONGITUDE: 90 42 W
[TEMPERATURE DATA] [PRECIPITATION DATA] SYMBOLS USED IN COLUMN 16
AVERAGE MONTHLY: 71.0 TOTAL FOR MONTH: 5.39 1 = FOG OR MIST
DPTR FM NORMAL: 1.2 DPTR FM NORMAL: 1.44 2 = FOG REDUCING VISIBILITY
HIGHEST: 90 ON 6 GRTST 24HR 3.08 ON 7- 8 TO 1/4 MILE OR LESS
LOWEST: 55 ON 17 3 = THUNDER
SNOW, ICE PELLETS, HAIL 4 = ICE PELLETS
TOTAL MONTH: 0.0 INCH 5 = HAIL
GRTST 24HR 0.0 6 = FREEZING RAIN OR DRIZZLE
GRTST DEPTH: 0 7 = DUSTSTORM OR SANDSTORM:
VSBY 1/2 MILE OR LESS
8 = SMOKE OR HAZE
[NO. OF DAYS WITH] [WEATHER - DAYS WITH] 9 = BLOWING SNOW
X = TORNADO
MAX 32 OR BELOW: 0 0.01 INCH OR MORE: 10
MAX 90 OR ABOVE: 1 0.10 INCH OR MORE: 6
MIN 32 OR BELOW: 0 0.50 INCH OR MORE: 4
MIN 0 OR BELOW: 0 1.00 INCH OR MORE: 1
[HDD (BASE 65) ]
TOTAL THIS MO. 3 CLEAR (SCALE 0-3) 20
DPTR FM NORMAL -15 PTCLDY (SCALE 4-7) 8
TOTAL FM JUL 1 3 CLOUDY (SCALE 8-10) 3
DPTR FM NORMAL -18
[CDD (BASE 65) ]
TOTAL THIS MO. 198
DPTR FM NORMAL 32 [PRESSURE DATA]
TOTAL FM JAN 1 739 HIGHEST SLP 30.34 ON 12
DPTR FM NORMAL 172 LOWEST SLP 29.71 ON 28
[REMARKS]
#FINAL-08-22#