000
CXUS53 KDDC 011444
CF6DDC
PRELIMINARY LOCAL CLIMATOLOGICAL DATA (WS FORM: F-6)
STATION: DODGE CITY KS
MONTH: APRIL
YEAR: 2020
LATITUDE: 37 46 N
LONGITUDE: 99 58 W
TEMPERATURE IN F: :PCPN: SNOW: WIND :SUNSHINE: SKY :PK WND
================================================================================
1 2 3 4 5 6A 6B 7 8 9 10 11 12 13 14 15 16 17 18
12Z AVG MX 2MIN
DY MAX MIN AVG DEP HDD CDD WTR SNW DPTH SPD SPD DIR MIN PSBL S-S WX SPD DR
================================================================================
1 75 47 61 12 4 0 0.00 0.0 0 21.5 35 170 M M 0 8 43 180
2 55 25 40 -9 25 0 0.00 0.0 0 21.0 32 360 M M 5 18 43 360
3 49 23 36 -14 29 0 0.00 0.0 0 18.0 31 350 M M 3 40 360
4 55 20 38 -12 27 0 0.00 0.0 0 8.0 16 110 M M 1 18 23 130
5 67 32 50 0 15 0 0.00 0.0 0 17.0 29 160 M M 5 128 37 160
6 86 53 70 19 0 5 0.00 0.0 0 16.5 29 210 M M 3 8 39 200
7 86 51 69 18 0 4 0.00 0.0 0 12.8 23 30 M M 0 32 40
8 83 45 64 13 1 0 0.00 0.0 0 13.8 28 20 M M 0 36 20
9 63 36 50 -2 15 0 0.00 0.0 0 9.0 18 70 M M 2 26 40
10 73 33 53 1 12 0 0.00 0.0 0 16.5 31 190 M M 2 42 190
11 84 50 67 15 0 2 0.00 0.0 0 13.0 24 170 M M 0 31 250
12 59 27 43 -10 22 0 T T 0 25.7 44 360 M M 5 18 56 360
13 40 24 32 -21 33 0 0.00 0.0 0 8.2 20 10 M M 9 27 360
14 51 26 39 -14 26 0 0.00 0.0 0 10.1 23 260 M M 5 37 270
15 63 23 43 -11 22 0 0.00 0.0 0 8.6 21 170 M M 0 29 260
16 70 31 51 -3 14 0 0.00 0.0 0 17.1 39 360 M M 2 49 360
17 57 30 44 -10 21 0 T T 0 12.3 30 10 M M 5 1 39 10
18 73 35 54 -1 11 0 0.17 0.0 0 16.0 32 190 M M 1 38 44 190
19 71 39 55 0 10 0 0.20 0.0 0 7.6 20 100 M M 2 123 29 320
20 75 41 58 3 7 0 0.00 0.0 0 8.4 20 310 M M 1 18 24 350
21 72 44 58 2 7 0 0.04 0.0 0 7.7 17 130 M M 3 18 25 190
22 65 50 58 2 7 0 0.59 0.0 0 10.8 32 360 M M 6 13 42 360
23 79 46 63 7 2 0 T 0.0 0 9.6 28 230 M M 0 38 250
24 61 42 52 -5 13 0 T 0.0 0 15.1 29 350 M M 4 39 360
25 71 40 56 -1 9 0 0.00 0.0 0 10.8 22 360 M M 1 31 320
26 80 43 62 4 3 0 0.00 0.0 0 13.9 31 200 M M 0 8 42 200
27 85 47 66 8 0 1 0.00 0.0 0 8.6 18 150 M M 0 8 25 40
28 82 48 65 7 0 0 0.00 0.0 0 15.2 32 10 M M 0 43 360
29 74 43 59 0 6 0 0.00 0.0 0 15.1 31 350 M M 0 8 44 350
30 86 44 65 6 0 0 0.00 0.0 0 14.5 25 160 M M 0 34 170
================================================================================
SM 2090 1138 341 12 1.00 T 402.4 M 65
================================================================================
AV 69.7 37.9 13.4 FASTST M M 2 MAX(MPH)
MISC ----> 44 360 56 360
================================================================================
NOTES:
# LAST OF SEVERAL OCCURRENCES
COLUMN 17 PEAK WIND IN M.P.H.
PRELIMINARY LOCAL CLIMATOLOGICAL DATA (WS FORM: F-6) , PAGE 2
STATION: DODGE CITY KS
MONTH: APRIL
YEAR: 2020
LATITUDE: 37 46 N
LONGITUDE: 99 58 W
[TEMPERATURE DATA] [PRECIPITATION DATA] SYMBOLS USED IN COLUMN 16
AVERAGE MONTHLY: 53.8 TOTAL FOR MONTH: 1.00 1 = FOG OR MIST
DPTR FM NORMAL: -0.1 DPTR FM NORMAL: -0.82 2 = FOG REDUCING VISIBILITY
HIGHEST: 86 ON 30, 7 GRTST 24HR 0.63 ON 21-22 TO 1/4 MILE OR LESS
LOWEST: 20 ON 4 3 = THUNDER
SNOW, ICE PELLETS, HAIL 4 = ICE PELLETS
TOTAL MONTH: T 5 = HAIL
GRTST 24HR T ON 17-17 6 = FREEZING RAIN OR DRIZZLE
GRTST DEPTH: 0 7 = DUSTSTORM OR SANDSTORM:
VSBY 1/2 MILE OR LESS
8 = SMOKE OR HAZE
[NO. OF DAYS WITH] [WEATHER - DAYS WITH] 9 = BLOWING SNOW
X = TORNADO
MAX 32 OR BELOW: 0 0.01 INCH OR MORE: 4
MAX 90 OR ABOVE: 0 0.10 INCH OR MORE: 3
MIN 32 OR BELOW: 10 0.50 INCH OR MORE: 1
MIN 0 OR BELOW: 0 1.00 INCH OR MORE: 0
[HDD (BASE 65) ]
TOTAL THIS MO. 341 CLEAR (SCALE 0-3) 21
DPTR FM NORMAL -11 PTCLDY (SCALE 4-7) 8
TOTAL FM JUL 1 4547 CLOUDY (SCALE 8-10) 1
DPTR FM NORMAL -292
[CDD (BASE 65) ]
TOTAL THIS MO. 12
DPTR FM NORMAL -6 [PRESSURE DATA]
TOTAL FM JAN 1 12 HIGHEST SLP 30.36 ON 14
DPTR FM NORMAL -7 LOWEST SLP 29.28 ON 12
[REMARKS]
#FINAL-04-20#