000
CXUS53 KDDC 311604
CLADDC
CLIMATE REPORT
NATIONAL WEATHER SERVICE DODGE CITY, KANSAS
1140 AM CST TUE JAN 03 2023
...................................
...THE DODGE CITY KS CLIMATE SUMMARY FOR THE YEAR OF 2022...
CLIMATE NORMAL PERIOD 1991 TO 2020
CLIMATE RECORD PERIOD 1875 TO 2023
WEATHER OBSERVED NORMAL DEPART LAST YEAR`S
VALUE DATE(S) VALUE FROM VALUE DATE(S)
NORMAL
................................................................
TEMPERATURE (F)
RECORD
HIGH 111 06/27/2012
LOW -26 02/12/1899
HIGHEST 109 07/15 MM MM MM
07/16
07/19
LOWEST -8 12/22 MM MM MM
AVG. MAXIMUM 71.3 69.4 1.9 MM
AVG. MINIMUM 41.4 42.5 -1.1 MM
MEAN 56.4 55.9 0.5 MM
DAYS MAX >= 90 101 70.9 30.1 MM
DAYS MAX <= 32 18 19.1 -1.1 MM
DAYS MIN <= 32 143 127.5 15.5 MM
DAYS MIN <= 0 6 2.1 3.9 MM
PRECIPITATION (INCHES)
RECORD
MAXIMUM 34.29 1944
MINIMUM 9.97 1956
TOTALS 11.80 22.00 -10.20 MM
DAYS >= .01 58 74.2 -16.2 MM
DAYS >= .10 28 40.9 -12.9 MM
DAYS >= .50 3 13.9 -10.9 MM
DAYS >= 1.00 3 5.2 -2.2 MM
GREATEST
24 HR. TOTAL 2.14 07/29 TO 07/30 MM
SNOWFALL (INCHES)
RECORDS
TOTAL 44.7 1948
24 HR TOTAL 15.0 02/25/1912 TO 02/25/1912
SNOW DEPTH 14 03/13/1999
11/26/1992
03/26/1957
TOTALS 22.6 19.1 3.5 MM
SINCE 7/1 2.6 6.0 -3.4 MM
SNOWDEPTH AVG. 0 MM
DAYS >= 1.0 7 5.4 1.6 MM
GREATEST
SNOW DEPTH 8 01/26 MM
24 HR TOTAL 8.3 01/25 TO 01/25 MM
DEGREE DAYS
HEATING TOTAL 5011 4815 196 MM
SINCE 7/1 1940 1944 -4 MM
COOLING TOTAL 1998 1549 449 MM
SINCE 1/1 1998 1547 451 MM
................................................................
WIND (MPH)
AVERAGE WIND SPEED 13.3
RESULTANT WIND SPEED/DIRECTION 2/180
HIGHEST WIND SPEED/DIRECTION 52/190 DATE 05/11
HIGHEST GUST SPEED/DIRECTION 76/190 DATE 05/11
SKY COVER
POSSIBLE SUNSHINE (PERCENT) MM
AVERAGE SKY COVER 0.17
NUMBER OF DAYS FAIR 291
NUMBER OF DAYS PC 57
NUMBER OF DAYS CLOUDY 17
AVERAGE RH (PERCENT) 54
WEATHER CONDITIONS. NUMBER OF DAYS WITH
THUNDERSTORM 32 MIXED PRECIP 0
HEAVY RAIN 11 RAIN 22
LIGHT RAIN 63 FREEZING RAIN 0
LT FREEZING RAIN 2 HAIL 0
HEAVY SNOW 2 SNOW 6
LIGHT SNOW 26 SLEET 0
FOG 100 FOG W/VIS <= 1/4 MILE 14
HAZE 141
- INDICATES NEGATIVE NUMBERS.
R INDICATES RECORD WAS SET OR TIED.
MM INDICATES DATA IS MISSING.
T INDICATES TRACE AMOUNT.
$$