000
CXUS55 KALY 010810
CF6DDH
PRELIMINARY LOCAL CLIMATOLOGICAL DATA (WS FORM: F-6)
STATION: BENNINGTON VT
MONTH: FEBRUARY
YEAR: 2024
LATITUDE: 42 53 N
LONGITUDE: 73 15 W
TEMPERATURE IN F: :PCPN: SNOW: WIND :SUNSHINE: SKY :PK WND
================================================================================
1 2 3 4 5 6A 6B 7 8 9 10 11 12 13 14 15 16 17 18
12Z AVG MX 2MIN
DY MAX MIN AVG DEP HDD CDD WTR SNW DPTH SPD SPD DIR MIN PSBL S-S WX SPD DR
================================================================================
1 38 32 35 13 30 0 T M M 2.2 9 240 M M 10 18 13 240
2 42 28 35 13 30 0 T M M 5.0 15 330 M M 10 1 25 330
3 33 25 29 6 36 0 0.00 M M 6.9 15 320 M M 6 23 340
4 38 17 28 5 37 0 0.00 M M 4.6 14 330 M M 0 21 320
5 35 16 26 3 39 0 0.00 M M 4.5 15 330 M M 0 24 320
6 37 15 26 3 39 0 0.00 M M 1.7 12 280 M M 0 15 270
7 41 16 29 6 36 0 0.00 M M 1.6 8 260 M M 2 12 320
8 52 22 37 14 28 0 0.00 M M 2.2 12 170 M M 0 19 180
9 56 38 47 23 18 0 0.00 M M 5.9 16 200 M M 2 23 210
10 60 31 46 22 19 0 0.19 M M 2.6 15 290 M M 5 1 27 310
11 43 27 35 11 30 0 0.00 M M 6.7 15 270 M M 7 27 290
12 37 25 31 7 34 0 0.00 M M 1.2 8 350 M M 10 12 330
13 36 25 31 7 34 0 T M M 3.9 13 330 M M 7 8 20 290
14 32 20 26 2 39 0 T M M 12.1 23 280 M M 3 38 280
15 34 13 24 -1 41 0 0.08 M M 2.8 17 170 M M 3 18 25 180
16 34 23 29 4 36 0 T M M 10.4 22 300 M M 8 8 37 290
17 30 18 24 -1 41 0 0.04 M M 6.1 18 280 M M 9 18 29 280
18 30 11 21 -4 44 0 0.00 M M 4.3 16 210 M M 9 26 220
19 30 13 22 -4 43 0 T M M 9.3 20 280 M M 3 35 280
20 36 5 21 -5 44 0 0.00 M M 1.3 7 140 M M 0 13 200
21 42 12 27 1 38 0 0.00 M M 4.6 15 140 M M 0 20 130
22 42 22 32 6 33 0 T M M 5.2 13 150 M M 4 20 180
23 40 27 34 7 31 0 0.08 M M 0.6 6 360 M M 9 12 7 350
24 33 14 24 -3 41 0 0.00 M M 7.1 17 330 M M 5 12 26 330
25 39 7 23 -4 42 0 0.00 M M 3.5 10 170 M M 0 17 220
26 56 29 43 15 22 0 0.00 M M 3.6 12 290 M M 3 21 290
27 66 27 47 19 18 0 0.01 M M 8.7 22 170 M M 1 37 200
28 59 29 44 16 21 0 0.46 M M 11.8 29 270 M M 10 1 47 270
29 29 20 25 -3 40 0 0.00 M M 14.6 22 280 M M 7 51 270
================================================================================
SM 1180 607 984 0 0.86 M 155.0 M 133
================================================================================
AV 40.7 20.9 5.3 FASTST M M 5 MAX(MPH)
MISC ----> 29 270 51 270
================================================================================
NOTES:
# LAST OF SEVERAL OCCURRENCES
COLUMN 17 PEAK WIND IN M.P.H.
PRELIMINARY LOCAL CLIMATOLOGICAL DATA (WS FORM: F-6) , PAGE 2
STATION: BENNINGTON VT
MONTH: FEBRUARY
YEAR: 2024
LATITUDE: 42 53 N
LONGITUDE: 73 15 W
[TEMPERATURE DATA] [PRECIPITATION DATA] SYMBOLS USED IN COLUMN 16
AVERAGE MONTHLY: 30.8 TOTAL FOR MONTH: 0.86 1 = FOG OR MIST
DPTR FM NORMAL: 6.0 DPTR FM NORMAL: -1.08 2 = FOG REDUCING VISIBILITY
HIGHEST: 66 ON 27 GRTST 24HR 0.46 ON 28-28 TO 1/4 MILE OR LESS
LOWEST: 5 ON 20 3 = THUNDER
SNOW, ICE PELLETS, HAIL 4 = ICE PELLETS
TOTAL MONTH: M 5 = HAIL
GRTST 24HR M ON M 6 = FREEZING RAIN OR DRIZZLE
GRTST DEPTH: M ON M 7 = DUSTSTORM OR SANDSTORM:
VSBY 1/2 MILE OR LESS
8 = SMOKE OR HAZE
[NO. OF DAYS WITH] [WEATHER - DAYS WITH] 9 = BLOWING SNOW
X = TORNADO
MAX 32 OR BELOW: 5 0.01 INCH OR MORE: 6
MAX 90 OR ABOVE: 0 0.10 INCH OR MORE: 2
MIN 32 OR BELOW: 28 0.50 INCH OR MORE: 0
MIN 0 OR BELOW: 0 1.00 INCH OR MORE: 0
[HDD (BASE 65) ]
TOTAL THIS MO. 984 CLEAR (SCALE 0-3) 12
DPTR FM NORMAL -142 PTCLDY (SCALE 4-7) 9
TOTAL FM JUL 1 4392 CLOUDY (SCALE 8-10) 8
DPTR FM NORMAL -761
[CDD (BASE 65) ]
TOTAL THIS MO. 0
DPTR FM NORMAL 0 [PRESSURE DATA]
TOTAL FM JAN 1 0 HIGHEST SLP 30.49 ON 21
DPTR FM NORMAL 0 LOWEST SLP 29.34 ON 28
[REMARKS]
#FINAL-02-24#