000
CXUS53 KILX 011000
CF6DEC
PRELIMINARY LOCAL CLIMATOLOGICAL DATA (WS FORM: F-6)
STATION: DECATUR IL AIRPORT
MONTH: FEBRUARY
YEAR: 2023
LATITUDE: 39 49 N
LONGITUDE: 88 51 W
TEMPERATURE IN F: :PCPN: SNOW: WIND :SUNSHINE: SKY :PK WND
================================================================================
1 2 3 4 5 6A 6B 7 8 9 10 11 12 13 14 15 16 17 18
12Z AVG MX 2MIN
DY MAX MIN AVG DEP HDD CDD WTR SNW DPTH SPD SPD DIR MIN PSBL S-S WX SPD DR
================================================================================
1 29 8 19 -9 46 0 0.00 M M 5.7 14 210 M M 0 19 220
2 47 17 32 4 33 0 0.00 M M 12.7 26 330 M M 0 36 330
3 21 7 14 -14 51 0 0.00 M M 9.3 23 330 M M 1 30 330
4 48 15 32 4 33 0 0.00 M M 18.8 29 210 M M 0 38 220
5 56 27 42 13 23 0 0.00 M M 12.4 23 280 M M 0 31 280
6 51 21 36 7 29 0 0.00 M M 13.2 25 140 M M 1 18 35 150
7 53 34 44 15 21 0 0.00 M M 10.2 23 200 M M 2 30 200
8 44 27 36 7 29 0 0.09 M M 7.4 17 90 M M 4 1 21 90
9 56 37 47 17 18 0 0.38 M M 17.8 38 220 M M 10 1 54 220
10 42 25 34 4 31 0 0.00 M M 9.8 20 290 M M 5 1 26 280
11 46 20 33 3 32 0 0.00 M M 3.0 8 350 M M 0 10 180
12 53 19 36 5 29 0 0.00 M M 6.1 15 200 M M 0 1 19 210
13 58 29 44 13 21 0 0.00 M M 7.2 16 300 M M 0 22 310
14 55 29 42 11 23 0 0.01 M M 16.4 31 180 M M 5 45 170
15 54 36 45 13 20 0 0.00 M M 15.2 30 190 M M 2 42 190
16 40 29 35 3 30 0 0.22 M M 15.5 29 330 M M 10 13 38 350
17 32 23 28 -4 37 0 T M M 11.1 28 340 M M 6 1 35 350
18 50 25 38 6 27 0 0.00 M M 16.3 23 220 M M 0 31 230
19 57 38 48 15 17 0 0.00 M M 14.5 25 230 M M 1 35 220
20 58 27 43 10 22 0 0.00 M M 6.5 18 270 M M 0 1 24 280
21 48 35 42 8 23 0 T M M 10.3 23 300 M M 4 35 280
22 50 42 46 12 19 0 0.79 M M 7.8 35 350 M M 9 13 48 320
23 53 25 39 5 26 0 0.00 M M 14.5 24 290 M M 4 1 35 300
24 36 20 28 -7 37 0 0.00 M M 12.4 25 110 M M 5 32 110
25 39 26 33 -2 32 0 T M M 5.0 14 40 M M 7 1 18 30
26 55 25 40 5 25 0 0.00 M M 6.1 17 130 M M 3 1 23 140
27 61 46 54 18 11 0 0.68 M M 22.3 39 230 M M 9 13 52 230
28 51 39 45 9 20 0 0.00 M M 10.7 20 110 M M 7 27 320
================================================================================
SM 1343 751 765 0 2.17 M 318.2 M 95
================================================================================
AV 48.0 26.8 11.4 FASTST M M 3 MAX(MPH)
MISC ----> 39 230 54 220
================================================================================
NOTES:
# LAST OF SEVERAL OCCURRENCES
COLUMN 17 PEAK WIND IN M.P.H.
PRELIMINARY LOCAL CLIMATOLOGICAL DATA (WS FORM: F-6) , PAGE 2
STATION: DECATUR IL AIRPORT
MONTH: FEBRUARY
YEAR: 2023
LATITUDE: 39 49 N
LONGITUDE: 88 51 W
[TEMPERATURE DATA] [PRECIPITATION DATA] SYMBOLS USED IN COLUMN 16
AVERAGE MONTHLY: 37.4 TOTAL FOR MONTH: 2.17 1 = FOG OR MIST
DPTR FM NORMAL: 5.8 DPTR FM NORMAL: 0.33 2 = FOG REDUCING VISIBILITY
HIGHEST: 61 ON 27 GRTST 24HR 0.79 ON 21-22 TO 1/4 MILE OR LESS
LOWEST: 7 ON 3 3 = THUNDER
SNOW, ICE PELLETS, HAIL 4 = ICE PELLETS
TOTAL MONTH: M 5 = HAIL
GRTST 24HR M ON M 6 = FREEZING RAIN OR DRIZZLE
GRTST DEPTH: M ON M 7 = DUSTSTORM OR SANDSTORM:
VSBY 1/2 MILE OR LESS
8 = SMOKE OR HAZE
[NO. OF DAYS WITH] [WEATHER - DAYS WITH] 9 = BLOWING SNOW
X = TORNADO
MAX 32 OR BELOW: 3 0.01 INCH OR MORE: 6
MAX 90 OR ABOVE: 0 0.10 INCH OR MORE: 4
MIN 32 OR BELOW: 20 0.50 INCH OR MORE: 2
MIN 0 OR BELOW: 0 1.00 INCH OR MORE: 0
[HDD (BASE 65) ]
TOTAL THIS MO. 765 CLEAR (SCALE 0-3) 14
DPTR FM NORMAL -170 PTCLDY (SCALE 4-7) 10
TOTAL FM JUL 1 3741 CLOUDY (SCALE 8-10) 4
DPTR FM NORMAL -432
[CDD (BASE 65) ]
TOTAL THIS MO. 0
DPTR FM NORMAL 0 [PRESSURE DATA]
TOTAL FM JAN 1 0 HIGHEST SLP 30.69 ON 3
DPTR FM NORMAL 0 LOWEST SLP 29.14 ON 27
[REMARKS]
#FINAL-02-23#