782
CXUS54 KSHV 061419
CF6DEQ
PRELIMINARY LOCAL CLIMATOLOGICAL DATA (WS FORM: F-6)
STATION: DE QUEEN
MONTH: FEBRUARY
YEAR: 2021
LATITUDE: 34 2 N
LONGITUDE: 94 24 W
TEMPERATURE IN F: :PCPN: SNOW: WIND :SUNSHINE: SKY :PK WND
================================================================================
1 2 3 4 5 6A 6B 7 8 9 10 11 12 13 14 15 16 17 18
12Z AVG MX 2MIN
DY MAX MIN AVG DEP HDD CDD WTR SNW DPTH SPD SPD DIR MIN PSBL S-S WX SPD DR
================================================================================
1 58 31 45 3 20 0 0.00 0.0 0 4.1 17 310 M M 0 21 330
2 57 29 43 1 22 0 0.00 0.0 0 2.3 7 150 M M 0 10 140
3 59 30 45 3 20 0 0.00 0.0 0 6.2 14 120 M M 1 18 110
4 65 31 48 5 17 0 0.00 0.0 0 5.5 23 310 M M 6 18 33 310
5 56 26 41 -2 24 0 0.00 0.0 0 1.7 10 220 M M 3 1 16 240
6 47 34 41 -2 24 0 0.26 0.0 0 5.7 15 100 M M 9 1 19 90
7 43 32 38 -5 27 0 0.00 0.0 0 6.0 14 100 M M 9 1 17 110
8 47 38 43 0 22 0 0.00 0.0 0 7.6 13 100 M M 10 1 17 110
9 49 43 46 2 19 0 T 0.0 0 5.2 9 100 M M 10 1 13 90
10 43 37 40 -4 25 0 0.19 0.0 0 5.3 9 40 M M 10 1 M M
11 37 31 34 -10 31 0 0.00 T 0 6.0 12 30 M M 10 13 15 360
12 33 30 32 -12 33 0 0.00 0.0 0 7.3 13 30 M M 10 1 19 20
13 33 23 28 -17 37 0 0.00 0.0 0 7.0 14 50 M M 9 1 18 30
14 25 16 21 -24 44 0 0.10 2.0 0 8.7 14 30 M M 10 18 19 360
15 20 2 11 -34 54 0 0.18 4.0 6 8.8 13 360 M M 9 18 18 360
16 24 -8 8 -37 57 0 T T 6 3.7 15 90 M M 5 18 90
17 26 18 22 -24 43 0 0.20 2.2 7 6.7 13 120 M M 10 1 17 120
18 37 19 28 -18 37 0 T T 8 4.0 12 30 M M 4 1 16 40
19 40 9 25 -21 40 0 0.00 0.0 6 1.5 9 260 M M 0 1 12 260
20 50 19 35 -11 30 0 0.00 0.0 3 3.0 10 120 M M 0 1 13 120
21 56 29 43 -4 22 0 0.00 0.0 1 4.1 13 160 M M 7 17 160
22 66 27 47 0 18 0 0.00 0.0 0 2.9 15 260 M M 1 12 22 250
23 77 30 54 7 11 0 0.00 0.0 0 4.6 18 180 M M 0 23 220
24 71 41 56 8 9 0 0.00 0.0 0 3.9 10 40 M M 5 14 40
25 61 37 49 1 16 0 T 0.0 0 8.4 21 100 M M 6 13 25 110
26 52 43 48 0 17 0 0.02 0.0 0 2.4 17 110 M M 10 13 23 60
27 57 49 53 4 12 0 T 0.0 0 5.2 12 90 M M 10 13 14 80
28 75 52 64 15 1 0 0.31 0.0 0 5.1 15 200 M M 9 13 23 210
================================================================================
SM 1364 798 732 0 1.26 8.2 142.9 M 173
================================================================================
AV 48.7 28.5 5.1 FASTST M M 6 MAX(MPH)
MISC ----> 23 310 33 310
================================================================================
NOTES:
# LAST OF SEVERAL OCCURRENCES
COLUMN 17 PEAK WIND IN M.P.H.
PRELIMINARY LOCAL CLIMATOLOGICAL DATA (WS FORM: F-6) , PAGE 2
STATION: DE QUEEN
MONTH: FEBRUARY
YEAR: 2021
LATITUDE: 34 2 N
LONGITUDE: 94 24 W
[TEMPERATURE DATA] [PRECIPITATION DATA] SYMBOLS USED IN COLUMN 16
AVERAGE MONTHLY: 38.6 TOTAL FOR MONTH: 1.26 1 = FOG OR MIST
DPTR FM NORMAL: -6.6 DPTR FM NORMAL: -2.42 2 = FOG REDUCING VISIBILITY
HIGHEST: 77 ON 23 GRTST 24HR 0.31 ON 28-28 TO 1/4 MILE OR LESS
LOWEST: -8 ON 16 3 = THUNDER
SNOW, ICE PELLETS, HAIL 4 = ICE PELLETS
TOTAL MONTH: 8.2 INCHES 5 = HAIL
GRTST 24HR 4.0 ON 15-15 6 = FREEZING RAIN OR DRIZZLE
GRTST DEPTH: 8 ON 18 7 = DUSTSTORM OR SANDSTORM:
VSBY 1/2 MILE OR LESS
8 = SMOKE OR HAZE
[NO. OF DAYS WITH] [WEATHER - DAYS WITH] 9 = BLOWING SNOW
X = TORNADO
MAX 32 OR BELOW: 4 0.01 INCH OR MORE: 7
MAX 90 OR ABOVE: 0 0.10 INCH OR MORE: 6
MIN 32 OR BELOW: 19 0.50 INCH OR MORE: 0
MIN 0 OR BELOW: 1 1.00 INCH OR MORE: 0
[HDD (BASE 65) ]
TOTAL THIS MO. 732 CLEAR (SCALE 0-3) 7
DPTR FM NORMAL 177 PTCLDY (SCALE 4-7) 7
TOTAL FM JUL 1 2430 CLOUDY (SCALE 8-10) 14
DPTR FM NORMAL -61
[CDD (BASE 65) ]
TOTAL THIS MO. 0
DPTR FM NORMAL -1 [PRESSURE DATA]
TOTAL FM JAN 1 0 HIGHEST SLP 30.54 ON 19
DPTR FM NORMAL -1 LOWEST SLP 29.65 ON 4
[REMARKS]
#FINAL-02-21#