000
CXUS56 KOTX 010910
CF6DEW
PRELIMINARY LOCAL CLIMATOLOGICAL DATA (WS FORM: F-6)
STATION: DEER_PARK WA AIRPORT
MONTH: AUGUST
YEAR: 2023
LATITUDE: 47 58 N
LONGITUDE: 117 25 W
TEMPERATURE IN F: :PCPN: SNOW: WIND :SUNSHINE: SKY :PK WND
================================================================================
1 2 3 4 5 6A 6B 7 8 9 10 11 12 13 14 15 16 17 18
12Z AVG MX 2MIN
DY MAX MIN AVG DEP HDD CDD WTR SNW DPTH SPD SPD DIR MIN PSBL S-S WX SPD DR
================================================================================
1 91 42 67 -1 0 2 0.00 M M 4.0 14 220 M M 0 19 190
2 94 43 69 1 0 4 0.00 M M 4.1 15 200 M M 0 20 200
3 94 47 71 3 0 6 0.00 M M 3.7 15 280 M M 0 19 290
4 92 49 71 3 0 6 0.00 M M 6.0 23 220 M M 0 31 220
5 85 59 72 4 0 7 0.00 M M 4.8 20 50 M M 2 8 25 50
6 84 60 72 4 0 7 0.00 M M 5.6 14 210 M M 1 18 200
7 84 55 70 2 0 5 T M M 5.8 22 250 M M 4 3 29 260
8 85 51 68 0 0 3 0.00 M M 5.8 15 220 M M 2 128 21 110
9 83 52 68 1 0 3 0.01 M M 6.4 17 190 M M 4 22 210
10 82 50 66 -1 0 1 0.00 M M 4.5 15 190 M M 2 19 220
11 87 44 66 -1 0 1 0.00 M M 5.2 18 220 M M 0 24 220
12 88 47 68 1 0 3 0.00 M M 3.2 12 210 M M 0 16 210
13 95 51 73 7 0 8 0.00 M M 5.5 16 60 M M 0 20 40
14 99 56 78 12 0 13 0.00 M M 3.4 9 250 M M 0 13 250
15 103 56 80 14 0 15 0.00 M M 3.7 13 260 M M 0 17 220
16 101 59 80 14 0 15 0.00 M M 4.0 13 240 M M 2 16 240
17 102 56 79 13 0 14 0.00 M M 7.3 22 230 M M 2 8 28 220
18 92 55 74 9 0 9 0.00 M M 12.7 30 220 M M 3 8 41 210
19 80 40 60 -5 5 0 0.00 M M 5.9 13 360 M M 10 8 19 50
20 82 51 67 2 0 2 0.00 M M 5.9 16 60 M M 10 8 20 60
21 82 59 71 7 0 6 0.00 M M 7.5 15 170 M M 3 8 22 60
22 64 53 59 -5 6 0 0.54 M M 4.1 15 200 M M 7 128 20 200
23 73 45 59 -5 6 0 0.00 M M 5.8 16 230 M M 4 12 23 210
24 81 40 61 -3 4 0 0.00 M M 4.7 12 40 M M 0 15 40
25 80 48 64 1 1 0 0.00 M M 6.4 20 50 M M 2 24 50
26 91 47 69 6 0 4 0.00 M M 4.8 13 30 M M 0 18 40
27 95 60 78 15 0 13 0.00 M M 5.9 15 20 M M 1 20 20
28 97 56 77 15 0 12 0.00 M M 4.9 14 80 M M 0 18 70
29 84 58 71 9 0 6 0.47 M M 9.1 24 330 M M 4 13 30 160
30 58 55 57 -5 8 0 0.95 M M 6.9 20 220 M M 10 1 25 220
31 68 52 60 -2 5 0 0.07 M M 4.0 12 140 M M 7 1 14 150
================================================================================
SM 2676 1596 35 165 2.04 M 171.6 M 80
================================================================================
AV 86.3 51.5 5.5 FASTST M M 3 MAX(MPH)
MISC ----> 30 220 41 210
================================================================================
NOTES:
# LAST OF SEVERAL OCCURRENCES
COLUMN 17 PEAK WIND IN M.P.H.
PRELIMINARY LOCAL CLIMATOLOGICAL DATA (WS FORM: F-6) , PAGE 2
STATION: DEER_PARK WA AIRPORT
MONTH: AUGUST
YEAR: 2023
LATITUDE: 47 58 N
LONGITUDE: 117 25 W
[TEMPERATURE DATA] [PRECIPITATION DATA] SYMBOLS USED IN COLUMN 16
AVERAGE MONTHLY: 68.9 TOTAL FOR MONTH: 2.04 1 = FOG OR MIST
DPTR FM NORMAL: 3.4 DPTR FM NORMAL: 1.31 2 = FOG REDUCING VISIBILITY
HIGHEST: 103 ON 15 GRTST 24HR 1.42 ON 29-30 TO 1/4 MILE OR LESS
LOWEST: 40 ON 24,19 3 = THUNDER
SNOW, ICE PELLETS, HAIL 4 = ICE PELLETS
TOTAL MONTH: M 5 = HAIL
GRTST 24HR M ON M 6 = FREEZING RAIN OR DRIZZLE
GRTST DEPTH: M ON M 7 = DUSTSTORM OR SANDSTORM:
VSBY 1/2 MILE OR LESS
8 = SMOKE OR HAZE
[NO. OF DAYS WITH] [WEATHER - DAYS WITH] 9 = BLOWING SNOW
X = TORNADO
MAX 32 OR BELOW: 0 0.01 INCH OR MORE: 5
MAX 90 OR ABOVE: 13 0.10 INCH OR MORE: 3
MIN 32 OR BELOW: 0 0.50 INCH OR MORE: 2
MIN 0 OR BELOW: 0 1.00 INCH OR MORE: 0
[HDD (BASE 65) ]
TOTAL THIS MO. 35 CLEAR (SCALE 0-3) 21
DPTR FM NORMAL -31 PTCLDY (SCALE 4-7) 7
TOTAL FM JUL 1 50 CLOUDY (SCALE 8-10) 3
DPTR FM NORMAL -74
[CDD (BASE 65) ]
TOTAL THIS MO. 165
DPTR FM NORMAL 84 [PRESSURE DATA]
TOTAL FM JAN 1 398 HIGHEST SLP M ON M
DPTR FM NORMAL 196 LOWEST SLP 29.57 ON 18
[REMARKS]
#FINAL-08-23#