000
CXUS54 KFWD 010730
CF6DFW
PRELIMINARY LOCAL CLIMATOLOGICAL DATA (WS FORM: F-6)
STATION: DALLAS/FORT WORTH
MONTH: OCTOBER
YEAR: 2022
LATITUDE: 32 54 N
LONGITUDE: 97 2 W
TEMPERATURE IN F: :PCPN: SNOW: WIND :SUNSHINE: SKY :PK WND
================================================================================
1 2 3 4 5 6A 6B 7 8 9 10 11 12 13 14 15 16 17 18
12Z AVG MX 2MIN
DY MAX MIN AVG DEP HDD CDD WTR SNW DPTH SPD SPD DIR MIN PSBL S-S WX SPD DR
================================================================================
1 82 56 69 -4 0 4 0.00 0.0 0 3.6 12 120 M M 0 17 140
2 84 57 71 -2 0 6 0.00 0.0 0 2.9 12 80 M M 1 18 90
3 85 58 72 -1 0 7 0.00 0.0 0 3.3 9 110 M M 0 17 140
4 85 60 73 1 0 8 0.00 0.0 0 3.6 10 150 M M 1 16 180
5 88 60 74 2 0 9 0.00 0.0 0 3.4 9 100 M M 2 13 120
6 89 60 75 3 0 10 0.00 0.0 0 3.4 9 250 M M 2 12 10
7 88 64 76 5 0 11 0.00 0.0 0 5.6 18 20 M M 7 24 10
8 78 61 70 -1 0 5 0.00 0.0 0 10.4 17 20 M M 6 26 330
9 82 58 70 0 0 5 0.00 0.0 0 5.3 9 100 M M 6 13 110
10 87 65 76 6 0 11 0.00 0.0 0 8.7 18 190 M M 3 24 180
11 84 67 76 6 0 11 T 0.0 0 13.5 23 190 M M 6 33 200
12 95 69 82 13 0 17 0.00 0.0 0 11.5 20 10 M M 1 27 30
13 82 58 70 1 0 5 0.00 0.0 0 7.8 15 350 M M 0 20 20
14 87 56 72 3 0 7 0.00 0.0 0 9.1 18 190 M M 2 24 190
15 94 71 83 15 0 18 0.00 0.0 0 12.9 21 190 M M 5 8 28 180
16 80 64 72 4 0 7 0.07 0.0 0 11.0 31 360 M M 9 1 39 350
17 71 53 62 -5 3 0 0.00 0.0 0 12.8 22 10 M M 5 29 20
18 65 48 57 -10 8 0 0.00 0.0 0 10.2 21 350 M M 1 26 350
19 67 42 55 -12 10 0 0.00 0.0 0 4.3 12 150 M M 0 8 15 170
20 85 50 68 2 0 3 0.00 0.0 0 8.4 18 250 M M 0 8 29 280
21 92 51 72 6 0 7 0.00 0.0 0 10.6 24 190 M M 0 32 190
22 88 65 77 12 0 12 0.00 0.0 0 21.5 32 190 M M 4 8 42 190
23 87 70 79 14 0 14 0.00 0.0 0 23.0 36 190 M M 6 46 190
24 76 59 68 3 0 3 2.30 0.0 0 13.1 25 300 M M 10 13 35 170
25 71 52 62 -2 3 0 T 0.0 0 14.4 36 300 M M 3 51 300
26 73 47 60 -4 5 0 0.00 0.0 0 5.0 12 130 M M 0 16 140
27 75 50 63 -1 2 0 0.00 0.0 0 10.7 18 120 M M 4 26 150
28 64 52 58 -5 7 0 1.91 0.0 0 12.6 39 50 M M 10 13 50 50
29 65 55 60 -3 5 0 0.15 0.0 0 12.7 20 330 M M 10 1 24 330
30 75 55 65 3 0 0 0.00 0.0 0 8.4 16 310 M M 3 20 320
31 78 51 65 3 0 0 0.00 0.0 0 2.2 7 160 M M 6 8 11 230
================================================================================
SM 2502 1784 43 180 4.43 0.0 285.9 M 113
================================================================================
AV 80.7 57.5 9.2 FASTST M M 4 MAX(MPH)
MISC ----> 39 50 51 300
================================================================================
NOTES:
# LAST OF SEVERAL OCCURRENCES
COLUMN 17 PEAK WIND IN M.P.H.
PRELIMINARY LOCAL CLIMATOLOGICAL DATA (WS FORM: F-6) , PAGE 2
STATION: DALLAS/FORT WORTH
MONTH: OCTOBER
YEAR: 2022
LATITUDE: 32 54 N
LONGITUDE: 97 2 W
[TEMPERATURE DATA] [PRECIPITATION DATA] SYMBOLS USED IN COLUMN 16
AVERAGE MONTHLY: 69.1 TOTAL FOR MONTH: 4.43 1 = FOG OR MIST
DPTR FM NORMAL: 1.4 DPTR FM NORMAL: 0.06 2 = FOG REDUCING VISIBILITY
HIGHEST: 95 ON 12 GRTST 24HR 2.30 ON 24-24 TO 1/4 MILE OR LESS
LOWEST: 42 ON 19 3 = THUNDER
SNOW, ICE PELLETS, HAIL 4 = ICE PELLETS
TOTAL MONTH: 0.0 INCH 5 = HAIL
GRTST 24HR 0.0 6 = FREEZING RAIN OR DRIZZLE
GRTST DEPTH: 0 7 = DUSTSTORM OR SANDSTORM:
VSBY 1/2 MILE OR LESS
8 = SMOKE OR HAZE
[NO. OF DAYS WITH] [WEATHER - DAYS WITH] 9 = BLOWING SNOW
X = TORNADO
MAX 32 OR BELOW: 0 0.01 INCH OR MORE: 4
MAX 90 OR ABOVE: 3 0.10 INCH OR MORE: 3
MIN 32 OR BELOW: 0 0.50 INCH OR MORE: 2
MIN 0 OR BELOW: 0 1.00 INCH OR MORE: 2
[HDD (BASE 65) ]
TOTAL THIS MO. 43 CLEAR (SCALE 0-3) 15
DPTR FM NORMAL -26 PTCLDY (SCALE 4-7) 12
TOTAL FM JUL 1 43 CLOUDY (SCALE 8-10) 4
DPTR FM NORMAL -29
[CDD (BASE 65) ]
TOTAL THIS MO. 180
DPTR FM NORMAL 26 [PRESSURE DATA]
TOTAL FM JAN 1 3428 HIGHEST SLP M ON M
DPTR FM NORMAL 636 LOWEST SLP 29.55 ON 24
[REMARKS]
#FINAL-10-22#