000
CXUS52 KTAE 010800
CF6DHN
PRELIMINARY LOCAL CLIMATOLOGICAL DATA (WS FORM: F-6)
STATION: DOTHAN
MONTH: JULY
YEAR: 2022
LATITUDE: 31 19 N
LONGITUDE: 85 27 W
TEMPERATURE IN F: :PCPN: SNOW: WIND :SUNSHINE: SKY :PK WND
================================================================================
1 2 3 4 5 6A 6B 7 8 9 10 11 12 13 14 15 16 17 18
12Z AVG MX 2MIN
DY MAX MIN AVG DEP HDD CDD WTR SNW DPTH SPD SPD DIR MIN PSBL S-S WX SPD DR
================================================================================
1 90 74 82 0 0 17 0.00 0.0 0 4.3 15 220 M M 1 1 19 200
2 90 75 83 1 0 18 T 0.0 0 4.2 24 270 M M 1 1 31 280
3 93 74 84 1 0 19 0.36 0.0 0 5.0 24 210 M M 2 1 33 220
4 93 74 84 1 0 19 0.02 0.0 0 2.9 17 300 M M 3 123 21 290
5 93 76 85 2 0 20 0.00 0.0 0 4.4 12 250 M M 3 1 15 260
6 94 77 86 3 0 21 0.00 0.0 0 4.6 9 220 M M 2 12 220
7 95 78 87 4 0 22 0.00 0.0 0 5.8 13 300 M M 1 15 280
8 96 76 86 3 0 21 0.10 0.0 0 5.5 16 60 M M 2 13 23 40
9 95 76 86 3 0 21 0.01 0.0 0 5.9 22 320 M M 3 3 29 20
10 92 75 84 1 0 19 0.00 0.0 M 5.1 13 200 M M 1 16 210
11 89 74 82 -1 0 17 0.06 0.0 M 4.4 15 340 M M 2 138 21 110
12 83 72 78 -5 0 13 0.23 0.0 M 4.3 12 70 M M 7 1 17 70
13 83 74 79 -4 0 14 0.01 0.0 0 4.9 12 220 M M 4 1 16 260
14 85 75 80 -3 0 15 0.34 0.0 0 4.2 20 310 M M 4 13 24 300
15 86 74 80 -3 0 15 1.66 0.0 0 4.1 18 190 M M 3 1238 24 190
16 91 72 82 -1 0 17 0.00 0.0 0 4.5 17 140 M M 1 1 21 130
17 91 70 81 -2 0 16 0.00 0.0 0 3.6 9 110 M M 1 13 130
18 91 73 82 -1 0 17 T 0.0 0 5.7 16 170 M M 2 21 180
19 89 72 81 -2 0 16 0.07 0.0 M 6.8 17 220 M M 2 13 23 220
20 94 76 85 2 0 20 0.79 0.0 M 8.5 18 200 M M 3 13 25 190
21 92 77 85 2 0 20 0.00 M M 7.9 21 260 M M 3 27 280
22 90 74 82 -1 0 17 0.25 0.0 M 5.3 23 170 M M 1 13 28 170
23 91 73 82 -1 0 17 0.48 M M 3.5 23 250 M M 2 13 29 240
24 93 72 83 0 0 18 0.00 0.0 M 4.0 22 210 M M 1 1 31 180
25 92 73 83 0 0 18 T 0.0 M 3.9 21 220 M M 2 25 210
26 94 73 84 1 0 19 0.00 0.0 0 3.6 14 210 M M 1 8 16 200
27 95 73 84 1 0 19 0.00 0.0 0 3.5 17 160 M M 2 1 22 160
28 95 73 84 1 0 19 T 0.0 0 4.2 20 220 M M 2 3 23 260
29 89 75 82 -1 0 17 0.16 0.0 M 5.9 21 230 M M 2 1 27 230
30 94 74 84 1 0 19 0.00 0.0 M 6.2 15 200 M M 1 19 220
31 95 71 83 0 0 18 0.00 0.0 0 4.4 22 190 M M 2 1 28 180
================================================================================
SM 2833 2295 0 558 4.54 0.0 151.1 M 67
================================================================================
AV 91.4 74.0 4.9 FASTST M M 2 MAX(MPH)
MISC ----> # 24 270 33 220
================================================================================
NOTES:
# LAST OF SEVERAL OCCURRENCES
COLUMN 17 PEAK WIND IN M.P.H.
PRELIMINARY LOCAL CLIMATOLOGICAL DATA (WS FORM: F-6) , PAGE 2
STATION: DOTHAN
MONTH: JULY
YEAR: 2022
LATITUDE: 31 19 N
LONGITUDE: 85 27 W
[TEMPERATURE DATA] [PRECIPITATION DATA] SYMBOLS USED IN COLUMN 16
AVERAGE MONTHLY: 82.7 TOTAL FOR MONTH: 4.54 1 = FOG OR MIST
DPTR FM NORMAL: -0.3 DPTR FM NORMAL: -1.41 2 = FOG REDUCING VISIBILITY
HIGHEST: 96 ON 8 GRTST 24HR 1.66 ON 14-15 TO 1/4 MILE OR LESS
LOWEST: 70 ON 17 3 = THUNDER
SNOW, ICE PELLETS, HAIL 4 = ICE PELLETS
TOTAL MONTH: 0.0 INCH 5 = HAIL
GRTST 24HR 0.0 6 = FREEZING RAIN OR DRIZZLE
GRTST DEPTH: 0 7 = DUSTSTORM OR SANDSTORM:
VSBY 1/2 MILE OR LESS
8 = SMOKE OR HAZE
[NO. OF DAYS WITH] [WEATHER - DAYS WITH] 9 = BLOWING SNOW
X = TORNADO
MAX 32 OR BELOW: 0 0.01 INCH OR MORE: 14
MAX 90 OR ABOVE: 24 0.10 INCH OR MORE: 9
MIN 32 OR BELOW: 0 0.50 INCH OR MORE: 2
MIN 0 OR BELOW: 0 1.00 INCH OR MORE: 1
[HDD (BASE 65) ]
TOTAL THIS MO. 0 CLEAR (SCALE 0-3) 26
DPTR FM NORMAL 0 PTCLDY (SCALE 4-7) 5
TOTAL FM JUL 1 0 CLOUDY (SCALE 8-10) 0
DPTR FM NORMAL 0
[CDD (BASE 65) ]
TOTAL THIS MO. 558
DPTR FM NORMAL 0 [PRESSURE DATA]
TOTAL FM JAN 1 1665 HIGHEST SLP M ON M
DPTR FM NORMAL 107 LOWEST SLP 29.87 ON 10
[REMARKS]
#FINAL-07-22#