000
CXUS52 KTAE 010800
CF6DHN
PRELIMINARY LOCAL CLIMATOLOGICAL DATA (WS FORM: F-6)
STATION: DOTHAN
MONTH: MAY
YEAR: 2020
LATITUDE: 31 19 N
LONGITUDE: 85 27 W
TEMPERATURE IN F: :PCPN: SNOW: WIND :SUNSHINE: SKY :PK WND
================================================================================
1 2 3 4 5 6A 6B 7 8 9 10 11 12 13 14 15 16 17 18
12Z AVG MX 2MIN
DY MAX MIN AVG DEP HDD CDD WTR SNW DPTH SPD SPD DIR MIN PSBL S-S WX SPD DR
================================================================================
1 81 50 66 -4 0 1 0.00 0.0 0 5.6 15 320 M M 0 20 310
2 85 54 70 -1 0 5 0.00 0.0 0 2.7 12 220 M M 0 15 220
3 85 59 72 1 0 7 0.00 0.0 0 7.3 16 220 M M 0 22 220
4 87 61 74 3 0 9 0.00 0.0 0 7.1 14 220 M M 0 18 210
5 90 65 78 6 0 13 0.00 0.0 0 10.3 18 290 M M 2 1 24 280
6 83 59 71 -1 0 6 0.00 0.0 0 13.7 28 300 M M 0 8 36 330
7 75 48 62 -10 3 0 0.00 0.0 0 7.6 18 10 M M 0 23 10
8 80 48 64 -8 1 0 0.01 M 0 11.5 32 200 M M 2 40 200
9 76 53 65 -8 0 0 0.00 0.0 0 9.9 20 20 M M 0 8 25 10
10 83 52 68 -5 0 3 0.00 0.0 0 6.0 10 340 M M 1 16 330
11 82 53 68 -5 0 3 0.00 0.0 0 9.0 21 350 M M 0 8 25 310
12 84 50 67 -6 0 2 0.00 0.0 0 6.6 15 60 M M 0 21 60
13 88 55 72 -2 0 7 0.00 0.0 0 6.7 15 160 M M 0 8 26 130
14 87 65 76 2 0 11 0.00 0.0 0 9.3 18 140 M M 1 24 140
15 85 64 75 1 0 10 0.00 0.0 0 6.5 14 110 M M 1 18 130
16 91 66 79 5 0 14 0.00 0.0 0 6.2 15 70 M M 0 18 120
17 90 67 79 4 0 14 0.04 0.0 0 7.1 22 180 M M 3 3 31 170
18 79 67 73 -2 0 8 1.01 0.0 0 9.2 32 190 M M 9 13 43 180
19 86 67 77 2 0 12 0.05 0.0 0 9.4 18 230 M M 4 23 220
20 83 67 75 0 0 10 0.70 0.0 0 5.7 18 220 M M 5 13 24 220
21 82 62 72 -4 0 7 0.09 0.0 0 5.7 12 70 M M 7 13 15 50
22 91 68 80 4 0 15 T 0.0 0 6.9 26 350 M M 5 13 33 360
23 93 67 80 4 0 15 0.04 0.0 0 4.7 22 170 M M 1 138 27 170
24 91 70 81 5 0 16 0.00 0.0 0 5.7 13 80 M M 1 3 17 70
25 89 72 81 5 0 16 0.03 0.0 0 9.2 24 150 M M 4 33 90
26 82 72 77 0 0 12 0.08 0.0 0 8.8 17 90 M M 9 1 24 80
27 86 71 79 2 0 14 0.08 0.0 0 5.6 14 220 M M 6 128 17 60
28 90 71 81 4 0 16 0.00 0.0 0 6.5 15 220 M M 5 12 20 210
29 89 72 81 4 0 16 T 0.0 0 5.2 17 140 M M 3 3 21 150
30 93 73 83 6 0 18 0.00 0.0 0 5.9 12 340 M M 1 14 280
31 92 70 81 3 0 16 0.00 0.0 0 7.0 16 360 M M 0 22 360
================================================================================
SM 2658 1938 4 296 2.13 0.0 228.6 M 70
================================================================================
AV 85.7 62.5 7.4 FASTST M M 2 MAX(MPH)
MISC ----> # 32 200 # 43 180
================================================================================
NOTES:
# LAST OF SEVERAL OCCURRENCES
COLUMN 17 PEAK WIND IN M.P.H.
PRELIMINARY LOCAL CLIMATOLOGICAL DATA (WS FORM: F-6) , PAGE 2
STATION: DOTHAN
MONTH: MAY
YEAR: 2020
LATITUDE: 31 19 N
LONGITUDE: 85 27 W
[TEMPERATURE DATA] [PRECIPITATION DATA] SYMBOLS USED IN COLUMN 16
AVERAGE MONTHLY: 74.1 TOTAL FOR MONTH: 2.13 1 = FOG OR MIST
DPTR FM NORMAL: -0.2 DPTR FM NORMAL: -1.43 2 = FOG REDUCING VISIBILITY
HIGHEST: 93 ON 30,23 GRTST 24HR 1.01 ON 18-18 TO 1/4 MILE OR LESS
LOWEST: 48 ON 8, 7 3 = THUNDER
SNOW, ICE PELLETS, HAIL 4 = ICE PELLETS
TOTAL MONTH: 0.0 INCH 5 = HAIL
GRTST 24HR 0.0 6 = FREEZING RAIN OR DRIZZLE
GRTST DEPTH: 0 7 = DUSTSTORM OR SANDSTORM:
VSBY 1/2 MILE OR LESS
8 = SMOKE OR HAZE
[NO. OF DAYS WITH] [WEATHER - DAYS WITH] 9 = BLOWING SNOW
X = TORNADO
MAX 32 OR BELOW: 0 0.01 INCH OR MORE: 10
MAX 90 OR ABOVE: 9 0.10 INCH OR MORE: 2
MIN 32 OR BELOW: 0 0.50 INCH OR MORE: 2
MIN 0 OR BELOW: 0 1.00 INCH OR MORE: 1
[HDD (BASE 65) ]
TOTAL THIS MO. 4 CLEAR (SCALE 0-3) 22
DPTR FM NORMAL -2 PTCLDY (SCALE 4-7) 7
TOTAL FM JUL 1 1226 CLOUDY (SCALE 8-10) 2
DPTR FM NORMAL -620
[CDD (BASE 65) ]
TOTAL THIS MO. 296
DPTR FM NORMAL 4 [PRESSURE DATA]
TOTAL FM JAN 1 676 HIGHEST SLP M ON M
DPTR FM NORMAL 263 LOWEST SLP 29.77 ON M
[REMARKS]
#FINAL-05-20#