000
CXUS54 KAMA 010710
CF6DHT
PRELIMINARY LOCAL CLIMATOLOGICAL DATA (WS FORM: F-6)
STATION: DALHART
MONTH: SEPTEMBER
YEAR: 2023
LATITUDE: 36 1 N
LONGITUDE: 102 33 W
TEMPERATURE IN F: :PCPN: SNOW: WIND :SUNSHINE: SKY :PK WND
================================================================================
1 2 3 4 5 6A 6B 7 8 9 10 11 12 13 14 15 16 17 18
12Z AVG MX 2MIN
DY MAX MIN AVG DEP HDD CDD WTR SNW DPTH SPD SPD DIR MIN PSBL S-S WX SPD DR
================================================================================
1 99 56 78 4 0 13 0.00 M M 11.4 22 180 M M 0 30 170
2 98 55 77 3 0 12 0.00 M M 8.7 18 190 M M 0 8 26 190
3 101 52 77 3 0 12 0.00 M M 9.6 17 180 M M 0 26 150
4 100 61 81 7 0 16 0.00 M M 13.5 29 220 M M 0 8 43 250
5 88 60 74 1 0 9 0.00 M M 11.5 26 20 M M 0 33 20
6 90 55 73 0 0 8 0.00 M M 8.4 17 160 M M 0 8 25 170
7 104 63 84 11 0 19 0.00 M M 10.8 18 280 M M 0 27 280
8 94 63 79 7 0 14 0.00 M M 12.7 22 80 M M 0 8 29 60
9 93 56 75 3 0 10 0.03 M M 9.1 40 110 M M 1 138 54 110
10 91 57 74 2 0 9 0.00 M M 12.5 26 10 M M 1 38 36 10
11 69 58 64 -7 1 0 0.09 M M 12.8 22 30 M M 9 1 28 50
12 72 57 65 -6 0 0 0.01 M M 7.0 17 140 M M 8 1 23 150
13 65 58 62 -9 3 0 0.27 M M 10.6 17 150 M M 9 1 24 200
14 78 60 69 -1 0 4 0.00 M M 6.2 15 100 M M 7 18 19 90
15 78 58 68 -2 0 3 0.19 M M 8.1 18 330 M M 7 13 27 330
16 79 53 66 -4 0 1 0.00 M M 4.4 12 360 M M 3 18 16 360
17 85 48 67 -2 0 2 0.00 M M 5.8 15 210 M M 0 18 21 240
18 92 54 73 4 0 8 0.01 M M 10.1 35 260 M M 1 138 52 270
19 92 56 74 6 0 9 T M M 9.1 21 330 M M 1 3 28 320
20 91 51 71 3 0 6 0.00 M M 8.1 15 220 M M 0 21 220
21 92 60 76 8 0 11 0.06 M M 12.7 38 260 M M 1 3 57 260
22 94 53 74 7 0 9 0.00 M M 10.9 22 240 M M 0 1 34 240
23 85 51 68 1 0 3 0.00 M M 7.3 16 50 M M 0 21 50
24 82 56 69 3 0 4 0.00 M M 8.9 17 100 M M 1 8 24 100
25 86 48 67 1 0 2 0.00 M M 7.0 14 210 M M 0 20 210
26 89 54 72 6 0 7 0.00 M M 11.9 23 230 M M 2 33 230
27 94 54 74 9 0 9 0.00 M M 10.4 22 150 M M 0 30 150
28 96 61 79 14 0 14 0.00 M M 14.8 29 200 M M 0 41 170
29 96 59 78 14 0 13 0.00 M M 12.1 22 170 M M 0 31 180
30 87 56 72 8 0 7 0.00 M M 14.2 33 170 M M 0 46 180
================================================================================
SM 2660 1683 4 234 0.66 M 300.6 M 51
================================================================================
AV 88.7 56.1 10.0 FASTST M M 2 MAX(MPH)
MISC ----> 40 110 57 260
================================================================================
NOTES:
# LAST OF SEVERAL OCCURRENCES
COLUMN 17 PEAK WIND IN M.P.H.
PRELIMINARY LOCAL CLIMATOLOGICAL DATA (WS FORM: F-6) , PAGE 2
STATION: DALHART
MONTH: SEPTEMBER
YEAR: 2023
LATITUDE: 36 1 N
LONGITUDE: 102 33 W
[TEMPERATURE DATA] [PRECIPITATION DATA] SYMBOLS USED IN COLUMN 16
AVERAGE MONTHLY: 72.4 TOTAL FOR MONTH: 0.66 1 = FOG OR MIST
DPTR FM NORMAL: 2.9 DPTR FM NORMAL: -0.63 2 = FOG REDUCING VISIBILITY
HIGHEST: 104 ON 7 GRTST 24HR 0.27 ON 13-13 TO 1/4 MILE OR LESS
LOWEST: 48 ON 25,17 3 = THUNDER
SNOW, ICE PELLETS, HAIL 4 = ICE PELLETS
TOTAL MONTH: M 5 = HAIL
GRTST 24HR M ON M 6 = FREEZING RAIN OR DRIZZLE
GRTST DEPTH: M ON M 7 = DUSTSTORM OR SANDSTORM:
VSBY 1/2 MILE OR LESS
8 = SMOKE OR HAZE
[NO. OF DAYS WITH] [WEATHER - DAYS WITH] 9 = BLOWING SNOW
X = TORNADO
MAX 32 OR BELOW: 0 0.01 INCH OR MORE: 7
MAX 90 OR ABOVE: 17 0.10 INCH OR MORE: 2
MIN 32 OR BELOW: 0 0.50 INCH OR MORE: 0
MIN 0 OR BELOW: 0 1.00 INCH OR MORE: 0
[HDD (BASE 65) ]
TOTAL THIS MO. 4 CLEAR (SCALE 0-3) 25
DPTR FM NORMAL -35 PTCLDY (SCALE 4-7) 3
TOTAL FM JUL 1 4 CLOUDY (SCALE 8-10) 2
DPTR FM NORMAL -33
[CDD (BASE 65) ]
TOTAL THIS MO. 234
DPTR FM NORMAL 58 [PRESSURE DATA]
TOTAL FM JAN 1 1323 HIGHEST SLP M ON M
DPTR FM NORMAL -60 LOWEST SLP 29.52 ON 4
[REMARKS]
#FINAL-09-23#