000
CXUS53 KBIS 010830
CF6DIK
PRELIMINARY LOCAL CLIMATOLOGICAL DATA (WS FORM: F-6)
STATION: DICKINSON ND
MONTH: JUNE
YEAR: 2023
LATITUDE: 46 47 N
LONGITUDE: 102 48 W
TEMPERATURE IN F: :PCPN: SNOW: WIND :SUNSHINE: SKY :PK WND
================================================================================
1 2 3 4 5 6A 6B 7 8 9 10 11 12 13 14 15 16 17 18
12Z AVG MX 2MIN
DY MAX MIN AVG DEP HDD CDD WTR SNW DPTH SPD SPD DIR MIN PSBL S-S WX SPD DR
================================================================================
1 85 53 69 10 0 4 0.02 M M 9.8 20 220 M M 2 3 29 220
2 84 58 71 12 0 6 0.05 M M 11.8 35 170 M M 2 3 47 170
3 85 58 72 13 0 7 0.00 M M 12.6 24 140 M M 1 32 140
4 86 57 72 12 0 7 0.11 M M 6.2 20 180 M M 2 13 27 190
5 86 58 72 12 0 7 0.00 M M 7.8 16 120 M M 1 1 22 170
6 88 57 73 13 0 8 0.00 M M 7.8 17 180 M M 0 23 180
7 91 58 75 15 0 10 0.00 M M 7.3 16 140 M M 1 25 160
8 90 56 73 12 0 8 T M M 6.8 23 50 M M 2 3 34 50
9 79 62 71 10 0 6 0.05 M M 8.0 17 50 M M 6 138 25 60
10 73 46 60 -1 5 0 0.00 M M 13.3 23 60 M M 4 36 50
11 74 40 57 -4 8 0 0.00 M M 6.4 15 110 M M 0 18 23 170
12 77 45 61 -1 4 0 0.00 M M 4.5 13 170 M M 0 18 210
13 83 46 65 3 0 0 0.00 M M 6.0 15 330 M M 1 21 330
14 85 51 68 6 0 3 0.00 M M 8.9 18 190 M M 0 27 160
15 69 56 63 1 2 0 0.59 M M 7.4 16 10 M M 9 1 22 360
16 70 52 61 -2 4 0 T M M 8.8 18 320 M M 5 25 330
17 77 48 63 0 2 0 0.00 M M 6.6 16 280 M M 2 21 190
18 86 50 68 5 0 3 0.00 M M 10.1 24 160 M M 0 36 140
19 83 58 71 8 0 6 0.05 M M 7.7 32 310 M M 2 13 49 320
20 77 56 67 3 0 2 0.00 M M 13.3 25 310 M M 6 33 310
21 70 52 61 -3 4 0 1.62 M M 9.1 41 260 M M 8 13 65 250
22 70 51 61 -3 4 0 T M M 8.3 20 20 M M 6 13 26 20
23 67 56 62 -2 3 0 0.10 M M 11.2 20 70 M M 9 1 29 70
24 68 55 62 -3 3 0 0.71 M M 13.8 29 60 M M 7 1 42 70
25 78 54 66 1 0 1 0.00 M M 8.0 16 320 M M 1 20 300
26 78 52 65 0 0 0 T M M 8.3 18 160 M M 2 3 25 180
27 81 56 69 4 0 4 T M M 6.7 21 330 M M 2 3 29 330
28 83 56 70 4 0 5 0.00 M M 8.9 23 300 M M 1 29 310
29 82 55 69 3 0 4 0.00 M M 5.5 18 360 M M 1 24 360
30 83 56 70 4 0 5 0.70 M M 6.4 33 300 M M 2 123 55 290
================================================================================
SM 2388 1608 39 96 4.00 M 257.3 M 85
================================================================================
AV 79.6 53.6 8.6 FASTST M M 3 MAX(MPH)
MISC ----> 41 260 65 250
================================================================================
NOTES:
# LAST OF SEVERAL OCCURRENCES
COLUMN 17 PEAK WIND IN M.P.H.
PRELIMINARY LOCAL CLIMATOLOGICAL DATA (WS FORM: F-6) , PAGE 2
STATION: DICKINSON ND
MONTH: JUNE
YEAR: 2023
LATITUDE: 46 47 N
LONGITUDE: 102 48 W
[TEMPERATURE DATA] [PRECIPITATION DATA] SYMBOLS USED IN COLUMN 16
AVERAGE MONTHLY: 66.6 TOTAL FOR MONTH: 4.00 1 = FOG OR MIST
DPTR FM NORMAL: 4.1 DPTR FM NORMAL: 0.95 2 = FOG REDUCING VISIBILITY
HIGHEST: 91 ON 7 GRTST 24HR 1.62 ON 21-21 TO 1/4 MILE OR LESS
LOWEST: 40 ON 11 3 = THUNDER
SNOW, ICE PELLETS, HAIL 4 = ICE PELLETS
TOTAL MONTH: M 5 = HAIL
GRTST 24HR M ON M 6 = FREEZING RAIN OR DRIZZLE
GRTST DEPTH: M ON M 7 = DUSTSTORM OR SANDSTORM:
VSBY 1/2 MILE OR LESS
8 = SMOKE OR HAZE
[NO. OF DAYS WITH] [WEATHER - DAYS WITH] 9 = BLOWING SNOW
X = TORNADO
MAX 32 OR BELOW: 0 0.01 INCH OR MORE: 10
MAX 90 OR ABOVE: 2 0.10 INCH OR MORE: 6
MIN 32 OR BELOW: 0 0.50 INCH OR MORE: 4
MIN 0 OR BELOW: 0 1.00 INCH OR MORE: 1
[HDD (BASE 65) ]
TOTAL THIS MO. 39 CLEAR (SCALE 0-3) 21
DPTR FM NORMAL -85 PTCLDY (SCALE 4-7) 6
TOTAL FM JUL 1 8907 CLOUDY (SCALE 8-10) 3
DPTR FM NORMAL 436
[CDD (BASE 65) ]
TOTAL THIS MO. 96
DPTR FM NORMAL 47 [PRESSURE DATA]
TOTAL FM JAN 1 122 HIGHEST SLP M ON M
DPTR FM NORMAL 65 LOWEST SLP 29.44 ON 18
[REMARKS]
#FINAL-06-23#