000
CXUS53 KBIS 101533
CF6DIK
PRELIMINARY LOCAL CLIMATOLOGICAL DATA (WS FORM: F-6)
STATION: DICKINSON ND
MONTH: JANUARY
YEAR: 2023
LATITUDE: 46 47 N
LONGITUDE: 102 48 W
TEMPERATURE IN F: :PCPN: SNOW: WIND :SUNSHINE: SKY :PK WND
================================================================================
1 2 3 4 5 6A 6B 7 8 9 10 11 12 13 14 15 16 17 18
12Z AVG MX 2MIN
DY MAX MIN AVG DEP HDD CDD WTR SNW DPTH SPD SPD DIR MIN PSBL S-S WX SPD DR
================================================================================
1 28 12 20 3 45 0 0.00 M M 10.1 17 290 M M 0 21 280
2 31 9 20 4 45 0 0.00 M M 5.4 10 290 M M 0 1 12 240
3 19 3 11 -5 54 0 0.00 M M 3.5 9 300 M M 6 12 10 310
4 20 2 11 -5 54 0 T M M 5.8 14 270 M M 5 12 14 270
5 24 7 16 0 49 0 0.00 M M 9.9 17 270 M M 0 21 260
6 12 -2 5 -11 60 0 0.00 M M 4.7 13 200 M M 3 12 13 200
7 32 4 18 2 47 0 0.00 M M 8.9 15 190 M M 0 17 190
8 35 14 25 9 40 0 0.00 M M 5.8 14 250 M M 0 19 240
9 37 14 26 10 39 0 0.00 M M 9.6 20 270 M M 3 24 290
10 35 19 27 11 38 0 0.00 M M 10.2 18 270 M M 1 21 270
11 24 13 19 3 46 0 T M M 10.8 18 310 M M 8 126 22 310
12 21 9 15 -1 50 0 M M M 9.0 18 190 M M 4 12 21 180
13 40 17 29 13 36 0 0.00 M M 10.9 20 180 M M 0 26 250
14 38 28 33 17 32 0 0.00 M M 8.9 20 250 M M 1 26 270
15 38 25 32 16 33 0 0.00 M M 7.2 14 40 M M 2 12 17 40
16 25 20 23 7 42 0 M M M 7.2 12 10 M M 10 12 15 20
17 23 19 21 5 44 0 M M M 4.8 10 160 M M 10 12 12 160
18 30 22 26 10 39 0 T M M 3.5 10 170 M M 10 12 12 160
19 29 14 22 6 43 0 0.00 M M 5.6 13 270 M M 5 12 16 280
20 26 13 20 4 45 0 T M M 14.1 23 290 M M 7 1 27 280
21 29 15 22 6 43 0 0.00 M M 12.5 17 290 M M 1 22 280
22 35 15 25 9 40 0 0.00 M M 11.0 28 290 M M 4 33 290
23 32 22 27 11 38 0 T M M 17.1 29 300 M M 5 1 39 290
24 31 18 25 9 40 0 T M M 18.5 28 300 M M 10 1 37 300
25 29 16 23 7 42 0 T M M 10.7 23 320 M M 10 12 29 330
26 37 19 28 11 37 0 M M M 23.5 41 320 M M 8 12 56 330
27 28 7 18 1 47 0 M M M 12.1 35 320 M M 10 1 47 320
28 8 -10 -1 -18 66 0 T M M 10.7 17 40 M M 4 1 20 30
29 2 -15 -6 -23 71 0 M M M 15.9 31 300 M M 3 128 39 290
30 7 -17 -5 -22 70 0 0.00 M M 13.2 24 260 M M 3 29 240
31 18 -6 6 -11 59 0 0.00 M M 10.1 20 270 M M 5 24 270
================================================================================
SM 823 326 1434 0 T M 311.2 M 138
================================================================================
AV 26.5 10.5 10.0 FASTST M M 4 MAX(MPH)
MISC ----> 41 320 56 330
================================================================================
NOTES:
# LAST OF SEVERAL OCCURRENCES
COLUMN 17 PEAK WIND IN M.P.H.
PRELIMINARY LOCAL CLIMATOLOGICAL DATA (WS FORM: F-6) , PAGE 2
STATION: DICKINSON ND
MONTH: JANUARY
YEAR: 2023
LATITUDE: 46 47 N
LONGITUDE: 102 48 W
[TEMPERATURE DATA] [PRECIPITATION DATA] SYMBOLS USED IN COLUMN 16
AVERAGE MONTHLY: 18.5 TOTAL FOR MONTH: T 1 = FOG OR MIST
DPTR FM NORMAL: 2.1 DPTR FM NORMAL: -0.25 2 = FOG REDUCING VISIBILITY
HIGHEST: 40 ON 13 GRTST 24HR 0.13 ON 26-26 TO 1/4 MILE OR LESS
LOWEST: -17 ON 30 3 = THUNDER
SNOW, ICE PELLETS, HAIL 4 = ICE PELLETS
TOTAL MONTH: M 5 = HAIL
GRTST 24HR M ON M 6 = FREEZING RAIN OR DRIZZLE
GRTST DEPTH: M ON M 7 = DUSTSTORM OR SANDSTORM:
VSBY 1/2 MILE OR LESS
8 = SMOKE OR HAZE
[NO. OF DAYS WITH] [WEATHER - DAYS WITH] 9 = BLOWING SNOW
X = TORNADO
MAX 32 OR BELOW: 23 0.01 INCH OR MORE: 0
MAX 90 OR ABOVE: 0 0.10 INCH OR MORE: 0
MIN 32 OR BELOW: 31 0.50 INCH OR MORE: 0
MIN 0 OR BELOW: 5 1.00 INCH OR MORE: 0
[HDD (BASE 65) ]
TOTAL THIS MO. 1434 CLEAR (SCALE 0-3) 14
DPTR FM NORMAL -72 PTCLDY (SCALE 4-7) 10
TOTAL FM JUL 1 5130 CLOUDY (SCALE 8-10) 7
DPTR FM NORMAL 213
[CDD (BASE 65) ]
TOTAL THIS MO. 0
DPTR FM NORMAL 0 [PRESSURE DATA]
TOTAL FM JAN 1 0 HIGHEST SLP 30.52 ON 29
DPTR FM NORMAL 0 LOWEST SLP 29.50 ON 15
[REMARKS]
#FINAL-01-23#