000
CXUS53 KDLH 011031
CLSDLH
CLIMATE REPORT
NATIONAL WEATHER SERVICE DULUTH MN
431 AM CST FRI MAR 01 2024
...................................
...THE DULUTH CLIMATE SUMMARY FOR THE SEASON, FROM
12/1/2023 TO 2/29/2024...
CLIMATE NORMAL PERIOD: 1991 TO 2020
CLIMATE RECORD PERIOD: 1870 TO 2024
WEATHER OBSERVED NORMAL DEPART LAST YEAR`S
VALUE DATE(S) VALUE FROM VALUE DATE(S)
NORMAL
................................................................
TEMPERATURE (F)
RECORD
HIGH 58 02/26/1895
LOW -41 01/02/1885
HIGHEST 54 02/26 MM MM 43
LOWEST -14 01/15 MM MM -22
AVG. MAXIMUM 31.8 23.1 8.7 23.4
AVG. MINIMUM 18.0 6.0 12.0 8.3
MEAN 24.9 14.6 10.3 15.9
PRECIPITATION (INCHES)
RECORD
MAXIMUM 8.66 1969
MINIMUM 1.15 1942
TOTALS 4.24 3.43 0.81 6.61
SNOWFALL (INCHES)
RECORDS
TOTAL 87.5 1969
SNOW DEPTH 28 02/24/2023
02/23/2023
TOTALS 15.7 50.6 -34.9 75.3
SINCE 7/1 18.7 67.5 -48.8 MM
SNOWDEPTH AVG. 1 21
DAYS >= 1.0 5 14.2 -9.2 19
GREATEST
SNOW DEPTH 7 01/11 28 02/23
01/12
02/24
DEGREE DAYS
HEATING TOTAL 3644 4541 -897 4401
COOLING TOTAL 0 0 0 0
................................................................
WIND (MPH)
AVERAGE WIND SPEED 9.4
HIGHEST WIND SPEED/DIRECTION 31/270
HIGHEST GUST SPEED/DIRECTION 48/320
SKY COVER
POSSIBLE SUNSHINE (PERCENT) MM
- INDICATES NEGATIVE NUMBERS.
R INDICATES RECORD WAS SET OR TIED.
MM INDICATES DATA IS MISSING.
T INDICATES TRACE AMOUNT.
$$