000
CXUS51 KLWX 010815
CF6DMH
PRELIMINARY LOCAL CLIMATOLOGICAL DATA (WS FORM: F-6)
STATION: BALTIMORE INNER HARBOR
MONTH: AUGUST
YEAR: 2023
LATITUDE: 39 16 N
LONGITUDE: 76 37 W
TEMPERATURE IN F: :PCPN: SNOW: WIND :SUNSHINE: SKY :PK WND
================================================================================
1 2 3 4 5 6A 6B 7 8 9 10 11 12 13 14 15 16 17 18
12Z AVG MX 2MIN
DY MAX MIN AVG DEP HDD CDD WTR SNW DPTH SPD SPD DIR MIN PSBL S-S WX SPD DR
================================================================================
1 84 70 77 -4 0 12 0.00 M M M M M M M 0 M M
2 86 68 77 -4 0 12 0.00 M M M M M M M 0 M M
3 82 69 76 -5 0 11 0.00 M M M M M M M 0 M M
4 84 69 77 -3 0 12 0.00 M M M M M M M 0 M M
5 88 73 81 1 0 16 0.00 M M M M M M M 0 M M
6 91 75 83 3 0 18 0.71 0.0 0 M M M M M 0 3 M M
7 90 70 80 0 0 15 1.03 0.0 0 M M M M M 0 138 M M
8 88 72 80 0 0 15 0.00 0.0 0 M M M M M 0 M M
9 90 71 81 1 0 16 0.00 M M M M M M M 0 M M
10 M M M M M M M M M M M M M M 0 M M
11 90 71 81 1 0 16 0.00 M M M M M M M 0 M M
12 95 76 86 6 0 21 0.00 M M M M M M M 0 M M
13 93 80 87 7 0 22 0.00 M M M M M M M 0 M M
14 94 75 85 5 0 20 0.56 M M M M M M M 0 M M
15 95 79 87 8 0 22 M M M M M M M M 0 M M
16 89 76 83 4 0 18 0.00 M M M M M M M 0 M M
17 92 74 83 4 0 18 0.00 M M M M M M M 0 M M
18 87 73 80 1 0 15 0.00 M M M M M M M 0 M M
19 86 65 76 -3 0 11 0.00 M M M M M M M 0 M M
20 92 67 80 1 0 15 0.00 M M M M M M M 0 M M
21 94 75 85 6 0 20 0.00 M M M M M M M M M M
22 86 73 80 2 0 15 0.00 M M M M M M M M M M
23 86 66 76 -2 0 11 0.00 M M M M M M M M M M
24 85 74 80 2 0 15 0.02 M M M M M M M 0 M M
25 95 75 85 7 0 20 0.00 M M M M M M M 0 M M
26 95 79 87 9 0 22 0.00 M M M M M M M 0 M M
27 92 75 84 6 0 19 0.00 M M M M M M M 0 M M
28 82 74 78 0 0 13 0.00 M M M M M M M 0 M M
29 84 73 79 2 0 14 0.00 M M M M M M M 0 M M
30 90 73 82 5 0 17 0.00 M M M M M M M 0 M M
31 84 68 76 -1 0 11 0.00 0.0 0 M M M M M 0 M M
================================================================================
SM 2669 2178 0 482 2.32 0.0 M M 0
================================================================================
AV 89.0 72.6 M FASTST M M 0 MAX(MPH)
MISC ----> M M M M
================================================================================
NOTES:
# LAST OF SEVERAL OCCURRENCES
COLUMN 17 PEAK WIND IN M.P.H.
PRELIMINARY LOCAL CLIMATOLOGICAL DATA (WS FORM: F-6) , PAGE 2
STATION: BALTIMORE INNER HARBOR
MONTH: AUGUST
YEAR: 2023
LATITUDE: 39 16 N
LONGITUDE: 76 37 W
[TEMPERATURE DATA] [PRECIPITATION DATA] SYMBOLS USED IN COLUMN 16
AVERAGE MONTHLY: 80.8 TOTAL FOR MONTH: 2.32 1 = FOG OR MIST
DPTR FM NORMAL: 1.7 DPTR FM NORMAL: -2.03 2 = FOG REDUCING VISIBILITY
HIGHEST: 95 ON 26,25 GRTST 24HR 1.68 ON 6- 7 TO 1/4 MILE OR LESS
LOWEST: 65 ON 19 3 = THUNDER
SNOW, ICE PELLETS, HAIL 4 = ICE PELLETS
TOTAL MONTH: 0.0 INCH 5 = HAIL
GRTST 24HR 0.0 6 = FREEZING RAIN OR DRIZZLE
GRTST DEPTH: 0 7 = DUSTSTORM OR SANDSTORM:
VSBY 1/2 MILE OR LESS
8 = SMOKE OR HAZE
[NO. OF DAYS WITH] [WEATHER - DAYS WITH] 9 = BLOWING SNOW
X = TORNADO
MAX 32 OR BELOW: 0 0.01 INCH OR MORE: 4
MAX 90 OR ABOVE: 15 0.10 INCH OR MORE: 3
MIN 32 OR BELOW: 0 0.50 INCH OR MORE: 3
MIN 0 OR BELOW: 0 1.00 INCH OR MORE: 1
[HDD (BASE 65) ]
TOTAL THIS MO. 0 CLEAR (SCALE 0-3) 28
DPTR FM NORMAL 0 PTCLDY (SCALE 4-7) 0
TOTAL FM JUL 1 0 CLOUDY (SCALE 8-10) 3
DPTR FM NORMAL 0
[CDD (BASE 65) ]
TOTAL THIS MO. 482
DPTR FM NORMAL 43 [PRESSURE DATA]
TOTAL FM JAN 1 1409 HIGHEST SLP 30.24 ON 2
DPTR FM NORMAL -54 LOWEST SLP 29.59 ON 10
[REMARKS]
#FINAL-08-23#