000
CXUS53 KEAX 010843
CLMDMO
CLIMATE REPORT
NATIONAL WEATHER SERVICE KANSAS CITY/PLEASANT HILL MO
338 AM CDT WED NOV 01 2023
...................................
...THE SEDALIA MO CLIMATE SUMMARY FOR THE MONTH OF OCTOBER 2023...
CLIMATE NORMAL PERIOD: 1991 TO 2020
CLIMATE RECORD PERIOD: 9999 TO 9999
WEATHER OBSERVED NORMAL DEPART LAST YEAR`S
VALUE DATE(S) VALUE FROM VALUE DATE(S)
NORMAL
................................................................
TEMPERATURE (F)
HIGHEST 91 10/01 84 7 88 10/22
10/23
LOWEST 27 10/30 28 -1 24 10/18
10/31
AVG. MAXIMUM 70.4 67.1 3.3 70.6
AVG. MINIMUM 48.7 45.7 3.0 45.0
MEAN 59.6 56.4 3.2 57.8
DAYS MAX >= 90 1 0.2 0.8 0
DAYS MAX <= 32 0 0.0 0.0 0
DAYS MIN <= 32 2 1.7 0.3 3
DAYS MIN <= 0 0 0.0 0.0 0
PRECIPITATION (INCHES)
TOTALS 3.04 3.09 -0.05 3.72
DAILY AVG. 0.10 0.10 0.00 0.12
DAYS >= .01 10 9.9 0.1 6
DAYS >= .10 8 5.6 2.4 4
DAYS >= .50 2 2.2 -0.2 3
DAYS >= 1.00 0 0.8 -0.8 1
GREATEST
24 HR. TOTAL 1.04 10/28 TO 10/29
DEGREE DAYS
HEATING TOTAL 231 295 -64 252
SINCE 7/1 231 355 -124 MM
COOLING TOTAL 73 28 45 38
SINCE 1/1 1648 1264 384 MM
................................................................
WIND (MPH)
AVERAGE WIND SPEED 9.4
HIGHEST WIND SPEED/DIRECTION 30/160 DATE 10/12
HIGHEST GUST SPEED/DIRECTION 40/320 DATE 10/06
40/150 10/24
SKY COVER
POSSIBLE SUNSHINE (PERCENT) MM
AVERAGE SKY COVER 0.32
NUMBER OF DAYS FAIR 19
NUMBER OF DAYS PC 5
NUMBER OF DAYS CLOUDY 7
AVERAGE RH (PERCENT) 63
WEATHER CONDITIONS. NUMBER OF DAYS WITH
THUNDERSTORM 2 MIXED PRECIP 0
HEAVY RAIN 5 RAIN 6
LIGHT RAIN 13 FREEZING RAIN 0
LT FREEZING RAIN 0 HAIL 0
HEAVY SNOW 0 SNOW 0
LIGHT SNOW 0 SLEET 0
FOG 10 FOG W/VIS <= 1/4 MILE 0
HAZE 6
- INDICATES NEGATIVE NUMBERS.
R INDICATES RECORD WAS SET OR TIED.
MM INDICATES DATA IS MISSING.
T INDICATES TRACE AMOUNT.
$$