000
CXUS53 KEAX 012139
CLSDMO
CLIMATE REPORT
NATIONAL WEATHER SERVICE KANSAS CITY/PLEASANT HILL MO
309 PM CST THU DEC 01 2022
...................................
...THE SEDALIA MO CLIMATE SUMMARY FOR THE SEASON, FROM
9/1/2022 TO 11/30/2022...
CLIMATE NORMAL PERIOD: 1991 TO 2020
CLIMATE RECORD PERIOD: 9999 TO 9999
WEATHER OBSERVED NORMAL DEPART LAST YEAR`S
VALUE DATE(S) VALUE FROM VALUE DATE(S)
NORMAL
................................................................
TEMPERATURE (F)
HIGHEST 97 09/21 92 5 92 09/17
LOWEST 18 11/18 17 1 20 11/26
AVG. MAXIMUM 69.6 66.5 3.1 71.3
AVG. MINIMUM 45.8 45.8 0.0 50.1
MEAN 57.7 56.2 1.5 60.7
DAYS MAX >= 90 4 4.1 -0.1 5
DAYS MAX <= 32 2 0.8 1.2 0
DAYS MIN <= 32 18 12.3 5.7 10
DAYS MIN <= 0 0 0.0 0.0 0
PRECIPITATION (INCHES)
TOTALS 8.15 8.55 -0.40 6.86
DAILY AVG. 0.09 0.09 -0.00 0.07
DAYS >= .01 20 25.0 -5.0 22
DAYS >= .10 11 14.2 -3.2 13
DAYS >= .50 6 5.8 0.2 5
DAYS >= 1.00 2 2.3 -0.3 2
GREATEST
24 HR. TOTAL 2.56 10/24 TO 10/25
DEGREE DAYS
HEATING TOTAL 897 972 -75 703
COOLING TOTAL 258 170 88 332
................................................................
WIND (MPH)
AVERAGE WIND SPEED 8.9
HIGHEST WIND SPEED/DIRECTION 32/MM DATE 10/14
HIGHEST GUST SPEED/DIRECTION 49/260 DATE 10/14
SKY COVER
POSSIBLE SUNSHINE (PERCENT) MM
AVERAGE SKY COVER 0.20
NUMBER OF DAYS FAIR 69
NUMBER OF DAYS PC 16
NUMBER OF DAYS CLOUDY 6
AVERAGE RH (PERCENT) 60
WEATHER CONDITIONS. NUMBER OF DAYS WITH
THUNDERSTORM 4 MIXED PRECIP 0
HEAVY RAIN 6 RAIN 8
LIGHT RAIN 26 FREEZING RAIN 0
LT FREEZING RAIN 0 HAIL 0
HEAVY SNOW 0 SNOW 0
LIGHT SNOW 2 SLEET 0
FOG 24 FOG W/VIS <= 1/4 MILE 3
HAZE 7
- INDICATES NEGATIVE NUMBERS.
R INDICATES RECORD WAS SET OR TIED.
MM INDICATES DATA IS MISSING.
T INDICATES TRACE AMOUNT.
$$