000
CXUS52 KCAE 011400
CF6DNL
PRELIMINARY LOCAL CLIMATOLOGICAL DATA (WS FORM: F-6)
STATION: AUGUSTA DANIEL FIELD GA
MONTH: APRIL
YEAR: 2021
LATITUDE: 33 28 N
LONGITUDE: 82 2 W
TEMPERATURE IN F: :PCPN: SNOW: WIND :SUNSHINE: SKY :PK WND
================================================================================
1 2 3 4 5 6A 6B 7 8 9 10 11 12 13 14 15 16 17 18
12Z AVG MX 2MIN
DY MAX MIN AVG DEP HDD CDD WTR SNW DPTH SPD SPD DIR MIN PSBL S-S WX SPD DR
================================================================================
1 65 43 54 -7 11 0 0.00 M M 12.2 21 320 M M 2 31 360
2 57 35 46 -15 19 0 0.00 M M 5.9 17 30 M M 0 25 60
3 64 36 50 -12 15 0 0.00 M M 2.9 9 190 M M 0 14 350
4 75 45 60 -2 5 0 0.00 M M 3.2 10 230 M M 0 8 17 290
5 82 49 66 4 0 1 0.00 M M 2.4 10 210 M M 0 13 160
6 84 52 68 6 0 3 0.00 M M 2.8 13 310 M M 0 17 210
7 86 62 74 12 0 9 0.00 M M 3.6 12 210 M M 0 15 210
8 81 59 70 8 0 5 0.00 M M 6.9 17 210 M M 2 23 210
9 75 64 70 7 0 5 0.00 M M 4.7 16 190 M M 5 20 180
10 80 62 71 8 0 6 0.06 M M 7.4 20 160 M M 5 18 30 170
11 80 59 70 7 0 5 0.00 M M 6.2 15 210 M M 3 21 300
12 87 58 73 10 0 8 0.00 M M 8.1 21 310 M M 0 27 320
13 86 59 73 9 0 8 0.00 M M 5.5 10 310 M M 0 14 260
14 89 58 74 10 0 9 0.00 M M 8.2 18 210 M M 3 26 210
15 78 61 70 6 0 5 0.00 M M 6.6 15 290 M M 5 8 22 290
16 70 52 61 -3 4 0 0.00 M M 5.0 16 70 M M 0 20 70
17 78 57 68 4 0 3 T M M 3.0 12 310 M M 6 16 320
18 79 56 68 3 0 3 0.00 M M 5.3 14 310 M M 0 18 320
19 77 58 68 3 0 3 0.00 M M 7.2 14 330 M M 1 22 330
20 76 56 66 1 0 1 0.00 M M 5.3 14 180 M M 1 20 180
21 77 48 63 -3 2 0 0.00 M M 8.3 21 300 M M 1 34 260
22 65 39 52 -14 13 0 0.00 M M 4.3 14 310 M M 0 18 100
23 73 43 58 -8 7 0 0.00 M M M 14 140 M M M 17 140
24 67 57 62 -4 3 0 1.00 M M 8.0 23 150 M M 9 138 31 150
25 78 61 70 3 0 5 0.00 M M 7.6 14 330 M M 5 19 310
26 80 57 69 2 0 4 0.00 M M 5.5 14 130 M M 0 19 130
27 84 57 71 4 0 6 0.00 M M 6.4 14 200 M M 0 18 19 160
28 85 62 74 6 0 9 0.00 M M 5.8 13 180 M M 1 17 210
29 85 66 76 8 0 11 0.00 M M 7.1 16 220 M M 1 24 230
30 82 67 75 7 0 10 0.00 M M 8.4 16 350 M M 2 23 290
================================================================================
SM 2325 1638 79 119 1.06 M 173.8 M 52
================================================================================
AV 77.5 54.6 6.0 FASTST M M 2 MAX(MPH)
MISC ----> 23 150 34 260
================================================================================
NOTES:
# LAST OF SEVERAL OCCURRENCES
COLUMN 17 PEAK WIND IN M.P.H.
PRELIMINARY LOCAL CLIMATOLOGICAL DATA (WS FORM: F-6) , PAGE 2
STATION: AUGUSTA DANIEL FIELD GA
MONTH: APRIL
YEAR: 2021
LATITUDE: 33 28 N
LONGITUDE: 82 2 W
[TEMPERATURE DATA] [PRECIPITATION DATA] SYMBOLS USED IN COLUMN 16
AVERAGE MONTHLY: 66.1 TOTAL FOR MONTH: 1.06 1 = FOG OR MIST
DPTR FM NORMAL: 1.8 DPTR FM NORMAL: -1.89 2 = FOG REDUCING VISIBILITY
HIGHEST: 89 ON 14 GRTST 24HR 1.00 ON 24-24 TO 1/4 MILE OR LESS
LOWEST: 35 ON 2 3 = THUNDER
SNOW, ICE PELLETS, HAIL 4 = ICE PELLETS
TOTAL MONTH: M 5 = HAIL
GRTST 24HR M ON M 6 = FREEZING RAIN OR DRIZZLE
GRTST DEPTH: M ON M 7 = DUSTSTORM OR SANDSTORM:
VSBY 1/2 MILE OR LESS
8 = SMOKE OR HAZE
[NO. OF DAYS WITH] [WEATHER - DAYS WITH] 9 = BLOWING SNOW
X = TORNADO
MAX 32 OR BELOW: 0 0.01 INCH OR MORE: 2
MAX 90 OR ABOVE: 0 0.10 INCH OR MORE: 1
MIN 32 OR BELOW: 0 0.50 INCH OR MORE: 1
MIN 0 OR BELOW: 0 1.00 INCH OR MORE: 1
[HDD (BASE 65) ]
TOTAL THIS MO. 79 CLEAR (SCALE 0-3) 23
DPTR FM NORMAL -17 PTCLDY (SCALE 4-7) 5
TOTAL FM JUL 1 1701 CLOUDY (SCALE 8-10) 2
DPTR FM NORMAL -458
[CDD (BASE 65) ]
TOTAL THIS MO. 119
DPTR FM NORMAL 44 [PRESSURE DATA]
TOTAL FM JAN 1 203 HIGHEST SLP 30.52 ON 3
DPTR FM NORMAL 102 LOWEST SLP 29.60 ON 11
[REMARKS]
#FINAL-04-21#