000
CXUS54 KEWX 171010
CF6DRT
PRELIMINARY LOCAL CLIMATOLOGICAL DATA (WS FORM: F-6)
STATION: DEL RIO
MONTH: APRIL
YEAR: 2024
LATITUDE: 29 22 N
LONGITUDE: 100 55 W
TEMPERATURE IN F: :PCPN: SNOW: WIND :SUNSHINE: SKY :PK WND
================================================================================
1 2 3 4 5 6A 6B 7 8 9 10 11 12 13 14 15 16 17 18
12Z AVG MX 2MIN
DY MAX MIN AVG DEP HDD CDD WTR SNW DPTH SPD SPD DIR MIN PSBL S-S WX SPD DR
================================================================================
1 99 70 85 13 0 20 0.00 0.0 0 13.3 33 320 M M 5 8 50 310
2 82 53 68 -4 0 3 0.00 0.0 M 10.5 23 310 M M 1 35 320
3 85 47 66 -6 0 1 0.00 0.0 M 3.8 17 270 M M 0 23 310
4 91 48 70 -3 0 5 0.00 0.0 0 6.2 18 140 M M 0 26 170
5 92 58 75 2 0 10 0.00 0.0 0 15.6 29 140 M M 0 43 160
6 93 68 81 8 0 16 0.00 0.0 0 12.9 22 140 M M 3 29 140
7 87 63 75 2 0 10 0.00 0.0 0 7.2 18 340 M M 1 26 340
8 87 61 74 1 0 9 0.00 0.0 0 9.3 21 150 M M 4 8 28 110
9 96 67 82 8 0 17 0.00 0.0 0 11.6 30 320 M M 3 8 51 330
10 86 57 72 -2 0 7 0.00 0.0 0 16.3 33 290 M M 0 47 300
11 89 51 70 -4 0 5 0.00 0.0 0 5.8 16 160 M M 0 24 140
12 91 60 76 2 0 11 0.00 0.0 0 13.8 30 150 M M 0 39 170
13 93 67 80 6 0 15 0.00 0.0 0 14.5 28 150 M M 0 38 150
14 92 67 80 5 0 15 0.00 0.0 0 10.6 17 110 M M 1 25 120
15 93 72 83 8 0 18 0.00 0.0 0 13.7 24 130 M M 3 34 130
16 98 74 86 11 0 21 T 0.0 0 6.4 18 120 M M 3 8 27 110
================================================================================
SM 1454 983 0 183 T 0.0 171.5 M 24
================================================================================
AV 90.9 61.4 10.7 FASTST M M 2 MAX(MPH)
MISC ----> # 33 320 51 330
================================================================================
NOTES:
# LAST OF SEVERAL OCCURRENCES
COLUMN 17 PEAK WIND IN M.P.H.
PRELIMINARY LOCAL CLIMATOLOGICAL DATA (WS FORM: F-6) , PAGE 2
STATION: DEL RIO
MONTH: APRIL
YEAR: 2024
LATITUDE: 29 22 N
LONGITUDE: 100 55 W
[TEMPERATURE DATA] [PRECIPITATION DATA] SYMBOLS USED IN COLUMN 16
AVERAGE MONTHLY: 76.2 TOTAL FOR MONTH: T 1 = FOG OR MIST
DPTR FM NORMAL: 2.7 DPTR FM NORMAL: -0.75 2 = FOG REDUCING VISIBILITY
HIGHEST: 99 ON 1 GRTST 24HR T ON 16-16 TO 1/4 MILE OR LESS
LOWEST: 47 ON 3 3 = THUNDER
SNOW, ICE PELLETS, HAIL 4 = ICE PELLETS
TOTAL MONTH: 0.0 INCH 5 = HAIL
GRTST 24HR 0.0 6 = FREEZING RAIN OR DRIZZLE
GRTST DEPTH: 0 7 = DUSTSTORM OR SANDSTORM:
VSBY 1/2 MILE OR LESS
8 = SMOKE OR HAZE
[NO. OF DAYS WITH] [WEATHER - DAYS WITH] 9 = BLOWING SNOW
X = TORNADO
MAX 32 OR BELOW: 0 0.01 INCH OR MORE: 0
MAX 90 OR ABOVE: 10 0.10 INCH OR MORE: 0
MIN 32 OR BELOW: 0 0.50 INCH OR MORE: 0
MIN 0 OR BELOW: 0 1.00 INCH OR MORE: 0
[HDD (BASE 65) ]
TOTAL THIS MO. 0 CLEAR (SCALE 0-3) 12
DPTR FM NORMAL -6 PTCLDY (SCALE 4-7) 4
TOTAL FM JUL 1 878 CLOUDY (SCALE 8-10) 0
DPTR FM NORMAL -88
[CDD (BASE 65) ]
TOTAL THIS MO. 183
DPTR FM NORMAL 39 [PRESSURE DATA]
TOTAL FM JAN 1 446 HIGHEST SLP M ON M
DPTR FM NORMAL 92 LOWEST SLP 29.43 ON 1
[REMARKS]