000
CXUS54 KEWX 011010
CF6DRT
PRELIMINARY LOCAL CLIMATOLOGICAL DATA (WS FORM: F-6)
STATION: DEL RIO
MONTH: APRIL
YEAR: 2020
LATITUDE: 29 22 N
LONGITUDE: 100 55 W
TEMPERATURE IN F: :PCPN: SNOW: WIND :SUNSHINE: SKY :PK WND
================================================================================
1 2 3 4 5 6A 6B 7 8 9 10 11 12 13 14 15 16 17 18
12Z AVG MX 2MIN
DY MAX MIN AVG DEP HDD CDD WTR SNW DPTH SPD SPD DIR MIN PSBL S-S WX SPD DR
================================================================================
1 86 60 73 5 0 8 0.00 0.0 0 12.2 22 140 M M 1 30 120
2 84 66 75 7 0 10 0.00 0.0 0 9.4 16 100 M M 6 23 100
3 79 56 68 -1 0 3 0.11 0.0 0 9.5 22 320 M M 10 138 34 310
4 56 52 54 -15 11 0 1.14 0.0 0 5.8 15 300 M M 10 138 22 300
5 69 56 63 -6 2 0 0.00 0.0 0 9.3 16 120 M M 10 18 22 130
6 77 64 71 2 0 6 T 0.0 0 8.0 14 120 M M 6 1 20 120
7 90 67 79 9 0 14 0.00 0.0 0 6.2 15 150 M M 3 12 21 150
8 95 73 84 14 0 19 0.00 0.0 0 5.0 10 80 M M 0 18 13 90
9 91 71 81 11 0 16 T 0.0 0 6.8 17 310 M M 1 8 27 310
10 79 67 73 3 0 8 T 0.0 0 9.5 21 110 M M 6 30 120
11 86 69 78 8 0 13 0.14 T 0 13.5 33 70 M M 7 1358 47 70
12 87 63 75 4 0 10 0.00 0.0 0 13.0 35 290 M M 1 18 47 290
13 74 48 61 -10 4 0 0.00 0.0 0 8.5 16 110 M M 0 27 10
14 70 52 61 -10 4 0 0.00 0.0 0 6.2 13 90 M M 5 19 80
15 73 48 61 -11 4 0 0.00 0.0 0 9.3 17 150 M M 1 24 170
16 77 53 65 -7 0 0 0.00 0.0 0 13.8 26 150 M M 5 35 150
17 84 62 73 1 0 8 0.00 0.0 0 7.8 20 320 M M 7 18 30 330
18 80 60 70 -2 0 5 T 0.0 0 7.4 17 100 M M 8 18 24 100
19 96 63 80 8 0 15 0.00 0.0 0 10.0 28 290 M M 4 1 36 290
20 98 51 75 2 0 10 0.00 0.0 0 5.3 15 150 M M 0 22 140
21 88 69 79 6 0 14 0.00 0.0 0 11.1 18 80 M M 3 8 27 100
22 96 64 80 7 0 15 T 0.0 0 8.6 22 120 M M 4 18 32 120
23 96 61 79 6 0 14 0.00 0.0 0 5.7 14 300 M M 0 20 310
24 103 65 84 10 0 19 0.00 0.0 0 7.5 16 290 M M 0 22 270
25 89 67 78 4 0 13 0.00 0.0 0 6.4 14 90 M M 0 21 360
26 91 60 76 2 0 11 0.00 0.0 0 10.8 23 160 M M 0 32 160
27 94 68 81 7 0 16 0.02 0.0 0 14.5 49 310 M M 0 3 77 310
28 102 63 83 8 0 18 0.00 0.0 0 6.6 12 120 M M 0 M M
29 92 65 79 4 0 14 0.00 0.0 0 7.1 20 30 M M 0 38 50
30 95 59 77 2 0 12 0.00 0.0 0 9.1 22 110 M M 0 30 110
================================================================================
SM 2577 1842 25 291 1.41 T 263.9 M 98
================================================================================
AV 85.9 61.4 8.8 FASTST M M 3 MAX(MPH)
MISC ----> # 49 310 # 77 310
================================================================================
NOTES:
# LAST OF SEVERAL OCCURRENCES
COLUMN 17 PEAK WIND IN M.P.H.
PRELIMINARY LOCAL CLIMATOLOGICAL DATA (WS FORM: F-6) , PAGE 2
STATION: DEL RIO
MONTH: APRIL
YEAR: 2020
LATITUDE: 29 22 N
LONGITUDE: 100 55 W
[TEMPERATURE DATA] [PRECIPITATION DATA] SYMBOLS USED IN COLUMN 16
AVERAGE MONTHLY: 73.7 TOTAL FOR MONTH: 1.41 1 = FOG OR MIST
DPTR FM NORMAL: 2.1 DPTR FM NORMAL: -0.24 2 = FOG REDUCING VISIBILITY
HIGHEST: 103 ON 24 GRTST 24HR 1.14 ON 4- 4 TO 1/4 MILE OR LESS
LOWEST: 48 ON 15,13 3 = THUNDER
SNOW, ICE PELLETS, HAIL 4 = ICE PELLETS
TOTAL MONTH: T 5 = HAIL
GRTST 24HR T ON 11-11 6 = FREEZING RAIN OR DRIZZLE
GRTST DEPTH: 0 7 = DUSTSTORM OR SANDSTORM:
VSBY 1/2 MILE OR LESS
8 = SMOKE OR HAZE
[NO. OF DAYS WITH] [WEATHER - DAYS WITH] 9 = BLOWING SNOW
X = TORNADO
MAX 32 OR BELOW: 0 0.01 INCH OR MORE: 4
MAX 90 OR ABOVE: 13 0.10 INCH OR MORE: 3
MIN 32 OR BELOW: 0 0.50 INCH OR MORE: 1
MIN 0 OR BELOW: 0 1.00 INCH OR MORE: 1
[HDD (BASE 65) ]
TOTAL THIS MO. 25 CLEAR (SCALE 0-3) 17
DPTR FM NORMAL 0 PTCLDY (SCALE 4-7) 10
TOTAL FM JUL 1 964 CLOUDY (SCALE 8-10) 3
DPTR FM NORMAL -411
[CDD (BASE 65) ]
TOTAL THIS MO. 291
DPTR FM NORMAL 68 [PRESSURE DATA]
TOTAL FM JAN 1 522 HIGHEST SLP 30.27 ON 15
DPTR FM NORMAL 193 LOWEST SLP 29.45 ON 12
[REMARKS]
#FINAL-04-20#