000
CXUS53 KDTX 010635
CF6DTW
PRELIMINARY LOCAL CLIMATOLOGICAL DATA (WS FORM: F-6)
STATION: DETROIT MI
MONTH: AUGUST
YEAR: 2020
LATITUDE: 42 13 N
LONGITUDE: 83 20 W
TEMPERATURE IN F: :PCPN: SNOW: WIND :SUNSHINE: SKY :PK WND
================================================================================
1 2 3 4 5 6A 6B 7 8 9 10 11 12 13 14 15 16 17 18
12Z AVG MX 2MIN
DY MAX MIN AVG DEP HDD CDD WTR SNW DPTH SPD SPD DIR MIN PSBL S-S WX SPD DR
================================================================================
1 81 64 73 0 0 8 0.30 0.0 0 5.7 9 30 M M 9 1 17 120
2 75 65 70 -3 0 5 1.20 0.0 0 8.7 17 310 M M 8 138 24 300
3 84 65 75 2 0 10 0.15 0.0 0 6.6 23 280 M M 8 13 31 280
4 76 62 69 -4 0 4 0.04 0.0 0 11.0 17 300 M M 9 1 21 300
5 75 57 66 -7 0 1 0.00 0.0 0 5.5 12 220 M M 5 15 230
6 79 58 69 -4 0 4 0.00 0.0 0 2.5 12 360 M M 6 16 300
7 81 59 70 -3 0 5 0.00 0.0 0 3.9 12 70 M M 3 16 360
8 84 62 73 0 0 8 0.00 0.0 0 5.1 14 160 M M 2 19 160
9 90 65 78 5 0 13 0.00 0.0 0 7.7 17 240 M M 4 25 220
10 89 71 80 7 0 15 0.00 0.0 0 9.2 20 200 M M 7 28 180
11 87 68 78 5 0 13 0.00 0.0 0 8.6 16 290 M M 7 21 260
12 85 61 73 0 0 8 0.00 0.0 0 3.2 10 170 M M 6 14 180
13 87 61 74 2 0 9 0.00 0.0 0 6.5 16 40 M M 6 24 70
14 86 69 78 6 0 13 T 0.0 0 8.4 20 60 M M 7 3 25 60
15 88 69 79 7 0 14 T 0.0 0 6.0 12 60 M M 6 3 15 50
16 83 65 74 2 0 9 0.85 0.0 0 7.2 16 320 M M 6 13 23 300
17 83 62 73 1 0 8 0.00 0.0 0 6.1 16 320 M M 5 24 340
18 77 60 69 -3 0 4 0.00 0.0 0 8.2 16 320 M M 4 25 300
19 78 57 68 -4 0 3 0.00 0.0 0 4.1 12 180 M M 4 15 10
20 81 57 69 -3 0 4 0.00 0.0 0 6.8 17 170 M M 1 20 170
21 88 60 74 2 0 9 0.00 0.0 0 5.2 14 170 M M 4 18 160
22 89 64 77 5 0 12 0.00 0.0 0 4.3 14 180 M M 2 18 160
23 90 66 78 7 0 13 0.00 0.0 0 5.4 14 250 M M 2 8 19 220
24 90 67 79 8 0 14 0.14 0.0 0 7.6 31 280 M M 6 3 38 270
25 86 71 79 8 0 14 0.00 0.0 0 6.2 16 310 M M 8 22 300
26 87 67 77 6 0 12 0.03 0.0 0 6.4 20 30 M M 8 13 26 30
27 94 73 84 13 0 19 0.00 0.0 0 11.8 26 280 M M 5 3 37 270
28 78 69 74 4 0 9 2.83 0.0 0 5.8 24 250 M M 9 13 31 230
29 80 61 71 1 0 6 0.45 0.0 0 12.8 24 290 M M 8 138 33 300
30 77 56 67 -3 0 2 0.00 0.0 0 4.5 12 170 M M 4 15 290
31 79 61 70 0 0 5 0.00 0.0 0 5.4 14 180 M M 6 19 100
================================================================================
SM 2587 1972 0 273 5.99 0.0 206.4 M 175
================================================================================
AV 83.5 63.6 6.7 FASTST M M 6 MAX(MPH)
MISC ----> 31 280 38 270
================================================================================
NOTES:
# LAST OF SEVERAL OCCURRENCES
COLUMN 17 PEAK WIND IN M.P.H.
PRELIMINARY LOCAL CLIMATOLOGICAL DATA (WS FORM: F-6) , PAGE 2
STATION: DETROIT MI
MONTH: AUGUST
YEAR: 2020
LATITUDE: 42 13 N
LONGITUDE: 83 20 W
[TEMPERATURE DATA] [PRECIPITATION DATA] SYMBOLS USED IN COLUMN 16
AVERAGE MONTHLY: 73.5 TOTAL FOR MONTH: 5.99 1 = FOG OR MIST
DPTR FM NORMAL: 1.5 DPTR FM NORMAL: 2.99 2 = FOG REDUCING VISIBILITY
HIGHEST: 94 ON 27 GRTST 24HR 3.28 ON 28-29 TO 1/4 MILE OR LESS
LOWEST: 56 ON 30 3 = THUNDER
SNOW, ICE PELLETS, HAIL 4 = ICE PELLETS
TOTAL MONTH: 0.0 INCH 5 = HAIL
GRTST 24HR 0.0 6 = FREEZING RAIN OR DRIZZLE
GRTST DEPTH: 0 7 = DUSTSTORM OR SANDSTORM:
VSBY 1/2 MILE OR LESS
8 = SMOKE OR HAZE
[NO. OF DAYS WITH] [WEATHER - DAYS WITH] 9 = BLOWING SNOW
X = TORNADO
MAX 32 OR BELOW: 0 0.01 INCH OR MORE: 9
MAX 90 OR ABOVE: 4 0.10 INCH OR MORE: 7
MIN 32 OR BELOW: 0 0.50 INCH OR MORE: 3
MIN 0 OR BELOW: 0 1.00 INCH OR MORE: 2
[HDD (BASE 65) ]
TOTAL THIS MO. 0 CLEAR (SCALE 0-3) 5
DPTR FM NORMAL -8 PTCLDY (SCALE 4-7) 20
TOTAL FM JUL 1 0 CLOUDY (SCALE 8-10) 6
DPTR FM NORMAL -5
[CDD (BASE 65) ]
TOTAL THIS MO. 273
DPTR FM NORMAL 48 [PRESSURE DATA]
TOTAL FM JAN 1 929 HIGHEST SLP M ON M
DPTR FM NORMAL 218 LOWEST SLP 29.52 ON 29
[REMARKS]
#FINAL-08-20#