000
CXUS55 KTWC 020246
CLMDUG
CLIMATE REPORT
NATIONAL WEATHER SERVICE TUCSON AZ
746 PM MST MON JAN 01 2024
...................................
...THE DOUGLAS AZ CLIMATE SUMMARY FOR THE MONTH OF DECEMBER 2023...
CLIMATE NORMAL PERIOD 1991 TO 2020
CLIMATE RECORD PERIOD 1948 TO 2023
WEATHER OBSERVED NORMAL DEPART LAST YEAR`S
VALUE DATE(S) VALUE FROM VALUE
NORMAL
..............................................................
TEMPERATURE (F)
RECORD
HIGH 81 12/03/1954
LOW -4 12/08/1978
HIGHEST 78 12/07 75 3
LOWEST 18 12/11 17 1
AVG. MAXIMUM 64.9 61.4 3.5
AVG. MINIMUM 28.2 28.2 -0.0
MEAN 46.5 44.8 1.7
DAYS MAX >= 90 0 0.0 0.0
DAYS MAX >= 100 0
DAYS MIN <= 32 25 20.8 4.2
DAYS MIN >= 80 0
PRECIPITATION (INCHES)
RECORD
MAXIMUM 3.86 1994
MINIMUM 0.00 2021
TOTALS 0.98 0.77 0.21 0.67
DAILY AVG. 0.03 0.02 0.01 0.02
DAYS >= .01 3 4.0 -1.0 4
DAYS >= .10 2 2.1 -0.1 3
DAYS >= .50 1 0.3 0.7 0
DAYS >= 1.00 0 0.1 -0.1 0
GREATEST
24 HR. TOTAL 0.96 12/22 TO 12/23 0.45
DEGREE DAYS
HEATING TOTAL 565 626 -61 575
SINCE 7/1 901 1081 -180 MM
COOLING TOTAL 0 0 0 0
SINCE 1/1 2078 1709 369 MM
..............................................................
WIND (MPH)
AVERAGE WIND SPEED 5.6
HIGHEST WIND SPEED/DIRECTION 29/280 DATE 12/22
HIGHEST GUST SPEED/DIRECTION 42/160 DATE 12/13
AVERAGE RH (PERCENT) 44
- INDICATES NEGATIVE NUMBERS.
R INDICATES RECORD WAS SET OR TIED.
MM INDICATES DATA IS MISSING.
T INDICATES TRACE AMOUNT.
$$