000
CXUS53 KDVN 010848
CLSDVN
CLIMATE REPORT
NATIONAL WEATHER SERVICE QUAD CITIES IA IL
348 AM CDT WED JUN 01 2022
...................................
...THE DAVENPORT IA CLIMATE SUMMARY FOR THE SEASON, FROM
3/1/2022 TO 5/31/2022...
CLIMATE NORMAL PERIOD 1991 TO 2020
CLIMATE RECORD PERIOD 9999 TO 9999
WEATHER OBSERVED NORMAL DEPART LAST YEAR`S
VALUE DATE(S) VALUE FROM VALUE
NORMAL
..............................................................
TEMPERATURE (F)
HIGHEST 97 05/12 77 20
LOWEST 6 03/12 23 -17
AVG. MAXIMUM 60.2 60.7 -0.5
AVG. MINIMUM 40.4 39.8 0.6
MEAN 52.3 50.2 2.1
DAYS MAX >= 90 5
DAYS MAX <= 32 4
DAYS MIN <= 32 28
DAYS MIN <= 0 0
PRECIPITATION (INCHES)
TOTALS 9.73 10.77 -1.04
DAILY AVG. 0.11 0.12 -0.01
DAYS >= .01 43
DAYS >= .10 21
DAYS >= .50 9
DAYS >= 1.00 1
GREATEST
24 HR. TOTAL 1.30 05/24 TO 05/25
SNOWFALL (INCHES)
RECORDS
24 HR TOTAL 1.8 03/15/2021 TO 03/15/2021
TOTALS 4.3
SINCE 7/1 22.0
SNOWDEPTH AVG. T
DAYS >= TRACE 14
DAYS >= 1.0 2
GREATEST
SNOW DEPTH 2 03/08
24 HR TOTAL 1.8 03/06 TO 03/07
DEGREE DAYS
HEATING TOTAL 1489 1436 53
SINCE 7/1 6056 6307 -251
COOLING TOTAL 155 79 76
SINCE 1/1 155 79 76
..............................................................
WIND (MPH)
AVERAGE WIND SPEED 12.7
HIGHEST WIND SPEED/DIRECTION 41/290 DATE 03/25
HIGHEST GUST SPEED/DIRECTION 58/290 DATE 03/25
SKY COVER
POSSIBLE SUNSHINE (PERCENT) MM
AVERAGE SKY COVER 0.44
NUMBER OF DAYS FAIR 45
NUMBER OF DAYS PC 21
NUMBER OF DAYS CLOUDY 26
AVERAGE RH (PERCENT) 66
WEATHER CONDITIONS. NUMBER OF DAYS WITH
THUNDERSTORM 7 HAIL 2
SLEET 1 FOG 39
FOG W/VIS <= 1/4 MILE 0 HAZE 11
- INDICATES NEGATIVE NUMBERS.
R INDICATES RECORD WAS SET OR TIED.
MM INDICATES DATA IS MISSING.
T INDICATES TRACE AMOUNT.
$$
NOTE: SUPPLEMENTAL CLIMATE DATA WAS USED FROM A NEARBY
CLIMATOLOGICALLY REPRESENTATIVE STATION.