000
CXUS54 KEWX 011012
CF6DZB
PRELIMINARY LOCAL CLIMATOLOGICAL DATA (WS FORM: F-6)
STATION: HORSESHOE BAY
MONTH: MAY
YEAR: 2023
LATITUDE: 30 31 N
LONGITUDE: 98 22 W
TEMPERATURE IN F: :PCPN: SNOW: WIND :SUNSHINE: SKY :PK WND
================================================================================
1 2 3 4 5 6A 6B 7 8 9 10 11 12 13 14 15 16 17 18
12Z AVG MX 2MIN
DY MAX MIN AVG DEP HDD CDD WTR SNW DPTH SPD SPD DIR MIN PSBL S-S WX SPD DR
================================================================================
1 83 54 69 M 0 4 0.00 M M 3.7 9 110 M M 1 16 130
2 82 60 71 M 0 6 0.00 M M 4.3 13 140 M M 3 17 140
3 87 59 73 M 0 8 0.00 M M 3.9 9 130 M M 1 1 18 140
4 86 66 76 M 0 11 0.00 M M 6.5 12 180 M M 4 18 180
5 97 63 80 M 0 15 1.84 M M 7.8 38 320 M M 5 138 55 320
6 90 66 78 M 0 13 0.00 M M 7.2 14 160 M M 6 18 23 160
7 85 71 78 M 0 13 0.00 M M 6.9 15 160 M M 5 1 23 160
8 93 68 81 M 0 16 0.00 M M 6.7 15 150 M M 2 1 25 150
9 77 64 71 M 0 6 0.83 M M 3.2 9 330 M M 5 3 20 330
10 82 67 75 M 0 10 0.00 M M 3.5 8 40 M M 8 M M
11 90 71 81 M 0 16 0.00 M M 7.2 13 150 M M 6 22 160
12 88 65 77 M 0 12 0.31 M M 8.1 13 140 M M 7 138 28 150
13 76 63 70 M 0 5 0.73 M M 3.3 8 80 M M 5 3 16 80
14 84 62 73 M 0 8 0.00 M M 1.5 5 150 M M 4 12 M M
15 83 65 74 M 0 9 0.75 M M 3.2 15 160 M M 3 3 32 160
16 77 65 71 M 0 6 0.00 M M 1.6 8 320 M M 2 M M
17 87 61 74 M 0 9 0.00 M M 1.6 6 160 M M 1 M M
18 90 61 76 M 0 11 0.00 M M 3.5 9 180 M M 1 16 170
19 90 68 79 M 0 14 0.03 M M 6.1 13 170 M M 3 3 23 300
20 80 65 73 M 0 8 0.00 M M 4.5 10 340 M M 4 17 20
21 73 62 68 M 0 3 0.08 M M 0.3 3 210 M M 5 M M
22 86 59 73 M 0 8 0.00 M M 1.7 7 150 M M 2 1 M M
23 91 62 77 M 0 12 0.00 M M 3.7 9 140 M M 2 20 140
24 80 64 72 M 0 7 1.19 M M 4.8 15 360 M M 3 3 23 340
25 83 62 73 M 0 8 0.00 M M 2.3 10 130 M M 2 1 17 130
26 86 64 75 M 0 10 0.00 M M 2.4 8 120 M M 3 16 110
27 87 64 76 M 0 11 0.12 M M 3.3 13 40 M M 2 22 40
28 84 68 76 M 0 11 0.00 M M 6.0 13 170 M M 2 26 170
29 85 66 76 M 0 11 0.00 M M 2.8 9 210 M M 3 3 18 210
30 89 62 76 M 0 11 0.00 M M 2.7 7 160 M M 1 M M
31 89 65 77 M 0 12 0.00 M M 5.3 10 160 M M 2 20 160
================================================================================
SM 2640 1982 0 304 5.88 M 129.6 M 103
================================================================================
AV 85.2 63.9 4.2 FASTST M M 3 MAX(MPH)
MISC ----> 38 320 55 320
================================================================================
NOTES:
# LAST OF SEVERAL OCCURRENCES
COLUMN 17 PEAK WIND IN M.P.H.
PRELIMINARY LOCAL CLIMATOLOGICAL DATA (WS FORM: F-6) , PAGE 2
STATION: HORSESHOE BAY
MONTH: MAY
YEAR: 2023
LATITUDE: 30 31 N
LONGITUDE: 98 22 W
[TEMPERATURE DATA] [PRECIPITATION DATA] SYMBOLS USED IN COLUMN 16
AVERAGE MONTHLY: 74.5 TOTAL FOR MONTH: 5.88 1 = FOG OR MIST
DPTR FM NORMAL: 0.0 DPTR FM NORMAL: M 2 = FOG REDUCING VISIBILITY
HIGHEST: 97 ON 5 GRTST 24HR 1.84 ON 5- 5 TO 1/4 MILE OR LESS
LOWEST: 54 ON 1 3 = THUNDER
SNOW, ICE PELLETS, HAIL 4 = ICE PELLETS
TOTAL MONTH: M 5 = HAIL
GRTST 24HR M ON M 6 = FREEZING RAIN OR DRIZZLE
GRTST DEPTH: M ON M 7 = DUSTSTORM OR SANDSTORM:
VSBY 1/2 MILE OR LESS
8 = SMOKE OR HAZE
[NO. OF DAYS WITH] [WEATHER - DAYS WITH] 9 = BLOWING SNOW
X = TORNADO
MAX 32 OR BELOW: 0 0.01 INCH OR MORE: 9
MAX 90 OR ABOVE: 7 0.10 INCH OR MORE: 7
MIN 32 OR BELOW: 0 0.50 INCH OR MORE: 5
MIN 0 OR BELOW: 0 1.00 INCH OR MORE: 2
[HDD (BASE 65) ]
TOTAL THIS MO. 0 CLEAR (SCALE 0-3) 17
DPTR FM NORMAL M PTCLDY (SCALE 4-7) 14
TOTAL FM JUL 1 1531 CLOUDY (SCALE 8-10) 0
DPTR FM NORMAL M
[CDD (BASE 65) ]
TOTAL THIS MO. 304
DPTR FM NORMAL M [PRESSURE DATA]
TOTAL FM JAN 1 568 HIGHEST SLP M ON M
DPTR FM NORMAL M LOWEST SLP M ON M
[REMARKS]
#FINAL-05-23#