000
CXUS54 KMAF 011210
CF6E38
PRELIMINARY LOCAL CLIMATOLOGICAL DATA (WS FORM: F-6)
STATION: ALPINE-CASPARIS MUNICIPAL
MONTH: FEBRUARY
YEAR: 2024
LATITUDE: 30 23 N
LONGITUDE: 103 41 W
TEMPERATURE IN F: :PCPN: SNOW: WIND :SUNSHINE: SKY :PK WND
================================================================================
1 2 3 4 5 6A 6B 7 8 9 10 11 12 13 14 15 16 17 18
12Z AVG MX 2MIN
DY MAX MIN AVG DEP HDD CDD WTR SNW DPTH SPD SPD DIR MIN PSBL S-S WX SPD DR
================================================================================
1 72 46 59 M 6 0 M M M 6.7 15 250 M M 0 17 260
2 71 46 59 M 6 0 M M M 16.1 26 220 M M 1 35 240
3 55 40 48 M 17 0 M M M 22.6 37 280 M M 1 45 280
4 62 41 52 M 13 0 M M M 15.2 29 290 M M 0 47 290
5 61 28 45 M 20 0 M M M 1.3 7 90 M M 0 M M
6 71 37 54 M 11 0 M M M 3.5 14 180 M M 0 20 180
7 74 46 60 M 5 0 M M M 10.4 31 230 M M 0 40 290
8 57 39 48 M 17 0 M M M 4.7 16 210 M M 0 23 210
9 61 47 54 M 11 0 M M M 5.1 17 160 M M 2 21 160
10 66 41 54 M 11 0 M M M 10.7 22 230 M M 2 29 230
11 47 27 37 M 28 0 M M M 14.6 31 260 M M 5 43 260
12 58 22 40 M 25 0 M M M 6.9 15 260 M M 0 21 260
13 66 28 47 M 18 0 M M M 4.9 13 190 M M 0 16 240
14 70 38 54 M 11 0 M M M 9.9 14 230 M M 0 23 290
15 69 40 55 M 10 0 M M M 5.9 12 220 M M 0 17 160
16 68 40 54 M 11 0 M M M 8.0 15 240 M M 0 18 300
17 40 28 34 M 31 0 M M M 7.2 13 40 M M 7 16 40
18 64 20 42 M 23 0 M M M 7.6 17 230 M M 0 23 230
19 74 45 60 M 5 0 M M M 10.5 18 270 M M 0 22 270
20 80 43 62 M 3 0 M M M 9.4 16 230 M M 0 21 230
21 84 52 68 M 0 3 M M M 12.3 28 230 M M 0 36 230
22 73 38 56 M 9 0 M M M 7.4 20 270 M M 0 29 270
23 68 38 53 M 12 0 M M M 4.8 9 40 M M 0 M M
24 77 38 58 M 7 0 M M M 7.4 15 250 M M 0 18 230
25 83 53 68 M 0 3 M M M 11.4 17 260 M M 0 25 260
26 86 50 68 M 0 3 M M M 9.4 18 280 M M 0 24 280
27 79 57 68 M 0 3 M M M 14.7 25 240 M M 0 33 240
28 65 33 49 M 16 0 0.87 M M 6.6 17 260 M M 7 24 40
29 62 35 49 M 16 0 0.04 M M 4.2 15 240 M M 4 22 240
================================================================================
SM 1963 1136 342 12 0.91 M 259.2 M 29
================================================================================
AV 67.7 39.2 8.9 FASTST M M 1 MAX(MPH)
MISC ----> 37 280 47 290
================================================================================
NOTES:
# LAST OF SEVERAL OCCURRENCES
COLUMN 17 PEAK WIND IN M.P.H.
PRELIMINARY LOCAL CLIMATOLOGICAL DATA (WS FORM: F-6) , PAGE 2
STATION: ALPINE-CASPARIS MUNICIPAL
MONTH: FEBRUARY
YEAR: 2024
LATITUDE: 30 23 N
LONGITUDE: 103 41 W
[TEMPERATURE DATA] [PRECIPITATION DATA] SYMBOLS USED IN COLUMN 16
AVERAGE MONTHLY: 53.4 TOTAL FOR MONTH: 0.91 1 = FOG OR MIST
DPTR FM NORMAL: 0.0 DPTR FM NORMAL: M 2 = FOG REDUCING VISIBILITY
HIGHEST: 86 ON 26 GRTST 24HR 0.87 ON 28-28 TO 1/4 MILE OR LESS
LOWEST: 20 ON 18 3 = THUNDER
SNOW, ICE PELLETS, HAIL 4 = ICE PELLETS
TOTAL MONTH: M 5 = HAIL
GRTST 24HR M ON M 6 = FREEZING RAIN OR DRIZZLE
GRTST DEPTH: M ON M 7 = DUSTSTORM OR SANDSTORM:
VSBY 1/2 MILE OR LESS
8 = SMOKE OR HAZE
[NO. OF DAYS WITH] [WEATHER - DAYS WITH] 9 = BLOWING SNOW
X = TORNADO
MAX 32 OR BELOW: 0 0.01 INCH OR MORE: 2
MAX 90 OR ABOVE: 0 0.10 INCH OR MORE: 1
MIN 32 OR BELOW: 6 0.50 INCH OR MORE: 1
MIN 0 OR BELOW: 0 1.00 INCH OR MORE: 0
[HDD (BASE 65) ]
TOTAL THIS MO. 342 CLEAR (SCALE 0-3) 25
DPTR FM NORMAL M PTCLDY (SCALE 4-7) 4
TOTAL FM JUL 1 1788 CLOUDY (SCALE 8-10) 0
DPTR FM NORMAL M
[CDD (BASE 65) ]
TOTAL THIS MO. 12
DPTR FM NORMAL M [PRESSURE DATA]
TOTAL FM JAN 1 12 HIGHEST SLP M ON M
DPTR FM NORMAL M LOWEST SLP M ON M
[REMARKS]
#FINAL-02-24#