000
CXUS56 KOTX 120330
CLAEAT
CLIMATE REPORT
NATIONAL WEATHER SERVICE SPOKANE, WA
729 PM PST SAT JAN 11 2020
...................................
...THE WENATCHEE WA PANGBORN FIELD CLIMATE SUMMARY FOR THE YEAR OF 2019...
CLIMATE NORMAL PERIOD 1981 TO 2010
CLIMATE RECORD PERIOD 1959 TO 2020
WEATHER OBSERVED NORMAL DEPART
VALUE DATE(S) VALUE FROM
NORMAL
................................................
TEMPERATURE (F)
RECORD
HIGH 109 06/28/2015
08/04/1961
08/04/1961
LOW -21 12/30/1968
HIGHEST 100 08/07
08/06
LOWEST 4 03/04
AVG. MAXIMUM 58.5 61.0 -2.5
AVG. MINIMUM 40.8 40.8 0.0
MEAN 49.6 29.5 20.1
DAYS MAX >= 90 21 28.1 -7.1
DAYS MAX <= 32 60 31.9 28.1
DAYS MIN <= 32 139 99.1 39.9
DAYS MIN <= 0 0 1.1 -1.1
PRECIPITATION (INCHES)
RECORD
MAXIMUM 14.28 1983
MINIMUM 4.49 1976
TOTALS 7.23 8.01 -0.78
DAILY AVG. 0.02 0.02 0.00
DAYS >= .01 70 67.9 2.1
DAYS >= .10 28 25.1 2.9
DAYS >= .50 0 1.8 -1.8
DAYS >= 1.00 0 0.1 -0.1
GREATEST
24 HR. TOTAL 0.45 MM
DEGREE_DAYS
HEATING TOTAL 6288 5772 516
COOLING TOTAL 832 790 42
FREEZE DATES
RECORD
EARLIEST 09/29/1985
LATEST 05/27/2011
EARLIEST 10/26
LATEST 04/08
.................................................
WIND (MPH)
AVERAGE WIND SPEED 6.8
HIGHEST WIND SPEED/DIRECTION 41/300 DATE 06/23
HIGHEST GUST SPEED/DIRECTION 54/050 DATE 10/28
SKY COVER
AVERAGE SKY COVER 0.40
AVERAGE RH (PERCENT) 60
WEATHER CONDITIONS. NUMBER OF DAYS WITH
0
10
0
0
99
12
- INDICATES NEGATIVE NUMBERS.
R INDICATES RECORD WAS SET OR TIED.
MM INDICATES DATA IS MISSING.
T INDICATES TRACE AMOUNT.
$$