000
CXUS53 KMPX 030158
CF6EAU
PRELIMINARY LOCAL CLIMATOLOGICAL DATA (WS FORM: F-6)
STATION: EAU CLAIRE WI
MONTH: MAY
YEAR: 2023
LATITUDE: 44 52 N
LONGITUDE: 91 29 W
TEMPERATURE IN F: :PCPN: SNOW: WIND :SUNSHINE: SKY :PK WND
================================================================================
1 2 3 4 5 6A 6B 7 8 9 10 11 12 13 14 15 16 17 18
12Z AVG MX 2MIN
DY MAX MIN AVG DEP HDD CDD WTR SNW DPTH SPD SPD DIR MIN PSBL S-S WX SPD DR
================================================================================
1 52 40 46 -6 19 0 0.00 0.0 0 16.9 26 340 M M 9 39 340
2 61 36 49 -3 16 0 0.00 0.0 0 13.6 25 340 M M 3 39 360
3 67 30 49 -3 16 0 0.00 0.0 0 3.4 12 340 M M 1 17 360
4 77 48 63 10 2 0 0.00 0.0 0 7.8 16 290 M M 2 23 300
5 58 47 53 0 12 0 1.32 0.0 0 7.5 18 100 M M 9 13 26 80
6 62 54 58 4 7 0 0.41 0.0 0 9.5 21 80 M M 10 13 24 80
7 74 50 62 8 3 0 0.00 0.0 0 4.1 15 200 M M 4 1 20 110
8 68 52 60 6 5 0 0.00 0.0 0 7.9 18 110 M M 7 24 110
9 76 53 65 10 0 0 0.00 0.0 0 5.7 13 240 M M 4 1 16 180
10 79 52 66 11 0 1 0.00 0.0 0 2.8 13 190 M M 2 12 18 170
11 78 53 66 10 0 1 T 0.0 0 3.9 12 140 M M 4 17 130
12 73 57 65 9 0 0 0.01 0.0 0 5.4 17 100 M M 7 23 100
13 69 59 64 8 1 0 T 0.0 0 8.5 18 70 M M 10 23 80
14 65 44 55 -2 10 0 0.29 0.0 0 5.6 17 70 M M 5 1 25 90
15 75 39 57 0 8 0 0.00 0.0 0 5.1 15 270 M M 3 128 21 280
16 79 51 65 7 0 0 0.00 0.0 0 7.2 16 10 M M 0 24 360
17 65 43 54 -4 11 0 0.00 0.0 0 8.2 14 140 M M 0 17 140
18 77 47 62 4 3 0 0.01 0.0 0 7.6 22 310 M M 3 18 28 310
19 62 43 53 -5 12 0 0.00 0.0 0 10.0 18 330 M M 8 18 26 300
20 75 37 56 -3 9 0 0.00 0.0 0 5.5 16 250 M M 0 1 23 300
21 80 44 62 3 3 0 0.00 0.0 0 2.5 10 230 M M 0 18 220
22 81 47 64 4 1 0 0.00 0.0 0 4.2 16 200 M M 0 1 23 150
23 83 47 65 5 0 0 0.00 0.0 0 3.6 14 170 M M 0 1 21 190
24 71 53 62 2 3 0 0.00 0.0 0 11.9 21 60 M M 1 27 110
25 75 50 63 2 2 0 0.00 0.0 0 8.7 20 110 M M 2 30 120
26 77 37 57 -4 8 0 0.00 0.0 0 4.6 14 160 M M 0 20 180
27 81 37 59 -2 6 0 0.00 0.0 0 3.7 15 170 M M 0 20 140
28 83 45 64 2 1 0 0.00 0.0 0 4.8 15 140 M M 0 21 120
29 83 49 66 4 0 1 0.00 0.0 0 6.3 17 160 M M 0 26 130
30 89 59 74 12 0 9 0.00 0.0 0 8.3 22 200 M M 3 29 200
31 90 56 73 10 0 8 0.00 0.0 0 6.5 21 200 M M 1 28 170
================================================================================
SM 2285 1459 158 20 2.04 0.0 211.3 M 98
================================================================================
AV 73.7 47.1 6.8 FASTST M M 3 MAX(MPH)
MISC ----> 26 340 # 39 340
================================================================================
NOTES:
# LAST OF SEVERAL OCCURRENCES
COLUMN 17 PEAK WIND IN M.P.H.
PRELIMINARY LOCAL CLIMATOLOGICAL DATA (WS FORM: F-6) , PAGE 2
STATION: EAU CLAIRE WI
MONTH: MAY
YEAR: 2023
LATITUDE: 44 52 N
LONGITUDE: 91 29 W
[TEMPERATURE DATA] [PRECIPITATION DATA] SYMBOLS USED IN COLUMN 16
AVERAGE MONTHLY: 60.4 TOTAL FOR MONTH: 2.04 1 = FOG OR MIST
DPTR FM NORMAL: 3.0 DPTR FM NORMAL: -1.87 2 = FOG REDUCING VISIBILITY
HIGHEST: 90 ON 31 GRTST 24HR 1.34 ON 5- 6 TO 1/4 MILE OR LESS
LOWEST: 30 ON 3 3 = THUNDER
SNOW, ICE PELLETS, HAIL 4 = ICE PELLETS
TOTAL MONTH: T 5 = HAIL
GRTST 24HR 0.0 6 = FREEZING RAIN OR DRIZZLE
GRTST DEPTH: 0 7 = DUSTSTORM OR SANDSTORM:
VSBY 1/2 MILE OR LESS
8 = SMOKE OR HAZE
[NO. OF DAYS WITH] [WEATHER - DAYS WITH] 9 = BLOWING SNOW
X = TORNADO
MAX 32 OR BELOW: 0 0.01 INCH OR MORE: 5
MAX 90 OR ABOVE: 1 0.10 INCH OR MORE: 3
MIN 32 OR BELOW: 1 0.50 INCH OR MORE: 1
MIN 0 OR BELOW: 0 1.00 INCH OR MORE: 1
[HDD (BASE 65) ]
TOTAL THIS MO. 158 CLEAR (SCALE 0-3) 19
DPTR FM NORMAL -108 PTCLDY (SCALE 4-7) 8
TOTAL FM JUL 1 7526 CLOUDY (SCALE 8-10) 4
DPTR FM NORMAL -343
[CDD (BASE 65) ]
TOTAL THIS MO. 20
DPTR FM NORMAL -8 [PRESSURE DATA]
TOTAL FM JAN 1 41 HIGHEST SLP 30.48 ON 14
DPTR FM NORMAL 11 LOWEST SLP 29.59 ON 1
[REMARKS]
#FINAL-05-23#