000
CXUS52 KTAE 010800
CF6ECP
PRELIMINARY LOCAL CLIMATOLOGICAL DATA (WS FORM: F-6)
STATION: PANAMA CITY NW
MONTH: MAY
YEAR: 2020
LATITUDE: 30 21 N
LONGITUDE: 85 48 W
TEMPERATURE IN F: :PCPN: SNOW: WIND :SUNSHINE: SKY :PK WND
================================================================================
1 2 3 4 5 6A 6B 7 8 9 10 11 12 13 14 15 16 17 18
12Z AVG MX 2MIN
DY MAX MIN AVG DEP HDD CDD WTR SNW DPTH SPD SPD DIR MIN PSBL S-S WX SPD DR
================================================================================
1 80 47 64 M 1 0 0.00 0.0 0 6.0 17 210 M M 0 25 220
2 83 51 67 M 0 2 0.00 0.0 0 4.1 15 190 M M 0 23 250
3 82 51 67 M 0 2 0.00 0.0 0 4.6 17 160 M M 0 1 38 160
4 85 56 71 M 0 6 0.00 0.0 0 6.2 20 210 M M 2 1 25 210
5 86 66 76 M 0 11 0.00 0.0 0 6.6 18 220 M M 5 128 28 180
6 87 61 74 M 0 9 0.00 0.0 0 11.3 26 300 M M 1 35 300
7 76 48 62 M 3 0 0.00 0.0 0 7.2 17 350 M M 0 26 80
8 80 46 63 M 2 0 T M 0 10.1 25 190 M M 2 33 220
9 79 59 69 M 0 4 0.00 0.0 0 9.9 18 10 M M 4 33 230
10 85 58 72 M 0 7 0.00 0.0 0 5.1 13 280 M M 3 1 20 130
11 86 53 70 M 0 5 0.00 0.0 0 8.2 17 350 M M 0 8 24 350
12 86 54 70 M 0 5 0.00 0.0 0 6.5 16 170 M M 0 8 49 150
13 86 53 70 M 0 5 0.00 0.0 0 7.3 17 170 M M 0 8 23 160
14 85 63 74 M 0 9 0.00 0.0 0 9.2 21 150 M M 1 26 150
15 86 63 75 M 0 10 0.00 0.0 0 6.9 17 180 M M 1 22 170
16 93 61 77 M 0 12 0.00 0.0 0 6.3 18 200 M M 1 1 23 200
17 87 66 77 M 0 12 0.00 0.0 0 9.2 18 170 M M 6 1 23 180
18 85 69 77 M 0 12 0.09 0.0 0 11.0 22 200 M M 7 13 28 200
19 87 66 77 M 0 12 0.00 0.0 0 8.3 20 250 M M 3 26 210
20 81 65 73 M 0 8 0.31 0.0 0 7.9 22 210 M M 7 13 29 230
21 88 63 76 M 0 11 0.07 0.0 0 4.8 16 210 M M 5 138 20 200
22 89 66 78 M 0 13 0.00 0.0 0 5.9 17 160 M M 3 1 26 160
23 91 68 80 M 0 15 0.00 0.0 0 5.6 15 120 M M 1 21 150
24 93 70 82 M 0 17 0.00 0.0 0 5.4 16 180 M M 2 3 22 100
25 91 69 80 M 0 15 0.22 0.0 0 9.6 25 90 M M 5 1 39 80
26 83 72 78 M 0 13 0.07 0.0 0 7.1 16 70 M M 8 13 22 50
27 88 71 80 M 0 15 T 0.0 0 4.1 16 220 M M 7 22 180
28 90 73 82 M 0 17 T 0.0 0 7.5 16 180 M M 4 23 230
29 88 70 79 M 0 14 0.00 0.0 0 6.6 15 170 M M 3 21 210
30 91 68 80 M 0 15 0.10 0.0 0 3.6 14 190 M M 4 13 18 200
31 95 67 81 M 0 16 0.00 0.0 0 7.3 18 310 M M 0 1 25 280
================================================================================
SM 2672 1913 6 292 0.86 0.0 219.4 M 85
================================================================================
AV 86.2 61.7 7.1 FASTST M M 3 MAX(MPH)
MISC ----> # 26 300 # 49 150
================================================================================
NOTES:
# LAST OF SEVERAL OCCURRENCES
COLUMN 17 PEAK WIND IN M.P.H.
PRELIMINARY LOCAL CLIMATOLOGICAL DATA (WS FORM: F-6) , PAGE 2
STATION: PANAMA CITY NW
MONTH: MAY
YEAR: 2020
LATITUDE: 30 21 N
LONGITUDE: 85 48 W
[TEMPERATURE DATA] [PRECIPITATION DATA] SYMBOLS USED IN COLUMN 16
AVERAGE MONTHLY: 74.0 TOTAL FOR MONTH: 0.86 1 = FOG OR MIST
DPTR FM NORMAL: M DPTR FM NORMAL: M 2 = FOG REDUCING VISIBILITY
HIGHEST: 95 ON 31 GRTST 24HR 0.31 ON 20-20 TO 1/4 MILE OR LESS
LOWEST: 46 ON 8 3 = THUNDER
SNOW, ICE PELLETS, HAIL 4 = ICE PELLETS
TOTAL MONTH: 0.0 INCH 5 = HAIL
GRTST 24HR 0.0 6 = FREEZING RAIN OR DRIZZLE
GRTST DEPTH: 0 7 = DUSTSTORM OR SANDSTORM:
VSBY 1/2 MILE OR LESS
8 = SMOKE OR HAZE
[NO. OF DAYS WITH] [WEATHER - DAYS WITH] 9 = BLOWING SNOW
X = TORNADO
MAX 32 OR BELOW: 0 0.01 INCH OR MORE: 6
MAX 90 OR ABOVE: 7 0.10 INCH OR MORE: 3
MIN 32 OR BELOW: 0 0.50 INCH OR MORE: 0
MIN 0 OR BELOW: 0 1.00 INCH OR MORE: 0
[HDD (BASE 65) ]
TOTAL THIS MO. 6 CLEAR (SCALE 0-3) 19
DPTR FM NORMAL M PTCLDY (SCALE 4-7) 12
TOTAL FM JUL 1 1082 CLOUDY (SCALE 8-10) 0
DPTR FM NORMAL M
[CDD (BASE 65) ]
TOTAL THIS MO. 292
DPTR FM NORMAL M [PRESSURE DATA]
TOTAL FM JAN 1 642 HIGHEST SLP 30.28 ON 14
DPTR FM NORMAL M LOWEST SLP 29.78 ON 19
[REMARKS]
#FINAL-05-20#