000
CXUS54 KEWX 011010
CF6ECU
PRELIMINARY LOCAL CLIMATOLOGICAL DATA (WS FORM: F-6)
STATION: Edwards County Airport
MONTH: OCTOBER
YEAR: 2020
LATITUDE: 29 57 N
LONGITUDE: 100 10 W
TEMPERATURE IN F: :PCPN: SNOW: WIND :SUNSHINE: SKY :PK WND
================================================================================
1 2 3 4 5 6A 6B 7 8 9 10 11 12 13 14 15 16 17 18
12Z AVG MX 2MIN
DY MAX MIN AVG DEP HDD CDD WTR SNW DPTH SPD SPD DIR MIN PSBL S-S WX SPD DR
================================================================================
1 86 59 73 M 0 8 0.00 M M 5.2 8 150 M M 0 13 160
2 81 55 68 M 0 3 0.00 M M 7.8 13 170 M M 3 20 170
3 82 59 71 M 0 6 0.00 M M 12.0 17 160 M M 5 22 180
4 84 59 72 M 0 7 0.00 M M 5.2 12 130 M M 2 15 150
5 84 57 71 M 0 6 0.00 M M 8.0 15 180 M M 0 16 160
6 86 59 73 M 0 8 0.00 M M 8.9 13 180 M M 1 15 170
7 88 63 76 M 0 11 0.00 M M 5.9 9 150 M M 4 16 150
8 86 61 74 M 0 9 0.00 M M 5.2 9 130 M M 2 M M
9 88 63 76 M 0 11 0.00 M M 3.9 8 350 M M 3 12 M M
10 93 64 79 M 0 14 0.00 M M 7.0 12 160 M M 0 14 99
11 95 66 81 M 0 16 0.00 M M 8.5 13 180 M M 0 18 190
12 84 66 75 M 0 10 0.00 M M 8.2 14 20 M M 1 18 22 20
13 84 61 73 M 0 8 0.00 M M 6.7 12 150 M M 4 15 99
14 88 64 76 M 0 11 0.00 M M 9.7 14 170 M M 2 1 20 170
15 81 63 72 M 0 7 0.00 M M 10.6 15 360 M M 2 1 22 360
16 73 55 64 M 1 0 0.00 M M 10.5 17 50 M M 2 25 50
17 77 54 66 M 0 1 0.00 M M 13.5 21 160 M M 5 12 25 170
18 88 63 76 M 0 11 0.00 M M 12.9 17 150 M M 2 1 22 160
19 84 70 77 M 0 12 0.00 M M 11.6 16 140 M M 5 1 22 150
20 84 70 77 M 0 12 0.00 M M 15.2 20 150 M M 6 28 170
21 82 66 74 M 0 9 0.00 M M 13.1 17 140 M M 6 24 150
22 82 68 75 M 0 10 0.00 M M 13.6 18 160 M M 5 25 150
23 81 48 65 M 0 0 0.00 M M 12.1 16 10 M M 8 1 27 10
24 73 46 60 M 5 0 0.00 M M 7.0 12 160 M M 6 17 10
25 79 55 67 M 0 2 0.00 M M 11.8 17 170 M M 5 1 22 150
26 72 34 53 M 12 0 0.05 M M 13.2 20 30 M M 10 1 29 20
27 34 32 33 M 32 0 0.21 M M 12.5 18 320 M M 10 1 24 320
28 55 32 44 M 21 0 0.01 M M 15.9 20 310 M M 4 1 30 330
29 61 45 53 M 12 0 0.00 M M 16.1 33 310 M M 2 40 310
30 68 43 56 M 9 0 0.00 M M 5.7 9 70 M M 0 12 150
31 73 45 59 M 6 0 0.00 M M 8.0 14 170 M M 0 20 170
================================================================================
SM 2456 1745 98 192 0.27 M 305.5 M 105
================================================================================
AV 79.2 56.3 9.9 FASTST M M 3 MAX(MPH)
MISC ----> # 33 310 # 40 310
================================================================================
NOTES:
# LAST OF SEVERAL OCCURRENCES
COLUMN 17 PEAK WIND IN M.P.H.
PRELIMINARY LOCAL CLIMATOLOGICAL DATA (WS FORM: F-6) , PAGE 2
STATION: Edwards County Airport
MONTH: OCTOBER
YEAR: 2020
LATITUDE: 29 57 N
LONGITUDE: 100 10 W
[TEMPERATURE DATA] [PRECIPITATION DATA] SYMBOLS USED IN COLUMN 16
AVERAGE MONTHLY: 67.8 TOTAL FOR MONTH: 0.27 1 = FOG OR MIST
DPTR FM NORMAL: M DPTR FM NORMAL: M 2 = FOG REDUCING VISIBILITY
HIGHEST: 95 ON 11 GRTST 24HR 0.21 ON 27-27 TO 1/4 MILE OR LESS
LOWEST: 32 ON 28,27 3 = THUNDER
SNOW, ICE PELLETS, HAIL 4 = ICE PELLETS
TOTAL MONTH: M 5 = HAIL
GRTST 24HR M ON M 6 = FREEZING RAIN OR DRIZZLE
GRTST DEPTH: M ON M 7 = DUSTSTORM OR SANDSTORM:
VSBY 1/2 MILE OR LESS
8 = SMOKE OR HAZE
[NO. OF DAYS WITH] [WEATHER - DAYS WITH] 9 = BLOWING SNOW
X = TORNADO
MAX 32 OR BELOW: 0 0.01 INCH OR MORE: 3
MAX 90 OR ABOVE: 2 0.10 INCH OR MORE: 1
MIN 32 OR BELOW: 2 0.50 INCH OR MORE: 0
MIN 0 OR BELOW: 0 1.00 INCH OR MORE: 0
[HDD (BASE 65) ]
TOTAL THIS MO. 98 CLEAR (SCALE 0-3) 16
DPTR FM NORMAL M PTCLDY (SCALE 4-7) 12
TOTAL FM JUL 1 110 CLOUDY (SCALE 8-10) 3
DPTR FM NORMAL M
[CDD (BASE 65) ]
TOTAL THIS MO. 192
DPTR FM NORMAL M [PRESSURE DATA]
TOTAL FM JAN 1 2522 HIGHEST SLP M ON M
DPTR FM NORMAL M LOWEST SLP M ON M
[REMARKS]
#FINAL-10-20#