006
CXUS53 KGJT 011433
CLAEEO
CLIMATE REPORT
NATIONAL WEATHER SERVICE GRAND JUNCTION CO
642 AM MST WED JAN 1 2020
...................................
...THE MEEKER CO CLIMATE SUMMARY FOR THE YEAR OF 2019...
CLIMATE NORMAL PERIOD 1981 TO 2010
CLIMATE RECORD PERIOD 9999 TO 9999
WEATHER OBSERVED NORMAL DEPART LAST YEAR`S
VALUE DATE(S) VALUE FROM VALUE DATE(S)
NORMAL
................................................................
TEMPERATURE (F)
RECORD
HIGH MM MM
LOW MM MM
HIGHEST 93 09/02 MM MM 97 08/12
07/19
07/08
LOWEST -26 01/02 MM MM -14 12/29
AVG. MAXIMUM 58.1 58.9 -0.8 62.5
AVG. MINIMUM 27.4 28.3 -0.9 30.2
MEAN 42.7 43.6 -0.9 46.3
DAYS MAX >= 90 22 13.4 8.6 42
DAYS MAX <= 32 42 39.5 2.5 23
DAYS MIN <= 32 215 205.6 9.4 191
DAYS MIN <= 0 30 25.2 4.8 12
PRECIPITATION (INCHES)
RECORD
MAXIMUM MM MM
MINIMUM MM MM
TOTALS 15.79 16.06 -0.27 14.32
DAILY AVG. 0.04 0.04 0.00 0.04
DAYS >= .01 120 MM MM 85
DAYS >= .10 54 MM MM 48
DAYS >= .50 3 MM MM 6
DAYS >= 1.00 1 MM MM 0
GREATEST
24 HR. TOTAL 1.61 MM
SNOWFALL (INCHES)
RECORDS
TOTAL MM MM
24 HR TOTAL MM
SNOW DEPTH MM MM
TOTALS MM MM MM MM
LIQUID EQUIV MM MM MM MM
SINCE 7/1 MM MM MM MM
LIQUID 7/1 MM MM MM MM
SNOWDEPTH AVG. MM MM MM MM
DAYS >= TRACE MM MM MM MM
DAYS >= 1.0 MM MM MM MM
GREATEST
SNOW DEPTH MM MM MM
24 HR TOTAL MM MM
STORM TOTAL MM MM
DEGREE_DAYS
HEATING TOTAL 8221 7974 247 7077
SINCE 7/1 3321 3289 32 3184
COOLING TOTAL 213 171 42 395
SINCE 1/1 213 172 41 395
FREEZE DATES
RECORD
EARLIEST MM
LATEST MM
EARLIEST MM
LATEST MM
.................................................................
WIND (MPH)
AVERAGE WIND SPEED 5.2
RESULTANT WIND SPEED/DIRECTION 1/196
HIGHEST WIND SPEED/DIRECTION 44/220 DATE 09/29
HIGHEST GUST SPEED/DIRECTION 69/290 DATE 08/17
SKY COVER
POSSIBLE SUNSHINE (PERCENT) MM
AVERAGE SKY COVER 0.30
NUMBER OF DAYS FAIR 229
NUMBER OF DAYS PC 74
NUMBER OF DAYS CLOUDY 61
AVERAGE RH (PERCENT) 58
WEATHER CONDITIONS. NUMBER OF DAYS WITH
THUNDERSTORM 43 MIXED PRECIP 0
HEAVY RAIN 17 RAIN 32
LIGHT RAIN 100 FREEZING RAIN 0
LT FREEZING RAIN 1 HAIL 0
HEAVY SNOW 8 SNOW 31
LIGHT SNOW 85 SLEET 0
FOG 104 FOG W/VIS <= 1/4 MILE 13
HAZE 25
- INDICATES NEGATIVE NUMBERS.
R INDICATES RECORD WAS SET OR TIED.
MM INDICATES DATA IS MISSING.
T INDICATES TRACE AMOUNT.
$$