000
CXUS54 KBMX 020755
CF6EET
PRELIMINARY LOCAL CLIMATOLOGICAL DATA (WS FORM: F-6)
STATION: SHELBY COUNTY AIRPORT
MONTH: SEPTEMBER
YEAR: 2021
LATITUDE: 33 10 N
LONGITUDE: 86 47 W
TEMPERATURE IN F: :PCPN: SNOW: WIND :SUNSHINE: SKY :PK WND
================================================================================
1 2 3 4 5 6A 6B 7 8 9 10 11 12 13 14 15 16 17 18
12Z AVG MX 2MIN
DY MAX MIN AVG DEP HDD CDD WTR SNW DPTH SPD SPD DIR MIN PSBL S-S WX SPD DR
================================================================================
1 90 71 81 2 0 16 0.71 0.0 0 4.2 23 300 M M 3 123 34 310
2 88 69 79 0 0 14 0.00 0.0 0 2.6 9 350 M M 4 12 13 350
3 86 67 77 -2 0 12 0.00 0.0 M 2.1 9 140 M M 0 13 140
4 86 65 76 -3 0 11 0.00 0.0 M 1.5 7 50 M M 0 11 120
5 89 67 78 0 0 13 0.00 0.0 0 2.7 10 200 M M 2 8 13 220
6 85 72 79 1 0 14 0.03 0.0 0 1.3 9 320 M M 7 138 13 310
7 87 71 79 1 0 14 0.00 0.0 0 2.0 8 200 M M 5 1 12 230
8 86 72 79 1 0 14 T 0.0 0 1.8 8 250 M M 4 13 11 220
9 84 64 74 -4 0 9 0.00 0.0 0 4.1 14 320 M M 2 1 20 10
10 83 60 72 -5 0 7 0.00 0.0 M 2.0 8 10 M M 0 13 60
11 86 63 75 -2 0 10 0.00 0.0 M 2.4 10 130 M M 1 15 150
12 88 67 78 1 0 13 0.00 0.0 0 2.6 12 170 M M 2 15 170
13 86 70 78 1 0 13 0.31 0.0 0 1.8 12 170 M M 4 1 15 180
14 80 71 76 0 0 11 0.03 0.0 0 0.8 6 170 M M 7 1 7 170
15 74 70 72 -4 0 7 0.20 0.0 0 2.6 8 120 M M 9 1 14 90
16 78 70 74 -2 0 9 0.11 0.0 0 3.5 9 90 M M 9 1 14 110
17 84 73 79 3 0 14 0.01 0.0 0 3.0 12 150 M M 9 1 15 150
18 79 72 76 1 0 11 1.31 0.0 M 0.4 8 170 M M 7 13 11 180
19 80 72 76 1 0 11 0.36 0.0 0 2.2 9 110 M M 9 1 14 100
20 86 72 79 4 0 14 0.01 0.0 0 2.0 8 180 M M 7 1 12 170
21 86 73 80 6 0 15 0.05 0.0 0 1.6 9 320 M M 7 1 15 310
22 74 59 67 -7 0 2 T 0.0 0 6.4 18 310 M M 5 1 27 310
23 73 53 63 -11 2 0 0.00 0.0 0 3.4 15 310 M M 0 23 310
24 76 51 64 -10 1 0 0.00 0.0 0 1.8 9 330 M M 0 15 310
25 79 54 67 -6 0 2 0.00 0.0 0 1.3 9 310 M M 0 14 310
26 82 56 69 -4 0 4 0.00 0.0 0 1.2 8 310 M M 0 10 300
27 83 58 71 -1 0 6 0.00 0.0 0 1.2 7 180 M M 0 18 11 240
28 85 61 73 1 0 8 0.00 0.0 0 1.2 8 150 M M 1 1 11 170
29 86 65 76 4 0 11 0.00 0.0 0 0.9 7 140 M M 2 18 11 140
30 81 68 75 3 0 10 0.00 0.0 0 0.9 6 230 M M 0 1 9 160
================================================================================
SM 2490 1976 3 295 3.13 0.0 65.5 M 106
================================================================================
AV 83.0 65.9 2.2 FASTST M M 4 MAX(MPH)
MISC ----> 23 300 34 310
================================================================================
NOTES:
# LAST OF SEVERAL OCCURRENCES
COLUMN 17 PEAK WIND IN M.P.H.
PRELIMINARY LOCAL CLIMATOLOGICAL DATA (WS FORM: F-6) , PAGE 2
STATION: SHELBY COUNTY AIRPORT
MONTH: SEPTEMBER
YEAR: 2021
LATITUDE: 33 10 N
LONGITUDE: 86 47 W
[TEMPERATURE DATA] [PRECIPITATION DATA] SYMBOLS USED IN COLUMN 16
AVERAGE MONTHLY: 74.4 TOTAL FOR MONTH: 3.13 1 = FOG OR MIST
DPTR FM NORMAL: -1.4 DPTR FM NORMAL: -0.44 2 = FOG REDUCING VISIBILITY
HIGHEST: 90 ON 1 GRTST 24HR 1.38 ON 18-19 TO 1/4 MILE OR LESS
LOWEST: 51 ON 24 3 = THUNDER
SNOW, ICE PELLETS, HAIL 4 = ICE PELLETS
TOTAL MONTH: 0.0 INCH 5 = HAIL
GRTST 24HR 0.0 6 = FREEZING RAIN OR DRIZZLE
GRTST DEPTH: 0 7 = DUSTSTORM OR SANDSTORM:
VSBY 1/2 MILE OR LESS
8 = SMOKE OR HAZE
[NO. OF DAYS WITH] [WEATHER - DAYS WITH] 9 = BLOWING SNOW
X = TORNADO
MAX 32 OR BELOW: 0 0.01 INCH OR MORE: 11
MAX 90 OR ABOVE: 1 0.10 INCH OR MORE: 6
MIN 32 OR BELOW: 0 0.50 INCH OR MORE: 2
MIN 0 OR BELOW: 0 1.00 INCH OR MORE: 1
[HDD (BASE 65) ]
TOTAL THIS MO. 3 CLEAR (SCALE 0-3) 16
DPTR FM NORMAL -1 PTCLDY (SCALE 4-7) 10
TOTAL FM JUL 1 3 CLOUDY (SCALE 8-10) 4
DPTR FM NORMAL 1
[CDD (BASE 65) ]
TOTAL THIS MO. 295
DPTR FM NORMAL -33 [PRESSURE DATA]
TOTAL FM JAN 1 1860 HIGHEST SLP 30.26 ON 12
DPTR FM NORMAL -203 LOWEST SLP 29.75 ON 1
[REMARKS]
#FINAL-09-21#