000
CXUS54 KSHV 180914
CF6ELD
PRELIMINARY LOCAL CLIMATOLOGICAL DATA (WS FORM: F-6)
STATION: EL DORADO
MONTH: AUGUST
YEAR: 2022
LATITUDE: 33 13 N
LONGITUDE: 92 49 W
TEMPERATURE IN F: :PCPN: SNOW: WIND :SUNSHINE: SKY :PK WND
================================================================================
1 2 3 4 5 6A 6B 7 8 9 10 11 12 13 14 15 16 17 18
12Z AVG MX 2MIN
DY MAX MIN AVG DEP HDD CDD WTR SNW DPTH SPD SPD DIR MIN PSBL S-S WX SPD DR
================================================================================
1 90 75 83 0 0 18 0.01 0.0 0 5.2 18 140 M M 3 13 23 140
2 95 74 85 2 0 20 0.00 0.0 0 6.3 18 140 M M 1 24 140
3 96 74 85 2 0 20 T 0.0 0 6.2 29 160 M M 3 3 37 160
4 90 73 82 -1 0 17 0.00 0.0 0 4.6 13 160 M M 1 17 160
5 93 74 84 1 0 19 0.00 0.0 0 5.4 14 150 M M 1 18 150
6 94 72 83 0 0 18 0.00 0.0 0 6.8 15 120 M M 2 3 22 90
7 94 73 84 1 0 19 0.00 0.0 0 3.9 10 140 M M 1 14 140
8 96 71 84 1 0 19 0.01 0.0 0 5.2 15 210 M M 1 38 23 220
9 89 70 80 -3 0 15 0.82 0.0 0 3.6 24 320 M M 3 13 33 320
10 92 71 82 0 0 17 0.16 0.0 0 2.6 25 340 M M 4 13 31 330
11 87 71 79 -3 0 14 0.40 0.0 0 3.3 23 40 M M 5 138 31 60
12 93 70 82 0 0 17 T 0.0 0 5.5 15 40 M M 1 18 60
13 92 69 81 -1 0 16 0.00 0.0 0 3.8 13 50 M M 0 15 70
14 95 69 82 0 0 17 0.00 0.0 0 2.1 10 120 M M 0 14 150
15 98 75 87 5 0 22 0.00 0.0 0 3.5 13 250 M M 1 18 220
16 98 72 85 3 0 20 0.00 0.0 0 3.7 13 230 M M 0 16 220
17 85 73 79 -3 0 14 T 0.0 0 5.9 13 40 M M 4 16 20
18 80 70 75 -7 0 10 0.83 0.0 0 3.6 9 40 M M 8 1 15 30
19 88 69 79 -3 0 14 0.00 0.0 0 2.5 10 160 M M 5 1 15 140
20 91 73 82 0 0 17 T 0.0 0 5.5 22 190 M M 4 29 180
21 83 71 77 -5 0 12 0.02 0.0 0 4.9 12 140 M M 5 18 14 200
22 76 72 74 -7 0 9 1.90 0.0 0 6.4 13 110 M M 10 1 15 110
23 77 71 74 -7 0 9 3.20 0.0 0 7.7 14 90 M M 10 1 18 90
24 83 71 77 -4 0 12 0.12 0.0 0 6.8 14 50 M M 10 1 20 40
25 85 71 78 -3 0 13 0.00 0.0 0 4.9 10 50 M M 8 1 14 40
26 88 72 80 -1 0 15 0.00 0.0 0 4.2 13 110 M M 4 12 15 120
27 90 71 81 0 0 16 0.00 0.0 0 4.5 13 150 M M 2 12 16 160
28 92 73 83 3 0 18 T 0.0 0 5.5 14 180 M M 3 1 18 190
29 92 72 82 2 0 17 0.02 0.0 0 5.2 13 220 M M 2 13 18 230
30 93 72 83 3 0 18 0.00 0.0 0 2.0 15 220 M M 2 21 220
31 95 70 83 3 0 18 0.00 0.0 0 1.4 7 310 M M 1 1 11 270
================================================================================
SM 2790 2224 0 500 7.49 0.0 142.7 M 105
================================================================================
AV 90.0 71.7 4.6 FASTST M M 3 MAX(MPH)
MISC ----> 29 160 37 160
================================================================================
NOTES:
# LAST OF SEVERAL OCCURRENCES
COLUMN 17 PEAK WIND IN M.P.H.
PRELIMINARY LOCAL CLIMATOLOGICAL DATA (WS FORM: F-6) , PAGE 2
STATION: EL DORADO
MONTH: AUGUST
YEAR: 2022
LATITUDE: 33 13 N
LONGITUDE: 92 49 W
[TEMPERATURE DATA] [PRECIPITATION DATA] SYMBOLS USED IN COLUMN 16
AVERAGE MONTHLY: 80.9 TOTAL FOR MONTH: 7.49 1 = FOG OR MIST
DPTR FM NORMAL: -0.9 DPTR FM NORMAL: 4.09 2 = FOG REDUCING VISIBILITY
HIGHEST: 98 ON 16,15 GRTST 24HR 3.47 ON 22-23 TO 1/4 MILE OR LESS
LOWEST: 69 ON 19,13 3 = THUNDER
SNOW, ICE PELLETS, HAIL 4 = ICE PELLETS
TOTAL MONTH: 0.0 INCH 5 = HAIL
GRTST 24HR 0.0 6 = FREEZING RAIN OR DRIZZLE
GRTST DEPTH: 0 7 = DUSTSTORM OR SANDSTORM:
VSBY 1/2 MILE OR LESS
8 = SMOKE OR HAZE
[NO. OF DAYS WITH] [WEATHER - DAYS WITH] 9 = BLOWING SNOW
X = TORNADO
MAX 32 OR BELOW: 0 0.01 INCH OR MORE: 11
MAX 90 OR ABOVE: 20 0.10 INCH OR MORE: 7
MIN 32 OR BELOW: 0 0.50 INCH OR MORE: 4
MIN 0 OR BELOW: 0 1.00 INCH OR MORE: 2
[HDD (BASE 65) ]
TOTAL THIS MO. 0 CLEAR (SCALE 0-3) 19
DPTR FM NORMAL 0 PTCLDY (SCALE 4-7) 9
TOTAL FM JUL 1 0 CLOUDY (SCALE 8-10) 3
DPTR FM NORMAL 0
[CDD (BASE 65) ]
TOTAL THIS MO. 500
DPTR FM NORMAL -22 [PRESSURE DATA]
TOTAL FM JAN 1 1950 HIGHEST SLP 30.17 ON 7
DPTR FM NORMAL 115 LOWEST SLP 29.83 ON 27
[REMARKS]
#FINAL-08-22#