904
CXUS54 KSHV 040432
CF6ELD
PRELIMINARY LOCAL CLIMATOLOGICAL DATA (WS FORM: F-6)
STATION: EL DORADO
MONTH: OCTOBER
YEAR: 2020
LATITUDE: 33 13 N
LONGITUDE: 92 49 W
TEMPERATURE IN F: :PCPN: SNOW: WIND :SUNSHINE: SKY :PK WND
================================================================================
1 2 3 4 5 6A 6B 7 8 9 10 11 12 13 14 15 16 17 18
12Z AVG MX 2MIN
DY MAX MIN AVG DEP HDD CDD WTR SNW DPTH SPD SPD DIR MIN PSBL S-S WX SPD DR
================================================================================
1 77 54 66 -3 0 1 0.00 0.0 0 4.7 15 40 M M 0 18 24 30
2 73 48 61 -7 4 0 0.00 0.0 0 4.1 13 360 M M 0 1 16 20
3 74 46 60 -8 5 0 0.00 0.0 0 2.7 13 140 M M 0 17 140
4 77 51 64 -4 1 0 0.00 0.0 0 4.4 12 330 M M 1 1 15 20
5 72 46 59 -8 6 0 0.00 0.0 0 3.2 13 40 M M 0 17 30
6 79 44 62 -5 3 0 0.00 0.0 0 1.1 7 20 M M 0 1 10 50
7 84 46 65 -2 0 0 0.00 0.0 0 1.4 7 110 M M 0 1 11 90
8 73 56 65 -1 0 0 0.03 0.0 0 2.6 12 100 M M 5 1 15 100
9 70 66 68 2 0 3 0.77 0.0 0 7.3 16 30 M M 9 1 25 30
10 80 67 74 8 0 9 0.56 0.0 0 9.1 22 310 M M 10 1 32 320
11 85 62 74 9 0 9 0.00 0.0 0 2.2 9 290 M M 0 1 13 300
12 83 54 69 4 0 4 0.00 0.0 0 4.9 15 320 M M 4 1 20 240
13 77 47 62 -3 3 0 0.00 0.0 0 2.5 10 40 M M 0 1 13 50
14 80 45 63 -1 2 0 0.00 0.0 0 3.5 10 190 M M 0 14 180
15 67 54 61 -3 4 0 0.22 0.0 0 5.9 17 20 M M 8 12 26 20
16 68 44 56 -8 9 0 T 0.0 0 5.4 15 40 M M 3 20 40
17 73 41 57 -6 8 0 0.00 0.0 0 5.9 15 160 M M 5 19 160
18 82 61 72 9 0 7 0.00 0.0 0 7.1 16 160 M M 6 22 150
19 83 69 76 13 0 11 0.00 0.0 0 6.5 13 170 M M 5 1 16 170
20 86 63 75 13 0 10 0.00 0.0 0 3.2 13 150 M M 3 12 17 130
21 86 59 73 11 0 8 0.00 0.0 0 2.7 10 160 M M 0 1 14 170
22 86 60 73 11 0 8 0.00 0.0 0 3.2 12 110 M M 1 1 16 120
23 79 54 67 5 0 2 0.90 0.0 0 6.1 18 180 M M 7 13 29 170
24 54 49 52 -9 13 0 T 0.0 0 5.8 15 10 M M 10 1 21 20
25 56 49 53 -8 12 0 0.00 0.0 0 3.9 9 50 M M 10 1 14 20
26 63 52 58 -3 7 0 0.01 0.0 0 8.4 14 50 M M 10 1 18 50
27 57 52 55 -5 10 0 0.00 0.0 0 6.9 13 60 M M 10 1 15 20
28 60 48 54 -6 11 0 1.37 0.0 0 7.4 14 250 M M 10 12 21 270
29 51 41 46 -14 19 0 T 0.0 0 8.2 21 260 M M 9 1 29 240
30 63 40 52 -7 13 0 0.00 0.0 0 4.9 15 50 M M 1 20 40
31 67 38 53 -6 12 0 0.00 0.0 0 1.2 8 160 M M 0 10 210
================================================================================
SM 2265 1606 142 72 3.86 0.0 146.4 M 127
================================================================================
AV 73.1 51.8 4.7 FASTST M M 4 MAX(MPH)
MISC ----> # 22 310 # 32 320
================================================================================
NOTES:
# LAST OF SEVERAL OCCURRENCES
COLUMN 17 PEAK WIND IN M.P.H.
PRELIMINARY LOCAL CLIMATOLOGICAL DATA (WS FORM: F-6) , PAGE 2
STATION: EL DORADO
MONTH: OCTOBER
YEAR: 2020
LATITUDE: 33 13 N
LONGITUDE: 92 49 W
[TEMPERATURE DATA] [PRECIPITATION DATA] SYMBOLS USED IN COLUMN 16
AVERAGE MONTHLY: 62.4 TOTAL FOR MONTH: 3.86 1 = FOG OR MIST
DPTR FM NORMAL: -1.4 DPTR FM NORMAL: -1.33 2 = FOG REDUCING VISIBILITY
HIGHEST: 86 ON 22,21 GRTST 24HR 1.37 ON 28-28 TO 1/4 MILE OR LESS
LOWEST: 38 ON 31 3 = THUNDER
SNOW, ICE PELLETS, HAIL 4 = ICE PELLETS
TOTAL MONTH: 0.0 INCH 5 = HAIL
GRTST 24HR 0.0 6 = FREEZING RAIN OR DRIZZLE
GRTST DEPTH: 0 7 = DUSTSTORM OR SANDSTORM:
VSBY 1/2 MILE OR LESS
8 = SMOKE OR HAZE
[NO. OF DAYS WITH] [WEATHER - DAYS WITH] 9 = BLOWING SNOW
X = TORNADO
MAX 32 OR BELOW: 0 0.01 INCH OR MORE: 7
MAX 90 OR ABOVE: 0 0.10 INCH OR MORE: 5
MIN 32 OR BELOW: 0 0.50 INCH OR MORE: 4
MIN 0 OR BELOW: 0 1.00 INCH OR MORE: 1
[HDD (BASE 65) ]
TOTAL THIS MO. 142 CLEAR (SCALE 0-3) 16
DPTR FM NORMAL 21 PTCLDY (SCALE 4-7) 7
TOTAL FM JUL 1 144 CLOUDY (SCALE 8-10) 8
DPTR FM NORMAL 11
[CDD (BASE 65) ]
TOTAL THIS MO. 72
DPTR FM NORMAL -12 [PRESSURE DATA]
TOTAL FM JAN 1 2111 HIGHEST SLP 30.38 ON 16
DPTR FM NORMAL 0 LOWEST SLP 29.59 ON 10
[REMARKS]
#FINAL-10-20#