000
CXUS54 KSHV 011400
CF6ELD
PRELIMINARY LOCAL CLIMATOLOGICAL DATA (WS FORM: F-6)
STATION: EL DORADO
MONTH: NOVEMBER
YEAR: 2020
LATITUDE: 33 13 N
LONGITUDE: 92 49 W
TEMPERATURE IN F: :PCPN: SNOW: WIND :SUNSHINE: SKY :PK WND
================================================================================
1 2 3 4 5 6A 6B 7 8 9 10 11 12 13 14 15 16 17 18
12Z AVG MX 2MIN
DY MAX MIN AVG DEP HDD CDD WTR SNW DPTH SPD SPD DIR MIN PSBL S-S WX SPD DR
================================================================================
1 71 41 56 -3 9 0 0.00 0.0 0 4.8 16 360 M M 0 1 24 360
2 63 36 50 -8 15 0 0.00 0.0 0 2.6 10 70 M M 0 14 30
3 72 36 54 -4 11 0 0.00 0.0 0 1.5 9 230 M M 0 12 190
4 75 38 57 -1 8 0 0.00 0.0 0 2.0 12 170 M M 0 14 170
5 75 42 59 1 6 0 0.00 0.0 0 2.1 10 190 M M 0 1 14 170
6 75 41 58 1 7 0 0.00 0.0 0 2.1 12 50 M M 0 1 14 110
7 77 49 63 6 2 0 0.00 0.0 0 1.6 10 110 M M 4 12 13 110
8 77 56 67 10 0 2 0.00 0.0 0 5.0 12 110 M M 6 12 17 110
9 82 65 74 18 0 9 0.00 0.0 0 7.6 14 90 M M 6 19 110
10 79 61 70 14 0 5 0.00 0.0 0 3.9 12 180 M M 4 12 15 220
11 72 48 60 4 5 0 0.00 0.0 0 6.1 13 20 M M 3 12 16 340
12 73 41 57 2 8 0 0.00 0.0 0 2.6 8 60 M M 0 12 30
13 72 49 61 6 4 0 0.00 0.0 0 4.9 13 40 M M 3 17 350
14 79 49 64 10 1 0 T 0.0 0 9.2 18 160 M M 5 25 200
15 73 38 56 2 9 0 0.24 0.0 0 6.2 28 310 M M 2 18 38 320
16 68 34 51 -3 14 0 0.00 0.0 0 1.1 8 130 M M 0 12 110
17 70 36 53 -1 12 0 0.00 0.0 0 3.4 16 80 M M 0 18 21 80
18 69 35 52 -1 13 0 0.00 0.0 0 3.0 12 110 M M 0 16 120
19 73 38 56 3 9 0 0.00 0.0 0 6.2 14 160 M M 0 18 150
20 76 51 64 12 1 0 0.00 0.0 0 3.7 10 160 M M 3 12 13 140
21 77 51 64 12 1 0 0.00 0.0 0 1.5 10 200 M M 4 12 14 200
22 68 49 59 7 6 0 0.02 0.0 0 5.8 15 10 M M 7 12 22 30
23 60 39 50 -1 15 0 0.00 0.0 0 5.7 15 70 M M 2 19 60
24 69 38 54 3 11 0 0.01 0.0 0 7.2 21 160 M M 6 1 29 160
25 69 40 55 4 10 0 0.69 0.0 0 7.0 29 250 M M 2 13 45 230
26 68 35 52 2 13 0 0.00 0.0 0 2.6 10 80 M M 0 1 14 70
27 62 50 56 6 9 0 0.00 0.0 0 4.4 9 10 M M 8 12 30
28 56 45 51 1 14 0 0.00 0.0 0 5.9 13 40 M M 1 17 40
29 48 42 45 -4 20 0 0.50 0.0 0 6.7 17 320 M M 9 1 23 330
30 50 28 39 -10 26 0 0.00 0.0 0 8.1 20 320 M M 1 26 320
================================================================================
SM 2098 1301 259 16 1.46 0.0 134.5 M 76
================================================================================
AV 69.9 43.4 4.5 FASTST M M 3 MAX(MPH)
MISC ----> 29 250 45 230
================================================================================
NOTES:
# LAST OF SEVERAL OCCURRENCES
COLUMN 17 PEAK WIND IN M.P.H.
PRELIMINARY LOCAL CLIMATOLOGICAL DATA (WS FORM: F-6) , PAGE 2
STATION: EL DORADO
MONTH: NOVEMBER
YEAR: 2020
LATITUDE: 33 13 N
LONGITUDE: 92 49 W
[TEMPERATURE DATA] [PRECIPITATION DATA] SYMBOLS USED IN COLUMN 16
AVERAGE MONTHLY: 56.7 TOTAL FOR MONTH: 1.46 1 = FOG OR MIST
DPTR FM NORMAL: 2.8 DPTR FM NORMAL: -3.43 2 = FOG REDUCING VISIBILITY
HIGHEST: 82 ON 9 GRTST 24HR 0.70 ON 24-25 TO 1/4 MILE OR LESS
LOWEST: 28 ON 30 3 = THUNDER
SNOW, ICE PELLETS, HAIL 4 = ICE PELLETS
TOTAL MONTH: 0.0 INCH 5 = HAIL
GRTST 24HR 0.0 6 = FREEZING RAIN OR DRIZZLE
GRTST DEPTH: 0 7 = DUSTSTORM OR SANDSTORM:
VSBY 1/2 MILE OR LESS
8 = SMOKE OR HAZE
[NO. OF DAYS WITH] [WEATHER - DAYS WITH] 9 = BLOWING SNOW
X = TORNADO
MAX 32 OR BELOW: 0 0.01 INCH OR MORE: 5
MAX 90 OR ABOVE: 0 0.10 INCH OR MORE: 3
MIN 32 OR BELOW: 1 0.50 INCH OR MORE: 2
MIN 0 OR BELOW: 0 1.00 INCH OR MORE: 0
[HDD (BASE 65) ]
TOTAL THIS MO. 259 CLEAR (SCALE 0-3) 19
DPTR FM NORMAL -87 PTCLDY (SCALE 4-7) 10
TOTAL FM JUL 1 403 CLOUDY (SCALE 8-10) 1
DPTR FM NORMAL -78
[CDD (BASE 65) ]
TOTAL THIS MO. 16
DPTR FM NORMAL 1 [PRESSURE DATA]
TOTAL FM JAN 1 2127 HIGHEST SLP 30.57 ON 2
DPTR FM NORMAL 1 LOWEST SLP 29.79 ON 14
[REMARKS]
#FINAL-11-20#